{"id":80,"date":"2025-07-17T12:55:19","date_gmt":"2025-07-17T10:55:19","guid":{"rendered":"https:\/\/webs.uab.cat\/dynsys\/?page_id=80"},"modified":"2025-07-17T18:37:49","modified_gmt":"2025-07-17T16:37:49","slug":"collaborators-visits","status":"publish","type":"page","link":"https:\/\/webs.uab.cat\/dynsys\/collaborators-visits\/","title":{"rendered":"Collaborators &amp; Visits"},"content":{"rendered":"\n<h2 class=\"wp-block-heading\">University Research Visits<\/h2>\n\n\n\n<p><strong>2025<\/strong><\/p>\n\n\n\n<ul class=\"wp-block-list\">\n<li>Armengol Gasull. Universitat de les Illes Balears, Palma de Mallorca (Spain), January 12-25, 2025.<\/li>\n\n\n\n<li>Joan Torregrosa. Universitat de Sao Paulo, Sao Carlos (Brazil), May 11 &#8211; 5 June, 2025.<\/li>\n\n\n\n<li>Joan Torregrosa. Universitat Estadual de Sao Paulo, Sao Jose do Rio Preto (Brazil), April 13 &#8211; May 11, 2025.<\/li>\n\n\n\n<li>Joan Torregrosa. Universitat Federal de Goi\u00e1s, Goiania (Brazil), April 5-13, 2025.<\/li>\n\n\n\n<li>Joan Torregrosa. Universitat de les Illes Balears, Palma de Mallorca (Spain), April 11-26, 2025.<\/li>\n<\/ul>\n\n\n\n<p><strong>2024<\/strong><\/p>\n\n\n\n<ul class=\"wp-block-list\">\n<li>Armengol Gasull. Universitat de les Illes Balears, Palma de Mallorca (Spain), January, 18 &#8211; February, 1, 2024.<\/li>\n\n\n\n<li>David Juher. Institut de Math\u00e9matiques de Marseille, Marseille (France), February, 26 &#8211; March, 1, 2024.<\/li>\n\n\n\n<li>Jaume Llibre. Universidade de Sao Paulo, S\u00e3o Paulo (Brasil), October 2 &#8211; December 6, 2024.<\/li>\n\n\n\n<li>Jaume Llibre. Shanghai Jiao-Tong University, Shanghai (China), September 24 &#8211; October 24, 2024.<\/li>\n\n\n\n<li>Jaume Llibre. Universitat de Lleida, Lleida (Spain), September 17-19, 2024.<\/li>\n\n\n\n<li>Jaume Llibre. Universitat de Lleida, Lleida (Spain), June, 19-20, 2024.<\/li>\n\n\n\n<li>Jaume Llibre. Universidad Aut\u00f3noma Metropolitana, Iztapalapa (Mexico), February, 18-25, 2024.<\/li>\n\n\n\n<li>Jaume Llibre. Universidad Ju\u00e1rez Aut\u00f3noma de Tabasco, Tabasco (Mexico), February 25 &#8211; March 3, 2024.<\/li>\n\n\n\n<li>Jaume Llibre. IMUS, Universidad de Sevilla, Sevilla (Spain), March, 11-16, 2024.<\/li>\n\n\n\n<li>Jaume Llibre. Universidad de Zaragoza, Zaragoza (Spain), March, 21, 2024.<\/li>\n\n\n\n<li>David Rojas. Universidad de Oviedo, Oviedo (Spain), May, 6-11, 2024.<\/li>\n\n\n\n<li>David Rojas. Institut de Math\u00e9matiques de Marseille, Marseille (France), February, 26 &#8211; March, 1, 2024.<\/li>\n\n\n\n<li>Joan Torregrosa. Universitat de Lleida, Lleida (Spain), July, 22-25, 2024.<\/li>\n\n\n\n<li>Joan Torregrosa. Universidade Estadual Paulista, Sao Jos\u00e9 do Rio Preto (Brazil), May, 3 &#8211; July, 2, 2024.<\/li>\n\n\n\n<li>Joan Torregrosa. Universidade de Sao Paulo, Sao Carlos (Brazil), April, 4 &#8211; May, 3, 2024.<\/li>\n\n\n\n<li>Joan Torregrosa. Universitat de les Illes Balears, Palma de Mallorca (Spain), March, 10-21, 2024.<\/li>\n<\/ul>\n\n\n\n<p><strong>2023<\/strong><\/p>\n\n\n\n<ul class=\"wp-block-list\">\n<li>Judit Chamorro. Universitat de Vic. July, 10, 2023.<\/li>\n\n\n\n<li>Armengol Gasull. Universidade Estadual Paulista J\u00falio de Mesquida Filho, S\u00e3o Jos\u00e9 do Rio Preto (Brazil), October, 28 &#8211; November, 10, 2023.<\/li>\n\n\n\n<li>Jaume Llibre. Shanghai Jiao Tong University, Shanghai (China), September, 18 &#8211; October, 22, 2023.<\/li>\n\n\n\n<li>Jaume Llibre. Universidade de Sao Paulo, Sao Carlos (Brazil), November, 5-27, 2023.<\/li>\n\n\n\n<li>David Rojas. Universidad de Granada, Granada (Spain), May, 21-27, 2023.<\/li>\n\n\n\n<li>Joan Torregrosa. Universitat de les Illes Balears, Palma de Mallorca (Spain), May, 20 &#8211; June, 5, 2023.<\/li>\n\n\n\n<li>Joan Torregrosa. Universidade de Sao Paulo, Sao Carlos (Brazil), April, 10 &#8211; May, 5th, 2023.<\/li>\n\n\n\n<li>Joan Torregrosa. Universidade Estadual Paulista, Sao Jos\u00e9 do Rio Preto (Brazil), March, 4 &#8211; April 10, 2023.<\/li>\n<\/ul>\n\n\n\n<p><strong>2022<\/strong><\/p>\n\n\n\n<ul class=\"wp-block-list\">\n<li>Armengol Gasull. Universidad de Murcia, Murcia (Spain), September, 26-30, 2022.<\/li>\n\n\n\n<li>Armengol Gasull. Unviersidad de la Rioja, Logro\u00f1o (Spain), June, 13-17, 2022.<\/li>\n\n\n\n<li>Jaume Llibre. Universidade de Sao Paulo, Sao Carlos (Brazil), October, 16 &#8211; November, 2, 11-24, 2022.<\/li>\n\n\n\n<li>Jaume Llibre. Universidade de Campinas, Campinas, SP, Brazil, November, 2-6, 2022.<\/li>\n\n\n\n<li>Jaume Llibre. Universidade de Sao Paulo, Ribeir\u00e3o Preto (Brazil), November, 7-10, 2022.<\/li>\n\n\n\n<li>Joan Torregrosa. Universidade de Sao Paulo, April, 4 &#8211; June, 3, 2022.<\/li>\n<\/ul>\n\n\n\n<h2 class=\"wp-block-heading\">Visits of Collaborators<\/h2>\n\n\n\n<p><strong>Algeria<\/strong><\/p>\n\n\n\n<ul class=\"wp-block-list\">\n<li>Mohamed Grazem University of Boumerdes Bourmedes<\/li>\n\n\n\n<li>Tayeb Salhi Universit\u00e9 de Bordj Bou Arr\u00e8ridj El Anceur<\/li>\n\n\n\n<li>Amar Makhlouf Universit\u00e9 d&#8217;Annaba Annaba<\/li>\n<\/ul>\n\n\n\n<p><strong>Belgium<\/strong><\/p>\n\n\n\n<ul class=\"wp-block-list\">\n<li>Melvin Yeung Hasselt University Hasselt<\/li>\n<\/ul>\n\n\n\n<p><strong>Brazil<\/strong><\/p>\n\n\n\n<ul class=\"wp-block-list\">\n<li>Francisco Bruno Gomes da Silva Universidade Estadual de Campinas Campinas<\/li>\n\n\n\n<li>Bruno Domiciano Lopes Universidade Estadual Paulista S\u00e3o Jos\u00e9 do Rio Preto<\/li>\n\n\n\n<li>Claudio Buzzi Universidade Estadual Paulista S\u00e3o Jos\u00e9 do Rio Preto<\/li>\n\n\n\n<li>Claudio G. Pessoa Universidade Estadual Paulista S\u00e3o Jos\u00e9 do Rio Preto<\/li>\n\n\n\n<li>Marcio R. A. Gouveia Universidade Estadual Paulista S\u00e3o Jos\u00e9 do Rio Preto<\/li>\n\n\n\n<li>Paulo Ricardo da Silva Universidade Estadual Paulista S\u00e3o Jos\u00e9 do Rio Preto<\/li>\n\n\n\n<li>Paulo Henrique Reis Santana Universidade Estadual Paulista S\u00e3o Jos\u00e9 do Rio Preto<\/li>\n\n\n\n<li>Leonardo Pereira Serantola Universidade Estadual Paulista S\u00e3o Jos\u00e9 do Rio Preto<\/li>\n\n\n\n<li>Gabriel Alexis Rond\u00f3n Vielma Universidade Estadual Paulista S\u00e3o Jos\u00e9 do Rio Preto<\/li>\n\n\n\n<li>Lucas Queiroz Arakaki Universidade Estadual Paulista S\u00e3o Jos\u00e9 do Rio Preto<\/li>\n\n\n\n<li>Angela Tunubal\u00e1 Universidade Federal de Goi\u00e1s Goi\u00e1nia<\/li>\n\n\n\n<li>Leandro Afonso da Silva Universidade Estadual de Campinas Campinas<\/li>\n\n\n\n<li>Gerardo H. Anacona Erazo Universidade Federal de Goi\u00e1s Goi\u00e1nia<\/li>\n\n\n\n<li>Rodrigo Donizete Euz\u00e9bio Universidade Federal de Goi\u00e1s Goi\u00e1nia<\/li>\n\n\n\n<li>Marina Andrade Domingues Universidade Federal de Itajub\u00e1 Itajub\u00e1<\/li>\n\n\n\n<li>Luis Fernando Mello Universidade Federal de Itajub\u00e1 Itajub\u00e1<\/li>\n\n\n\n<li>Camila A. B. Rodrigues Universidade Federal de Santa Catarina Florian\u00f3polis<\/li>\n\n\n\n<li>Paulo D.P. Machado Universidade Federal de Sao Carlos Sao Carlos<\/li>\n\n\n\n<li>Raul Felipe Appis Universidade Federal de S\u00e3o Carlos S\u00e3o Carlos<\/li>\n\n\n\n<li>Francisco Braun Universidade Federal de S\u00e3o Carlos S\u00e3o Carlos<\/li>\n\n\n\n<li>Mauricio F.S. Lima Universidade Federal do ABC S\u00e3o Paulo<\/li>\n\n\n\n<li>Durval Jose Tonon Universidade Federal de Goi\u00e1s Goi\u00e1nia<\/li>\n\n\n\n<li>Douglas D. Novaes Universidade Estadual de Campinas Campinas<\/li>\n\n\n\n<li>Joyce Aparecida Casimiro Universidade Estadual de Campinas Campinas<\/li>\n\n\n\n<li>Tiago de Carvalho Universidade de S\u00e3o Paulo Riberao Preto<\/li>\n\n\n\n<li>Leandro J. N. Bacelar Universidade de S\u00e3o Paulo S\u00e3o Carlos<\/li>\n\n\n\n<li>Ot\u00e1vio P\u00e9rez Universidade de Sao Paulo Sao Carlos<\/li>\n\n\n\n<li>Tiago Miguel Pires de Abreu Universidade Estadual de Campinas Campinas<\/li>\n<\/ul>\n\n\n\n<p><strong>Canada<\/strong><\/p>\n\n\n\n<ul class=\"wp-block-list\">\n<li>Dana Schlomiuk Universit\u00e9 de Montr\u00e9al Montr\u00e9al<\/li>\n<\/ul>\n\n\n\n<p><strong>Chile<\/strong><\/p>\n\n\n\n<ul class=\"wp-block-list\">\n<li>M. Elisa Anacleto Hoyos Universidad del B\u00edo-B\u00edo Concepci\u00f3n<\/li>\n\n\n\n<li>Claudio Vidal Universidad del B\u00edo-B\u00edo Concepci\u00f3n<\/li>\n\n\n\n<li>Salomon Rebollo-Perdomo Universidad del B\u00edo-B\u00edo Concepci\u00f3n<\/li>\n\n\n\n<li>Yohanna Paulina Martinez Mancilla Universidad del B\u00edo-B\u00edo Concepci\u00f3n<\/li>\n\n\n\n<li>Johanna D. Garc\u00eda Salda\u00f1a Universidad Cat\u00f3lica de la Sant\u00edsima Concepci\u00f3n Concepci\u00f3n<\/li>\n<\/ul>\n\n\n\n<p><strong>China<\/strong><\/p>\n\n\n\n<ul class=\"wp-block-list\">\n<li>Yingtao Li Chengdu University of Technology Chengdu (Sichuan)<\/li>\n\n\n\n<li>Xianbo Sun Hangzhou Normal University Hangzhou<\/li>\n\n\n\n<li>Guanfeng Dong Jinan University Jinan<\/li>\n\n\n\n<li>Haichaio Xiong Sichuan University Sichuan<\/li>\n\n\n\n<li>Dongping He Sichuan University Sichuan<\/li>\n\n\n\n<li>Yulin Zhao Sun Yat-sen University Guangzhou<\/li>\n\n\n\n<li>Hui Zeng Sun Yat-Sen University Guangzhou<\/li>\n\n\n\n<li>Renhao Tian Sun Yat-sen University Zhuahi<\/li>\n<\/ul>\n\n\n\n<p><strong>France<\/strong><\/p>\n\n\n\n<ul class=\"wp-block-list\">\n<li>Jean-Marc Ginoux Univerisit\u00e9 du Sud Toulon Toulon<\/li>\n\n\n\n<li>Robert Roussarie Universit\u00e9 de Bourgogne Dijon<\/li>\n\n\n\n<li>Jerome Los Universit\u00e9 Aix-Marseille Marseille<\/li>\n<\/ul>\n\n\n\n<p><strong>Mexico<\/strong><\/p>\n\n\n\n<ul class=\"wp-block-list\">\n<li>Victor Castellanos Universidad Juarez Aut\u00f3noma de Tabasco Cunduac\u00e1n (Tabasco)<\/li>\n<\/ul>\n\n\n\n<p><strong>Moldova<\/strong><\/p>\n\n\n\n<ul class=\"wp-block-list\">\n<li>Nicolae Vulpe Academy of Sciences Chi\u015fin\u0103u<\/li>\n<\/ul>\n\n\n\n<p><strong>Portugal<\/strong><\/p>\n\n\n\n<ul class=\"wp-block-list\">\n<li>Claudia Valls Universidade Tecnica de Lisboa Lisboa<\/li>\n<\/ul>\n\n\n\n<p><strong>Slovenia<\/strong><\/p>\n\n\n\n<ul class=\"wp-block-list\">\n<li>Valery Romanovsky Maribor University Maribor<\/li>\n<\/ul>\n\n\n\n<p><strong>Spain<\/strong><\/p>\n\n\n\n<ul class=\"wp-block-list\">\n<li>Sebastian Buedo Fern\u00e1ndez Universidade de Santiago de Compostela Santiago de Compostela<\/li>\n\n\n\n<li>Salomon Rebollo-Perdomo Universitat de les Illes Balears Palma de Mallorca<\/li>\n\n\n\n<li>Enrique Ponce Universidad de Sevilla Sevilla<\/li>\n\n\n\n<li>Tomeu Coll Universitat de les Illes Balears Palma de Mallorca<\/li>\n\n\n\n<li>Antonio E Teruel Universitat de les Illes Balears Palma de Mallorca<\/li>\n\n\n\n<li>Maria Jes\u00fas \u00c0lvarez Universitat de les Illes Balears Palma de Mallorca<\/li>\n\n\n\n<li>Daniel Cao Labora Universidade de Santiago de Compostela Santiago de Compostela<\/li>\n\n\n\n<li>Rafael Ortega Universidad de Granada Granada<\/li>\n\n\n\n<li>Rafel Prohens Universitat de les Illes Balears Palma de Mallorca<\/li>\n<\/ul>\n\n\n\n<p><strong>USA<\/strong><\/p>\n\n\n\n<ul class=\"wp-block-list\">\n<li>Marc Chamberland Grinnell College Grinnell (Iowa)<\/li>\n<\/ul>\n\n\n\n<p><strong>Uruguay<\/strong><\/p>\n\n\n\n<ul class=\"wp-block-list\">\n<li>Jorge Groisman Universidad de la Rep\u00fablica Montevideo<\/li>\n<\/ul>\n","protected":false},"excerpt":{"rendered":"<p>University Research Visits 2025 2024 2023 2022 Visits of Collaborators Algeria Belgium Brazil Canada Chile China France Mexico Moldova Portugal Slovenia Spain USA Uruguay<\/p>\n","protected":false},"author":46,"featured_media":0,"parent":0,"menu_order":50,"comment_status":"closed","ping_status":"closed","template":"","meta":{"footnotes":""},"class_list":["post-80","page","type-page","status-publish","hentry"],"_links":{"self":[{"href":"https:\/\/webs.uab.cat\/dynsys\/wp-json\/wp\/v2\/pages\/80","targetHints":{"allow":["GET"]}}],"collection":[{"href":"https:\/\/webs.uab.cat\/dynsys\/wp-json\/wp\/v2\/pages"}],"about":[{"href":"https:\/\/webs.uab.cat\/dynsys\/wp-json\/wp\/v2\/types\/page"}],"author":[{"embeddable":true,"href":"https:\/\/webs.uab.cat\/dynsys\/wp-json\/wp\/v2\/users\/46"}],"replies":[{"embeddable":true,"href":"https:\/\/webs.uab.cat\/dynsys\/wp-json\/wp\/v2\/comments?post=80"}],"version-history":[{"count":6,"href":"https:\/\/webs.uab.cat\/dynsys\/wp-json\/wp\/v2\/pages\/80\/revisions"}],"predecessor-version":[{"id":94,"href":"https:\/\/webs.uab.cat\/dynsys\/wp-json\/wp\/v2\/pages\/80\/revisions\/94"}],"wp:attachment":[{"href":"https:\/\/webs.uab.cat\/dynsys\/wp-json\/wp\/v2\/media?parent=80"}],"curies":[{"name":"wp","href":"https:\/\/api.w.org\/{rel}","templated":true}]}}