{"id":2,"date":"2023-09-21T10:59:45","date_gmt":"2023-09-21T08:59:45","guid":{"rendered":"https:\/\/webs.uab.cat\/e2device\/?page_id=2"},"modified":"2023-10-31T12:26:07","modified_gmt":"2023-10-31T10:26:07","slug":"pagina-exemple","status":"publish","type":"page","link":"https:\/\/webs.uab.cat\/e2device\/pagina-exemple\/","title":{"rendered":"SGR E2DEVICE"},"content":{"rendered":"\n<p>Activitat de recerca del grup SGR e2device<\/p>\n\n\n\n<blockquote class=\"wp-block-quote is-layout-flow wp-block-quote-is-layout-flow\">\n<p>Caracteritzaci\u00f3 de dispositius MOS, Thin Film Transistors, Memristors, i altres dispositius i tecnologies emergents.<\/p>\n\n\n\n<p>Caracteritzaci\u00f3 a la nano escala de materials i dispositius micros i nano electr\u00f2nics.<\/p>\n\n\n\n<p>Simulaci\u00f3 i modelat de dispositius electr\u00f2nics per a comunicacions.<\/p>\n<\/blockquote>\n\n\n\n<p><\/p>\n\n\n\n<blockquote class=\"wp-block-quote is-layout-flow wp-block-quote-is-layout-flow\">\n<p><\/p>\n<\/blockquote>\n\n\n\n<p><\/p>\n","protected":false},"excerpt":{"rendered":"<p>Activitat de recerca del grup SGR e2device Caracteritzaci\u00f3 de dispositius MOS, Thin Film Transistors, Memristors, i altres dispositius i tecnologies emergents. Caracteritzaci\u00f3 a la nano escala de materials i dispositius micros i nano electr\u00f2nics. Simulaci\u00f3 i modelat de dispositius electr\u00f2nics per a comunicacions.<\/p>\n","protected":false},"author":2758,"featured_media":0,"parent":0,"menu_order":0,"comment_status":"closed","ping_status":"open","template":"","meta":{"footnotes":""},"class_list":["post-2","page","type-page","status-publish","hentry"],"_links":{"self":[{"href":"https:\/\/webs.uab.cat\/e2device\/wp-json\/wp\/v2\/pages\/2","targetHints":{"allow":["GET"]}}],"collection":[{"href":"https:\/\/webs.uab.cat\/e2device\/wp-json\/wp\/v2\/pages"}],"about":[{"href":"https:\/\/webs.uab.cat\/e2device\/wp-json\/wp\/v2\/types\/page"}],"author":[{"embeddable":true,"href":"https:\/\/webs.uab.cat\/e2device\/wp-json\/wp\/v2\/users\/2758"}],"replies":[{"embeddable":true,"href":"https:\/\/webs.uab.cat\/e2device\/wp-json\/wp\/v2\/comments?post=2"}],"version-history":[{"count":3,"href":"https:\/\/webs.uab.cat\/e2device\/wp-json\/wp\/v2\/pages\/2\/revisions"}],"predecessor-version":[{"id":12,"href":"https:\/\/webs.uab.cat\/e2device\/wp-json\/wp\/v2\/pages\/2\/revisions\/12"}],"wp:attachment":[{"href":"https:\/\/webs.uab.cat\/e2device\/wp-json\/wp\/v2\/media?parent=2"}],"curies":[{"name":"wp","href":"https:\/\/api.w.org\/{rel}","templated":true}]}}