{"id":127,"date":"2018-09-25T08:34:44","date_gmt":"2018-09-25T08:34:44","guid":{"rendered":"https:\/\/webs.uab.cat\/easit\/universitat-autonoma-de-barcelona\/"},"modified":"2024-05-16T08:57:12","modified_gmt":"2024-05-16T08:57:12","slug":"universitat-autonoma-de-barcelona","status":"publish","type":"page","link":"https:\/\/webs.uab.cat\/easit\/universitat-autonoma-de-barcelona\/","title":{"rendered":"Universitat Aut\u00f2noma de Barcelona"},"content":{"rendered":"\n<script src=\"https:\/\/cdn-eu.readspeaker.com\/script\/10610\/webReader\/webReader.js?pids=wr\" type=\"text\/javascript\" id=\"rs_req_Init\"><\/script>\n\n\n<div class=\"rs_skip rsbtn rs_preserve\" id=\"readspeaker_button1\">\n  <a rel=\"nofollow\" class=\"rsbtn_play\" title=\"Escolteu aquesta plana utilitzant ReadSpeaker webReader\" href=\"https:\/\/app-eu.readspeaker.com\/cgi-bin\/rsent?customerid=10610&amp;lang=ca_es&amp;readid=READIDbarcelonaCA&amp;url=https:\/\/webs.uab.cat\/easit\/universitat-autonoma-de-barcelona\/\">\n  <span class=\"rsbtn_left rsimg rspart\"><span class=\"rsbtn_text\"><span>Escoltar<\/span><\/span><\/span>\n        <span class=\"rsbtn_right rsimg rsplay rspart\"><\/span>\n    <\/a>\n<\/div><p>&nbsp;<\/p>\n<div id=\"READIDbarcelonaCA\">\n<p><strong>Universitat Aut\u00f2noma de Barcelona<\/strong><\/p>\n<p>La Universitat Aut\u00f2noma de Barcelona<\/p>\n<p>\u00e9s una Universitat\u00a0de Barcelona, a Espanya.<\/p>\n<p>La nostra Universitat ofereix molts programes d&rsquo;estudis.<\/p>\n<p>A la nostra Universitat tamb\u00e9 hi ha molts grups\u00a0<\/p>\n<p>que investiguen\u00a0temes diferents.<\/p>\n<p>TransMedia Catalonia \u00e9s un d&rsquo;aquests grups.<\/p>\n<p>\u00a0<\/p>\n<p>La Universitat Aut\u00f2noma de Barcelona dirigeix el projecte EASIT.<\/p>\n<p>7 persones de la Universitat Aut\u00f2noma de Barcelona treballen a\u00a0EASIT.<\/p>\n<p>Anna Matamala est\u00e0 al c\u00e0rrec del projecte.<\/p>\n<p>Ella \u00e9s la<strong>\u00a0coordinadora del projecte<\/strong>.<\/p>\n<p>\u00a0<\/p>\n<p>Carme Mangiron est\u00e0 al c\u00e0rrec de la\u00a0qualitat\u00a0del\u00a0projecte.<\/p>\n<p>Ella \u00e9s la<strong>\u00a0gestora de qualitat<\/strong>.<\/p>\n<p>Carme Mangiron tamb\u00e9 est\u00e0 al c\u00e0rrec de\u00a0fer que la gent<\/p>\n<p>conegui el projecte.<\/p>\n<p>Ella \u00e9s la\u00a0<strong>gestora de\u00a0<\/strong><strong>disseminaci\u00f3<\/strong>.<\/p>\n<p>\u00a0<\/p>\n<p>Paloma S\u00e1nchez est\u00e0 al c\u00e0rrec dels\u00a0documents i dels diners del projecte.<\/p>\n<p>Ella \u00e9s la\u00a0<strong>gestora de<\/strong>\u00a0<strong>projecte<\/strong>.<\/p>\n<p>\u00a0<\/p>\n<p>Anna Fern\u00e1ndez Torn\u00e9, Blanca\u00a0Arias, Olga Soler i Pilar Orero<\/p>\n<p>ajuden en el projecte.<\/p>\n<p>S\u00f3n investigadores.<\/p>\n<p>&nbsp;<\/p>\n<p><strong>Qui ha escrit aquesta informaci\u00f3?<\/strong><\/p>\n<p>Anna Matamala ha escrit aquest text.<\/p>\n<p>Anna Matamala treballa a la Universitat Aut\u00f2noma de Barcelona.<\/p>\n<p>Pots enviar-li un correu electr\u00f2nic<\/p>\n<p>si tens preguntes sobre la Universitat.<\/p>\n<p>La seva adre\u00e7a de correu electr\u00f2nic \u00e9s:\u00a0<a href=\"mailto:anna.matamala@uab.cat\">anna.matamala@uab.cat<\/a><\/p>\n<\/div>\n","protected":false},"excerpt":{"rendered":"<p>Escoltar &nbsp; Universitat Aut\u00f2noma de Barcelona La Universitat Aut\u00f2noma de Barcelona \u00e9s una Universitat\u00a0de Barcelona, a Espanya. La nostra Universitat ofereix molts programes d&rsquo;estudis. A la nostra Universitat tamb\u00e9 hi ha molts grups\u00a0 que investiguen\u00a0temes diferents. TransMedia Catalonia \u00e9s un d&rsquo;aquests grups. \u00a0 La Universitat Aut\u00f2noma de Barcelona dirigeix el projecte EASIT. 7 persones de [&hellip;]<\/p>\n","protected":false},"author":20,"featured_media":0,"parent":0,"menu_order":0,"comment_status":"closed","ping_status":"closed","template":"","meta":{"footnotes":""},"class_list":["post-127","page","type-page","status-publish","hentry"],"_links":{"self":[{"href":"https:\/\/webs.uab.cat\/easit\/wp-json\/wp\/v2\/pages\/127","targetHints":{"allow":["GET"]}}],"collection":[{"href":"https:\/\/webs.uab.cat\/easit\/wp-json\/wp\/v2\/pages"}],"about":[{"href":"https:\/\/webs.uab.cat\/easit\/wp-json\/wp\/v2\/types\/page"}],"author":[{"embeddable":true,"href":"https:\/\/webs.uab.cat\/easit\/wp-json\/wp\/v2\/users\/20"}],"replies":[{"embeddable":true,"href":"https:\/\/webs.uab.cat\/easit\/wp-json\/wp\/v2\/comments?post=127"}],"version-history":[{"count":1,"href":"https:\/\/webs.uab.cat\/easit\/wp-json\/wp\/v2\/pages\/127\/revisions"}],"predecessor-version":[{"id":4037,"href":"https:\/\/webs.uab.cat\/easit\/wp-json\/wp\/v2\/pages\/127\/revisions\/4037"}],"wp:attachment":[{"href":"https:\/\/webs.uab.cat\/easit\/wp-json\/wp\/v2\/media?parent=127"}],"curies":[{"name":"wp","href":"https:\/\/api.w.org\/{rel}","templated":true}]}}