{"id":139,"date":"2018-09-25T10:04:49","date_gmt":"2018-09-25T10:04:49","guid":{"rendered":"https:\/\/webs.uab.cat\/easit\/acte-6\/"},"modified":"2024-06-19T11:28:21","modified_gmt":"2024-06-19T11:28:21","slug":"acte-6","status":"publish","type":"page","link":"https:\/\/webs.uab.cat\/easit\/acte-6\/","title":{"rendered":"Acte 6"},"content":{"rendered":"\n<script src=\"https:\/\/cdn-eu.readspeaker.com\/script\/10610\/webReader\/webReader.js?pids=wr\" type=\"text\/javascript\" id=\"rs_req_Init\"><\/script>\n\n\n<div class=\"rs_skip rsbtn rs_preserve\" id=\"readspeaker_button1\">\n  <a rel=\"nofollow\" class=\"rsbtn_play\" title=\"Escolteu aquesta plana utilitzant ReadSpeaker webReader\" href=\"https:\/\/app-eu.readspeaker.com\/cgi-bin\/rsent?customerid=10610&amp;lang=ca_es&amp;readid=READIDact6CA&amp;url=https:\/\/webs.uab.cat\/easit\/acte-6\/\">\n  <span class=\"rsbtn_left rsimg rspart\"><span class=\"rsbtn_text\"><span>Escoltar<\/span><\/span><\/span>\n        <span class=\"rsbtn_right rsimg rsplay rspart\"><\/span>\n    <\/a>\n<\/div><p>&nbsp;<\/p>\n<div id=\"READIDact6CA\">\n<p>Pots descarregar el programa en angl\u00e8s\u00a0<strong><u><a href=\"https:\/\/webs.uab.cat\/easit\/wp-content\/uploads\/sites\/159\/2018\/09\/easit_rtv_slo_me_6_ljubljana-final-18062021.pdf\">aqu\u00ed<\/a><\/u><\/strong>.<\/p>\n<p>Pots descarregar les presentacions\u00a0<u><strong><a href=\"https:\/\/webs.uab.cat\/easit\/event-6-presentations\">aqu\u00ed<\/a><\/strong><\/u>.<\/p>\n<p>Pots descarregar l&rsquo;informe\u00a0<a href=\"https:\/\/ddd.uab.cat\/record\/247605\"><strong><u>aqu\u00ed<\/u><\/strong><\/a>.<\/p>\n<p>\u00a0<\/p>\n<p>Pots llegir un\u00a0<strong><u><a href=\"https:\/\/webs.uab.cat\/easit\/easy-summary-event-6\">resum f\u00e0cil de comprendre de l&rsquo;acte 6<\/a><\/u><\/strong>.<\/p>\n<p><br>\n  <a href=\"https:\/\/webs.uab.cat\/easit\/wp-content\/uploads\/sites\/159\/2022\/09\/easit-website-event6-ca.mp3\"><img loading=\"lazy\" decoding=\"async\" alt=\"Descarregar MP3\" height=\"21\" src=\"https:\/\/webs.uab.cat\/easit\/wp-content\/uploads\/sites\/159\/2018\/09\/file-music-download-audio-mp3-sound-44525_1-e1662452321417.png\" width=\"24\"><\/a><\/p>\n<p>&nbsp;<\/p>\n<p>L&rsquo;Acte 6\u00a0tindr\u00e0 lloc\u00a0<\/p>\n<p>a Ljubljana, a Eslov\u00e8nia.<\/p>\n<p>RTV Slovenija l&rsquo;organitzar\u00e0.<\/p>\n<p>\u00a0<\/p>\n<p>L&rsquo;Acte 6\u00a0ser\u00e0 al juny del\u00a02021.<\/p>\n<p>\u00a0<\/p>\n<p><strong>Qui hi haur\u00e0 a l&rsquo;acte?<\/strong><\/p>\n<p>Tots els socis d&rsquo;EASIT seran a l&rsquo;acte.<\/p>\n<p>Els socis d&rsquo;EASIT tamb\u00e9 convidaran persones<\/p>\n<p>interessades a fer contingut f\u00e0cil de comprendre.<\/p>\n<p>\u00a0<\/p>\n<p><strong>Qu\u00e8 farem a l&rsquo;acte?<\/strong><\/p>\n<p>Presentarem el Resultat 5 i el Resultat 6.<\/p>\n<p>Parlarem sobre el Resultat 5 i el Resultat 6.<\/p>\n<p>Pots llegir m\u00e9s informaci\u00f3 sobre el Resultat 5\u00a0<a href=\"https:\/\/webs.uab.cat\/easit\/resultat-5\/\" target=\"_blank\" rel=\"noopener\">aqu\u00ed<\/a>.<\/p>\n<p>Pots llegir m\u00e9s informaci\u00f3 sobre el Resultat 6\u00a0<a href=\"https:\/\/webs.uab.cat\/easit\/resultat-6\" target=\"_blank\" rel=\"noopener\">aqu\u00ed<\/a>.<\/p>\n<p>\u00a0<\/p>\n<p>Si vols saber m\u00e9s coses de l&rsquo;acte,<\/p>\n<p>pots enviar-li un correu electr\u00f2nic a Veronika Rot.<\/p>\n<p>Veronika Rot ha escrit aquesta informaci\u00f3.<\/p>\n<p>La seva adre\u00e7a de correu electr\u00f2nic \u00e9s:\u00a0<a href=\"mailto:anna.matamala@uab.cat\">V<\/a><a href=\"mailto:Veronika.Rot@rtvslo.si\">eronika.Rot@rtvslo.si<\/a><\/p>\n<\/div>\n","protected":false},"excerpt":{"rendered":"<p>Escoltar &nbsp; Pots descarregar el programa en angl\u00e8s\u00a0aqu\u00ed. Pots descarregar les presentacions\u00a0aqu\u00ed. Pots descarregar l&rsquo;informe\u00a0aqu\u00ed. \u00a0 Pots llegir un\u00a0resum f\u00e0cil de comprendre de l&rsquo;acte 6. &nbsp; L&rsquo;Acte 6\u00a0tindr\u00e0 lloc\u00a0 a Ljubljana, a Eslov\u00e8nia. RTV Slovenija l&rsquo;organitzar\u00e0. \u00a0 L&rsquo;Acte 6\u00a0ser\u00e0 al juny del\u00a02021. \u00a0 Qui hi haur\u00e0 a l&rsquo;acte? Tots els socis d&rsquo;EASIT seran a l&rsquo;acte. [&hellip;]<\/p>\n","protected":false},"author":20,"featured_media":0,"parent":0,"menu_order":0,"comment_status":"closed","ping_status":"closed","template":"","meta":{"footnotes":""},"class_list":["post-139","page","type-page","status-publish","hentry"],"_links":{"self":[{"href":"https:\/\/webs.uab.cat\/easit\/wp-json\/wp\/v2\/pages\/139","targetHints":{"allow":["GET"]}}],"collection":[{"href":"https:\/\/webs.uab.cat\/easit\/wp-json\/wp\/v2\/pages"}],"about":[{"href":"https:\/\/webs.uab.cat\/easit\/wp-json\/wp\/v2\/types\/page"}],"author":[{"embeddable":true,"href":"https:\/\/webs.uab.cat\/easit\/wp-json\/wp\/v2\/users\/20"}],"replies":[{"embeddable":true,"href":"https:\/\/webs.uab.cat\/easit\/wp-json\/wp\/v2\/comments?post=139"}],"version-history":[{"count":5,"href":"https:\/\/webs.uab.cat\/easit\/wp-json\/wp\/v2\/pages\/139\/revisions"}],"predecessor-version":[{"id":4133,"href":"https:\/\/webs.uab.cat\/easit\/wp-json\/wp\/v2\/pages\/139\/revisions\/4133"}],"wp:attachment":[{"href":"https:\/\/webs.uab.cat\/easit\/wp-json\/wp\/v2\/media?parent=139"}],"curies":[{"name":"wp","href":"https:\/\/api.w.org\/{rel}","templated":true}]}}