{"id":145,"date":"2018-09-25T08:42:59","date_gmt":"2018-09-25T08:42:59","guid":{"rendered":"https:\/\/webs.uab.cat\/easit\/resultat-6\/"},"modified":"2024-06-19T11:41:34","modified_gmt":"2024-06-19T11:41:34","slug":"resultat-6","status":"publish","type":"page","link":"https:\/\/webs.uab.cat\/easit\/resultat-6\/","title":{"rendered":"Resultat 6"},"content":{"rendered":"\n<script src=\"https:\/\/cdn-eu.readspeaker.com\/script\/10610\/webReader\/webReader.js?pids=wr\" type=\"text\/javascript\" id=\"rs_req_Init\"><\/script>\n\n\n<div class=\"rs_skip rsbtn rs_preserve\" id=\"readspeaker_button1\">\n  <a rel=\"nofollow\" class=\"rsbtn_play\" title=\"Escolteu aquesta plana utilitzant ReadSpeaker webReader\" href=\"https:\/\/app-eu.readspeaker.com\/cgi-bin\/rsent?customerid=10610&amp;lang=ca_es&amp;readid=READIDres6CA&amp;url=https:\/\/webs.uab.cat\/easit\/resultat-6\/\">\n  <span class=\"rsbtn_left rsimg rspart\"><span class=\"rsbtn_text\"><span>Escoltar<\/span><\/span><\/span>\n        <span class=\"rsbtn_right rsimg rsplay rspart\"><\/span>\n    <\/a>\n<\/div><p>&nbsp;<\/p>\n<div id=\"READIDres6CA\">\n<p>Pots descarregar el Resultat 6\u00a0<strong><u><a href=\"http:\/\/ddd.uab.cat\/record\/248864\">aqu\u00ed<\/a><\/u><\/strong>.<\/p>\n<p>\u00a0<\/p>\n<p>Destinataris principals:<\/p>\n<p>persones interessades<\/p>\n<p>en cursos de formaci\u00f3 certificada.<\/p>\n<p>\u00a0<\/p>\n<p>Pots llegir un\u00a0<strong><u><a href=\"https:\/\/webs.uab.cat\/easit\/ca\/content\/easy-summary-output-6\">resum f\u00e0cil de comprendre del Resultat 6<\/a><\/u><\/strong>.<\/p>\n<p><br>\n  <a href=\"https:\/\/webs.uab.cat\/easit\/wp-content\/uploads\/sites\/159\/2022\/09\/easit-website-output6-ca.mp3\"><img loading=\"lazy\" decoding=\"async\" alt=\"Descarregar MP3\" height=\"27\" src=\"https:\/\/webs.uab.cat\/easit\/wp-content\/uploads\/sites\/159\/2018\/09\/file-music-download-audio-mp3-sound-44525_1-e1662452321417.png\" width=\"30\"><\/a><\/p>\n<p>&nbsp;<\/p>\n<p><strong>Resultat 6. Certificaci\u00f3<\/strong><\/p>\n<p>EASIT proposar\u00e0 com\u00a0<strong>certificar<\/strong>\u00a0experts<\/p>\n<p>en informaci\u00f3 f\u00e0cil de comprendre.<\/p>\n<p>Per fer-ho, preguntarem<\/p>\n<p>com altres projectes certifiquen\u00a0experts.<\/p>\n<p><strong>Cert\u00a1ficar\u00a0<\/strong>vol dir donar un document<\/p>\n<p>que digui que saps fer una cosa.<\/p>\n<p>\u00a0<\/p>\n<p>No certificarem\u00a0els\u00a0experts.<\/p>\n<p>No els donarem\u00a0documents de certificaci\u00f3.<\/p>\n<p>Nom\u00e9s farem una proposta.<\/p>\n<p>\u00a0<\/p>\n<p>Si vols saber m\u00e9s coses sobre la certificaci\u00f3,<\/p>\n<p>pots enviar-li un correu electr\u00f2nic\u00a0a\u00a0Anna Matamala.<\/p>\n<p>Anna Matamala ha escrit aquesta informaci\u00f3.<\/p>\n<p>Ella est\u00e0 al c\u00e0rrec d&rsquo;aquest resultat.<\/p>\n<p>La seva adre\u00e7a de correu electr\u00f2nic \u00e9s:\u00a0<strong><u><a href=\"mailto:anna.matamala@uab.cat\">anna.matamala@uab.cat<\/a><\/u><\/strong><\/p>\n<\/div>\n","protected":false},"excerpt":{"rendered":"<p>Escoltar &nbsp; Pots descarregar el Resultat 6\u00a0aqu\u00ed. \u00a0 Destinataris principals: persones interessades en cursos de formaci\u00f3 certificada. \u00a0 Pots llegir un\u00a0resum f\u00e0cil de comprendre del Resultat 6. &nbsp; Resultat 6. Certificaci\u00f3 EASIT proposar\u00e0 com\u00a0certificar\u00a0experts en informaci\u00f3 f\u00e0cil de comprendre. Per fer-ho, preguntarem com altres projectes certifiquen\u00a0experts. Cert\u00a1ficar\u00a0vol dir donar un document que digui que saps [&hellip;]<\/p>\n","protected":false},"author":20,"featured_media":0,"parent":0,"menu_order":0,"comment_status":"closed","ping_status":"closed","template":"","meta":{"footnotes":""},"class_list":["post-145","page","type-page","status-publish","hentry"],"_links":{"self":[{"href":"https:\/\/webs.uab.cat\/easit\/wp-json\/wp\/v2\/pages\/145","targetHints":{"allow":["GET"]}}],"collection":[{"href":"https:\/\/webs.uab.cat\/easit\/wp-json\/wp\/v2\/pages"}],"about":[{"href":"https:\/\/webs.uab.cat\/easit\/wp-json\/wp\/v2\/types\/page"}],"author":[{"embeddable":true,"href":"https:\/\/webs.uab.cat\/easit\/wp-json\/wp\/v2\/users\/20"}],"replies":[{"embeddable":true,"href":"https:\/\/webs.uab.cat\/easit\/wp-json\/wp\/v2\/comments?post=145"}],"version-history":[{"count":3,"href":"https:\/\/webs.uab.cat\/easit\/wp-json\/wp\/v2\/pages\/145\/revisions"}],"predecessor-version":[{"id":4143,"href":"https:\/\/webs.uab.cat\/easit\/wp-json\/wp\/v2\/pages\/145\/revisions\/4143"}],"wp:attachment":[{"href":"https:\/\/webs.uab.cat\/easit\/wp-json\/wp\/v2\/media?parent=145"}],"curies":[{"name":"wp","href":"https:\/\/api.w.org\/{rel}","templated":true}]}}