{"id":810,"date":"2024-06-03T00:24:32","date_gmt":"2024-06-02T22:24:32","guid":{"rendered":"https:\/\/webs.uab.cat\/ecf4climcrisiecosocial\/?page_id=810"},"modified":"2025-01-30T15:12:45","modified_gmt":"2025-01-30T13:12:45","slug":"materials-de-difusio","status":"publish","type":"page","link":"https:\/\/webs.uab.cat\/ecf4climcrisiecosocial\/materials-de-difusio\/","title":{"rendered":"Materials de difusi\u00f3 (curs anterior 2023-2024)"},"content":{"rendered":"\n<p>Adjuntem un seguit de materials descarregables. <\/p>\n\n\n\n<p>Els cinc primers arxius varen ser elaborats entre els coordinadors del Cicle i els estudiants, els quals varen dur a terme les diferents tasques d&#8217;an\u00e0lisi ambiental (sempre preliminar). <\/p>\n\n\n\n<p>Els cinc \u00faltims descarregables son el conjunt de p\u00f2sters que recullen algunes idees que ens han suggerit les cinc confer\u00e8ncies principals del Cicle. <\/p>\n\n\n\n<div class=\"wp-block-file\"><a id=\"wp-block-file--media-2b1474f2-5831-40dd-b952-4416edcebc9c\" href=\"https:\/\/webs.uab.cat\/ecf4climcrisiecosocial\/wp-content\/uploads\/sites\/540\/2024\/06\/residus-2.png\">Infografia sobre l&#8217;estimaci\u00f3 de generaci\u00f3 de residus<\/a><a href=\"https:\/\/webs.uab.cat\/ecf4climcrisiecosocial\/wp-content\/uploads\/sites\/540\/2024\/06\/residus-2.png\" class=\"wp-block-file__button wp-element-button\" download aria-describedby=\"wp-block-file--media-2b1474f2-5831-40dd-b952-4416edcebc9c\">Baixa<\/a><\/div>\n\n\n\n<div class=\"wp-block-file\"><a id=\"wp-block-file--media-34041cec-f503-41f4-86ef-2cbda01a2d05\" href=\"https:\/\/webs.uab.cat\/ecf4climcrisiecosocial\/wp-content\/uploads\/sites\/540\/2024\/06\/lavabos.png\">Infografia sobre la tasca d&#8217;estudi del consum h\u00eddric als lavabos <\/a><a href=\"https:\/\/webs.uab.cat\/ecf4climcrisiecosocial\/wp-content\/uploads\/sites\/540\/2024\/06\/lavabos.png\" class=\"wp-block-file__button wp-element-button\" download aria-describedby=\"wp-block-file--media-34041cec-f503-41f4-86ef-2cbda01a2d05\">Baixa<\/a><\/div>\n\n\n\n<div class=\"wp-block-file\"><a id=\"wp-block-file--media-b1640fce-3534-4c6c-aba9-b55964a510d5\" href=\"https:\/\/webs.uab.cat\/ecf4climcrisiecosocial\/wp-content\/uploads\/sites\/540\/2024\/06\/cafeteria.png\">Infografia sobre l&#8217;an\u00e0lisi preliminar a dues cafeteries de la UAB<br><\/a><a href=\"https:\/\/webs.uab.cat\/ecf4climcrisiecosocial\/wp-content\/uploads\/sites\/540\/2024\/06\/cafeteria.png\" class=\"wp-block-file__button wp-element-button\" download aria-describedby=\"wp-block-file--media-b1640fce-3534-4c6c-aba9-b55964a510d5\">Baixa<\/a><\/div>\n\n\n\n<div class=\"wp-block-file\"><a id=\"wp-block-file--media-1e73d611-895d-4196-9b76-dc0b97302a3a\" href=\"https:\/\/webs.uab.cat\/ecf4climcrisiecosocial\/wp-content\/uploads\/sites\/540\/2024\/06\/qualitat.png\">Infografia sobre la tasca d&#8217;an\u00e0lisi de qualitat de l&#8217;aire al campus de la UAB<br><\/a><a href=\"https:\/\/webs.uab.cat\/ecf4climcrisiecosocial\/wp-content\/uploads\/sites\/540\/2024\/06\/qualitat.png\" class=\"wp-block-file__button wp-element-button\" download aria-describedby=\"wp-block-file--media-1e73d611-895d-4196-9b76-dc0b97302a3a\">Baixa<\/a><\/div>\n\n\n\n<div class=\"wp-block-file\"><a id=\"wp-block-file--media-11bc00e6-299c-4613-940d-ce047a7089d9\" href=\"https:\/\/webs.uab.cat\/ecf4climcrisiecosocial\/wp-content\/uploads\/sites\/540\/2024\/06\/Alimentacio.png\">Infografia amb els primers resultats de l&#8217;enquesta sobre h\u00e0bits alimentaris<\/a><a href=\"https:\/\/webs.uab.cat\/ecf4climcrisiecosocial\/wp-content\/uploads\/sites\/540\/2024\/06\/Alimentacio.png\" class=\"wp-block-file__button wp-element-button\" download aria-describedby=\"wp-block-file--media-11bc00e6-299c-4613-940d-ce047a7089d9\">Baixa<\/a><\/div>\n\n\n\n<div class=\"wp-block-file\"><a id=\"wp-block-file--media-c4311112-50a4-414b-8359-272e8ab57cff\" href=\"https:\/\/webs.uab.cat\/ecf4climcrisiecosocial\/wp-content\/uploads\/sites\/540\/2024\/06\/Ecofemi-1.png\">P\u00f2ster post-confer\u00e8ncia Just\u00edcia Clim\u00e0tica <\/a><a href=\"https:\/\/webs.uab.cat\/ecf4climcrisiecosocial\/wp-content\/uploads\/sites\/540\/2024\/06\/Ecofemi-1.png\" class=\"wp-block-file__button wp-element-button\" download aria-describedby=\"wp-block-file--media-c4311112-50a4-414b-8359-272e8ab57cff\">Baixa<\/a><\/div>\n\n\n\n<div class=\"wp-block-file\"><a id=\"wp-block-file--media-a46adddf-4626-430c-a8e6-4859188a3648\" href=\"https:\/\/webs.uab.cat\/ecf4climcrisiecosocial\/wp-content\/uploads\/sites\/540\/2024\/06\/Futur.png\">P\u00f2ster post-confer\u00e8ncia Imaginaris de Futur<\/a><a href=\"https:\/\/webs.uab.cat\/ecf4climcrisiecosocial\/wp-content\/uploads\/sites\/540\/2024\/06\/Futur.png\" class=\"wp-block-file__button wp-element-button\" download aria-describedby=\"wp-block-file--media-a46adddf-4626-430c-a8e6-4859188a3648\">Baixa<\/a><\/div>\n\n\n\n<div class=\"wp-block-file\"><a id=\"wp-block-file--media-1aa4f33d-dad2-4f14-805c-1535cd736246\" href=\"https:\/\/webs.uab.cat\/ecf4climcrisiecosocial\/wp-content\/uploads\/sites\/540\/2024\/06\/Alimentacio-1.png\">P\u00f2ster post-confer\u00e8ncia Alimentaci\u00f3<\/a><a href=\"https:\/\/webs.uab.cat\/ecf4climcrisiecosocial\/wp-content\/uploads\/sites\/540\/2024\/06\/Alimentacio-1.png\" class=\"wp-block-file__button wp-element-button\" download aria-describedby=\"wp-block-file--media-1aa4f33d-dad2-4f14-805c-1535cd736246\">Baixa<\/a><\/div>\n\n\n\n<div class=\"wp-block-file\"><a id=\"wp-block-file--media-35ab5bc5-9389-4083-bb2a-b7a564d7c9aa\" href=\"https:\/\/webs.uab.cat\/ecf4climcrisiecosocial\/wp-content\/uploads\/sites\/540\/2024\/06\/Migracio.png\">P\u00f2ster post-confer\u00e8ncia Migracions Clim\u00e0tiques <\/a><a href=\"https:\/\/webs.uab.cat\/ecf4climcrisiecosocial\/wp-content\/uploads\/sites\/540\/2024\/06\/Migracio.png\" class=\"wp-block-file__button wp-element-button\" download aria-describedby=\"wp-block-file--media-35ab5bc5-9389-4083-bb2a-b7a564d7c9aa\">Baixa<\/a><\/div>\n\n\n\n<div class=\"wp-block-file\"><a id=\"wp-block-file--media-41b5bde0-10d7-4fe1-bded-efde628126bd\" href=\"https:\/\/webs.uab.cat\/ecf4climcrisiecosocial\/wp-content\/uploads\/sites\/540\/2024\/06\/Residus-1.png\">P\u00f2ster post-confer\u00e8ncia Residus <\/a><a href=\"https:\/\/webs.uab.cat\/ecf4climcrisiecosocial\/wp-content\/uploads\/sites\/540\/2024\/06\/Residus-1.png\" class=\"wp-block-file__button wp-element-button\" download aria-describedby=\"wp-block-file--media-41b5bde0-10d7-4fe1-bded-efde628126bd\">Baixa<\/a><\/div>\n","protected":false},"excerpt":{"rendered":"<p>Adjuntem un seguit de materials descarregables. Els cinc primers arxius varen ser elaborats entre els coordinadors del Cicle i els estudiants, els quals varen dur a terme les diferents tasques d&#8217;an\u00e0lisi ambiental (sempre preliminar). Els cinc \u00faltims descarregables son el conjunt de p\u00f2sters que recullen algunes idees que ens han suggerit les cinc confer\u00e8ncies principals [&hellip;]<\/p>\n","protected":false},"author":2866,"featured_media":0,"parent":0,"menu_order":0,"comment_status":"closed","ping_status":"closed","template":"","meta":{"footnotes":""},"class_list":["post-810","page","type-page","status-publish","hentry"],"_links":{"self":[{"href":"https:\/\/webs.uab.cat\/ecf4climcrisiecosocial\/wp-json\/wp\/v2\/pages\/810","targetHints":{"allow":["GET"]}}],"collection":[{"href":"https:\/\/webs.uab.cat\/ecf4climcrisiecosocial\/wp-json\/wp\/v2\/pages"}],"about":[{"href":"https:\/\/webs.uab.cat\/ecf4climcrisiecosocial\/wp-json\/wp\/v2\/types\/page"}],"author":[{"embeddable":true,"href":"https:\/\/webs.uab.cat\/ecf4climcrisiecosocial\/wp-json\/wp\/v2\/users\/2866"}],"replies":[{"embeddable":true,"href":"https:\/\/webs.uab.cat\/ecf4climcrisiecosocial\/wp-json\/wp\/v2\/comments?post=810"}],"version-history":[{"count":2,"href":"https:\/\/webs.uab.cat\/ecf4climcrisiecosocial\/wp-json\/wp\/v2\/pages\/810\/revisions"}],"predecessor-version":[{"id":959,"href":"https:\/\/webs.uab.cat\/ecf4climcrisiecosocial\/wp-json\/wp\/v2\/pages\/810\/revisions\/959"}],"wp:attachment":[{"href":"https:\/\/webs.uab.cat\/ecf4climcrisiecosocial\/wp-json\/wp\/v2\/media?parent=810"}],"curies":[{"name":"wp","href":"https:\/\/api.w.org\/{rel}","templated":true}]}}