{"id":98,"date":"2010-01-21T13:43:18","date_gmt":"2010-01-21T11:43:18","guid":{"rendered":"https:\/\/webs.uab.cat\/economicgeography\/inici-2\/"},"modified":"2025-09-03T14:09:39","modified_gmt":"2025-09-03T12:09:39","slug":"inici-2","status":"publish","type":"page","link":"https:\/\/webs.uab.cat\/economicgeography\/","title":{"rendered":"Inici"},"content":{"rendered":"\n<p>El nostre grup de recerca en Geografia Econ\u00f2mica s&#8217;especialitza en l&#8217;an\u00e0lisi de les din\u00e0miques territorials des d&#8217;una perspectiva socioecon\u00f2mica. Ens centrem en espais urbans metropolitans i de ciutats mitjanes; en la comprensi\u00f3 del <strong>desenvolupament local<\/strong> i les seves derivades escalars, explorant la complexa interacci\u00f3 entre l&#8217;\u00e0mbit local i el regional; i en temes propis de la Geografia Industrial, que inclou la productiva, els serveis i les noves economies lligades amb la innovaci\u00f3, les noves tecnologies i la introducci\u00f3 de Long Language Models (LLM, Intel\u00b7lig\u00e8ncia Artificial).<\/p>\n\n\n\n<p>Investiguem a fons les <strong>economies alternatives<\/strong>, incloent l&#8217;economia social i les diverses formes d&#8217;organitzaci\u00f3 econ\u00f2mica proposades per autors com Gibson-Graham i Dobronski, posant \u00e8mfasi en les oportunitats que aquestes ofereixen per a nous models de treball i prosperitat.<\/p>\n\n\n\n<p>Un eix fonamental de la nostra recerca \u00e9s la interconnexi\u00f3 entre <strong>biodiversitat, planificaci\u00f3 urbana i qualitat de vida<\/strong>. Aquest enfocament, relativament nou en la Geografia Econ\u00f2mica, ens permet interpretar l&#8217;espai econ\u00f2mic a trav\u00e9s de la lent de la sostenibilitat, on la planificaci\u00f3 urbana esdev\u00e9 un instrument clau per abordar la relaci\u00f3 amb el canvi clim\u00e0tic.<\/p>\n\n\n\n<p>Addicionalment, el grup aborda tem\u00e0tiques clau com el <strong>sector terciari i els espais p\u00fablics<\/strong>. Analitzem el paper d&#8217;aquest sector en l&#8217;espai econ\u00f2mic i la planificaci\u00f3 urbana, considerant-ne les implicacions en el comer\u00e7 electr\u00f2nic (<em>e-commerce<\/em>) i l&#8217;impacte del <em>Big Data<\/em> i de la Intel\u00b7lig\u00e8ncia Artificial.<\/p>\n\n\n\n<p>Des d&#8217;una perspectiva microgeogr\u00e0fica, investiguem la <strong>mobilitat alternativa i la ciclodistribuci\u00f3<\/strong>. Estudiem com el transport i la mobilitat, conceptes cl\u00e0ssics de la Geografia Econ\u00f2mica, es transformen amb nous paradigmes que modifiquen les estructures laborals i els costos associats. Aquesta l\u00ednia de recerca tamb\u00e9 s&#8217;endinsa en el canvi cultural i social, oferint noves perspectives per a l&#8217;estudi de la Geografia Econ\u00f2mica sostenible.<\/p>\n\n\n\n<p>Finalment, un altre aspecte microgeogr\u00e0fic rellevant per al grup \u00e9s <strong>la vulnerabilitat energ\u00e8tica, la conciliaci\u00f3 familiar i el g\u00e8nere en els espais h\u00edbrids<\/strong>. Analitzem les conseq\u00fc\u00e8ncies del teletreball i l&#8217;espai de treball h\u00edbrid, particularment el &#8220;lloc de treball&#8221; de l&#8217;empleat h\u00edbrid, i com les noves condicions de l&#8217;espai laboral poden intensificar la c\u00e0rrega de treball de les dones en l&#8217;\u00e0mbit familiar i comportar un nou repte energ\u00e8tic.<\/p>\n\n\n\n<h2 class=\"wp-block-heading has-verd-tropic-color has-text-color has-link-color wp-elements-be35c31e487c472b59eccc8c2dffa33d\">Paraules clau<\/h2>\n\n\n\n<div class=\"wp-block-columns is-layout-flex wp-container-core-columns-is-layout-9d6595d7 wp-block-columns-is-layout-flex\">\n<div class=\"wp-block-column is-layout-flow wp-block-column-is-layout-flow\">\n<ul class=\"wp-block-list\">\n<li>Desenvolupament local<\/li>\n\n\n\n<li>Economies alternatives<\/li>\n\n\n\n<li>Espais econ\u00f2mics<\/li>\n\n\n\n<li>Factors de localitzaci\u00f3<\/li>\n\n\n\n<li>Biodiversitat<\/li>\n\n\n\n<li>Planificaci\u00f3 urbana<\/li>\n\n\n\n<li>Qualitat de vida<\/li>\n<\/ul>\n<\/div>\n\n\n\n<div class=\"wp-block-column is-layout-flow wp-block-column-is-layout-flow\">\n<ul class=\"wp-block-list\">\n<li>Sector terciari<\/li>\n\n\n\n<li>Espais p\u00fablics<\/li>\n\n\n\n<li>Mobilitat alternativa<\/li>\n\n\n\n<li>Ciclodistribuci\u00f3<\/li>\n\n\n\n<li>Vulnerabilitat energ\u00e8tica<\/li>\n\n\n\n<li>Conciliaci\u00f3 familiar<\/li>\n\n\n\n<li>G\u00e8nere als espais h\u00edbrids<\/li>\n<\/ul>\n<\/div>\n<\/div>\n\n\n\n<h2 class=\"wp-block-heading has-verd-tropic-color has-text-color has-link-color wp-elements-46bc479e3922a2b1339807d885c06d91\">Descriptors sint\u00e8tics<\/h2>\n\n\n\n<ol class=\"wp-block-list\">\n<li class=\"has-negre-eben-color has-text-color has-link-color wp-elements-e23aa5c732c767d792b34597d9cba4fb\"><strong>Desenvolupament local.<\/strong> Alguns autors destaquen la dicotomia del concepte entre local i regional i aqu\u00ed s\u2019afegeix la derivativa de l\u2019escala i espai quan es parla de desenvolupament local.<\/li>\n\n\n\n<li>Dins <strong>d\u2019economies alternatives<\/strong> hi ha l\u2019economia social i les economies diverses, incloent oportunitats a bons treballs publicats sobre aquest tema i als seus desenvolupaments.<\/li>\n\n\n\n<li><strong>Biodiversitat, planificaci\u00f3 urbana i qualitat de vida.<\/strong> Un factor relativament novell en GE que ajuda a interpretar l\u2019espai econ\u00f2mic, on la planificaci\u00f3 urbana \u00e9s l\u2019instrument facilitador i que certament t\u00e9 inclosa la seva relaci\u00f3 amb el canvi clim\u00e0tic.<\/li>\n\n\n\n<li><strong>Sector terciari i espais p\u00fablics, <\/strong>\u00e9s un sector clau en la GE i en el nostre\u00a0 grup i que es relaciona amb espai econ\u00f2mic i planificaci\u00f3 urbana i ofereix vessants molt importants com l\u2019estudi de\u00a0 l\u2019\u201despai\u201d de l\u2019e-commerce i la Big Data.<\/li>\n\n\n\n<li><strong>Mobilitat alternativa i ciclodistribuci\u00f3, <\/strong>\u00e9s la part m\u00e9s microgeogr\u00e0fica de les tem\u00e0tiques del nostre grup, i estudia com el factor de transport i mobilitat (un cl\u00e0ssic en GE) ara es presenta com un canvi en la estructura del treball dins de la GE i modifica els aspectes cl\u00e0ssics del transport i dels costos de transport tant presents en la nostra disciplina. Tamb\u00e9 es presenta com un canvi cultural i social que es materialitza en el paradigma de GE i ofereix noves perspectives a l\u2019estudi de la Geografia Econ\u00f2mica sostenible.<\/li>\n\n\n\n<li>V<strong>ulnerabilitat energ\u00e8tica, conciliaci\u00f3 familiar i g\u00e8nere als espais h\u00edbrids. <\/strong>\u00c9s el tercer aspecte m\u00e9s microgeogr\u00e0fic\u00a0 del grup a l\u2019estudiar aspectes del teletreball i de l\u2019espai de treball en forma h\u00edbrida; sobretot al \u201clloc de treball\u201d del treballador h\u00edbrid i les seves conseq\u00fc\u00e8ncies en l\u2019espai familiar, com la vulnerabilitat energ\u00e8tica, i com les noves condicions de l\u2019espai de treball poden conduir a una nova intensificaci\u00f3 de la feina de les dones en l\u2019espai familiar.<\/li>\n<\/ol>\n","protected":false},"excerpt":{"rendered":"<p>El nostre grup de recerca en Geografia Econ\u00f2mica s&#8217;especialitza en l&#8217;an\u00e0lisi de les din\u00e0miques territorials des d&#8217;una perspectiva socioecon\u00f2mica. Ens centrem en espais urbans metropolitans i de ciutats mitjanes; en la comprensi\u00f3 del desenvolupament local i les seves derivades escalars, explorant la complexa interacci\u00f3 entre l&#8217;\u00e0mbit local i el regional; i en temes propis de [&hellip;]<\/p>\n","protected":false},"author":20,"featured_media":0,"parent":0,"menu_order":0,"comment_status":"closed","ping_status":"closed","template":"","meta":{"footnotes":""},"class_list":["post-98","page","type-page","status-publish","hentry"],"_links":{"self":[{"href":"https:\/\/webs.uab.cat\/economicgeography\/wp-json\/wp\/v2\/pages\/98","targetHints":{"allow":["GET"]}}],"collection":[{"href":"https:\/\/webs.uab.cat\/economicgeography\/wp-json\/wp\/v2\/pages"}],"about":[{"href":"https:\/\/webs.uab.cat\/economicgeography\/wp-json\/wp\/v2\/types\/page"}],"author":[{"embeddable":true,"href":"https:\/\/webs.uab.cat\/economicgeography\/wp-json\/wp\/v2\/users\/20"}],"replies":[{"embeddable":true,"href":"https:\/\/webs.uab.cat\/economicgeography\/wp-json\/wp\/v2\/comments?post=98"}],"version-history":[{"count":4,"href":"https:\/\/webs.uab.cat\/economicgeography\/wp-json\/wp\/v2\/pages\/98\/revisions"}],"predecessor-version":[{"id":541,"href":"https:\/\/webs.uab.cat\/economicgeography\/wp-json\/wp\/v2\/pages\/98\/revisions\/541"}],"wp:attachment":[{"href":"https:\/\/webs.uab.cat\/economicgeography\/wp-json\/wp\/v2\/media?parent=98"}],"curies":[{"name":"wp","href":"https:\/\/api.w.org\/{rel}","templated":true}]}}

<p>El nostre grup de recerca en Geografia Econòmica s&#8217;especialitza en l&#8217;anàlisi de les dinàmiques territorials des d&#8217;una perspectiva socioeconòmica. Ens centrem en espais urbans metropolitans i de ciutats mitjanes; en la comprensió del <strong>desenvolupament local</strong> i les seves derivades escalars, explorant la complexa interacció entre l&#8217;àmbit local i el regional; i en temes propis de la Geografia Industrial, que inclou la productiva, els serveis i les noves economies lligades amb la innovació, les noves tecnologies i la introducció de Long Language Models (LLM, Intel·ligència Artificial).</p>



<p>Investiguem a fons les <strong>economies alternatives</strong>, incloent l&#8217;economia social i les diverses formes d&#8217;organització econòmica proposades per autors com Gibson-Graham i Dobronski, posant èmfasi en les oportunitats que aquestes ofereixen per a nous models de treball i prosperitat.</p>



<p>Un eix fonamental de la nostra recerca és la interconnexió entre <strong>biodiversitat, planificació urbana i qualitat de vida</strong>. Aquest enfocament, relativament nou en la Geografia Econòmica, ens permet interpretar l&#8217;espai econòmic a través de la lent de la sostenibilitat, on la planificació urbana esdevé un instrument clau per abordar la relació amb el canvi climàtic.</p>



<p>Addicionalment, el grup aborda temàtiques clau com el <strong>sector terciari i els espais públics</strong>. Analitzem el paper d&#8217;aquest sector en l&#8217;espai econòmic i la planificació urbana, considerant-ne les implicacions en el comerç electrònic (<em>e-commerce</em>) i l&#8217;impacte del <em>Big Data</em> i de la Intel·ligència Artificial.</p>



<p>Des d&#8217;una perspectiva microgeogràfica, investiguem la <strong>mobilitat alternativa i la ciclodistribució</strong>. Estudiem com el transport i la mobilitat, conceptes clàssics de la Geografia Econòmica, es transformen amb nous paradigmes que modifiquen les estructures laborals i els costos associats. Aquesta línia de recerca també s&#8217;endinsa en el canvi cultural i social, oferint noves perspectives per a l&#8217;estudi de la Geografia Econòmica sostenible.</p>



<p>Finalment, un altre aspecte microgeogràfic rellevant per al grup és <strong>la vulnerabilitat energètica, la conciliació familiar i el gènere en els espais híbrids</strong>. Analitzem les conseqüències del teletreball i l&#8217;espai de treball híbrid, particularment el &#8220;lloc de treball&#8221; de l&#8217;empleat híbrid, i com les noves condicions de l&#8217;espai laboral poden intensificar la càrrega de treball de les dones en l&#8217;àmbit familiar i comportar un nou repte energètic.</p>



<h2 class="wp-block-heading has-verd-tropic-color has-text-color has-link-color wp-elements-be35c31e487c472b59eccc8c2dffa33d">Paraules clau</h2>



<div class="wp-block-columns is-layout-flex wp-container-core-columns-is-layout-9d6595d7 wp-block-columns-is-layout-flex">
<div class="wp-block-column is-layout-flow wp-block-column-is-layout-flow">
<ul class="wp-block-list">
<li>Desenvolupament local</li>



<li>Economies alternatives</li>



<li>Espais econòmics</li>



<li>Factors de localització</li>



<li>Biodiversitat</li>



<li>Planificació urbana</li>



<li>Qualitat de vida</li>
</ul>
</div>



<div class="wp-block-column is-layout-flow wp-block-column-is-layout-flow">
<ul class="wp-block-list">
<li>Sector terciari</li>



<li>Espais públics</li>



<li>Mobilitat alternativa</li>



<li>Ciclodistribució</li>



<li>Vulnerabilitat energètica</li>



<li>Conciliació familiar</li>



<li>Gènere als espais híbrids</li>
</ul>
</div>
</div>



<h2 class="wp-block-heading has-verd-tropic-color has-text-color has-link-color wp-elements-46bc479e3922a2b1339807d885c06d91">Descriptors sintètics</h2>



<ol class="wp-block-list">
<li class="has-negre-eben-color has-text-color has-link-color wp-elements-e23aa5c732c767d792b34597d9cba4fb"><strong>Desenvolupament local.</strong> Alguns autors destaquen la dicotomia del concepte entre local i regional i aquí s’afegeix la derivativa de l’escala i espai quan es parla de desenvolupament local.</li>



<li>Dins <strong>d’economies alternatives</strong> hi ha l’economia social i les economies diverses, incloent oportunitats a bons treballs publicats sobre aquest tema i als seus desenvolupaments.</li>



<li><strong>Biodiversitat, planificació urbana i qualitat de vida.</strong> Un factor relativament novell en GE que ajuda a interpretar l’espai econòmic, on la planificació urbana és l’instrument facilitador i que certament té inclosa la seva relació amb el canvi climàtic.</li>



<li><strong>Sector terciari i espais públics, </strong>és un sector clau en la GE i en el nostre  grup i que es relaciona amb espai econòmic i planificació urbana i ofereix vessants molt importants com l’estudi de  l’”espai” de l’e-commerce i la Big Data.</li>



<li><strong>Mobilitat alternativa i ciclodistribució, </strong>és la part més microgeogràfica de les temàtiques del nostre grup, i estudia com el factor de transport i mobilitat (un clàssic en GE) ara es presenta com un canvi en la estructura del treball dins de la GE i modifica els aspectes clàssics del transport i dels costos de transport tant presents en la nostra disciplina. També es presenta com un canvi cultural i social que es materialitza en el paradigma de GE i ofereix noves perspectives a l’estudi de la Geografia Econòmica sostenible.</li>



<li>V<strong>ulnerabilitat energètica, conciliació familiar i gènere als espais híbrids. </strong>És el tercer aspecte més microgeogràfic  del grup a l’estudiar aspectes del teletreball i de l’espai de treball en forma híbrida; sobretot al “lloc de treball” del treballador híbrid i les seves conseqüències en l’espai familiar, com la vulnerabilitat energètica, i com les noves condicions de l’espai de treball poden conduir a una nova intensificació de la feina de les dones en l’espai familiar.</li>
</ol>

<p>El nostre grup de recerca en Geografia Econòmica s&#8217;especialitza en l&#8217;anàlisi de les dinàmiques territorials des d&#8217;una perspectiva socioeconòmica. Ens centrem en espais urbans metropolitans i de ciutats mitjanes; en la comprensió del desenvolupament local i les seves derivades escalars, explorant la complexa interacció entre l&#8217;àmbit local i el regional; i en temes propis de [&hellip;]</p>
