{"id":5,"date":"2025-06-30T10:16:57","date_gmt":"2025-06-30T08:16:57","guid":{"rendered":"https:\/\/webs.uab.cat\/ecotrad\/?page_id=5"},"modified":"2025-12-28T15:36:25","modified_gmt":"2025-12-28T13:36:25","slug":"inicio","status":"publish","type":"page","link":"https:\/\/webs.uab.cat\/ecotrad\/","title":{"rendered":"INICIO"},"content":{"rendered":"\n<p>El grupo ECOTRAD re\u00fane a diversos docentes de la UAB y otras universidades interesados en la Traducci\u00f3n y la Sostenibilidad Medioambiental y, m\u00e1s concretamente, en la formaci\u00f3n de profesorado y alumnado en estos temas.<\/p>\n\n\n\n<p>ECOTRAD es una iniciativa surgida del grupo <a href=\"https:\/\/webs.uab.cat\/forti\/\">FORTI <\/a>(Formaci\u00f3n en Traducci\u00f3n e Interpretaci\u00f3n).<\/p>\n\n\n<div class=\"wp-block-image\">\n<figure class=\"aligncenter size-medium\"><img loading=\"lazy\" decoding=\"async\" width=\"225\" height=\"300\" src=\"https:\/\/webs.uab.cat\/ecotrad\/wp-content\/uploads\/sites\/621\/2025\/06\/001-foto-playa-arena-225x300.jpg\" alt=\"IMG Playa\" class=\"wp-image-37\" srcset=\"https:\/\/webs.uab.cat\/ecotrad\/wp-content\/uploads\/sites\/621\/2025\/06\/001-foto-playa-arena-225x300.jpg 225w, https:\/\/webs.uab.cat\/ecotrad\/wp-content\/uploads\/sites\/621\/2025\/06\/001-foto-playa-arena.jpg 764w\" sizes=\"auto, (max-width: 225px) 100vw, 225px\" \/><\/figure>\n<\/div>\n\n\n<p>Muchos granos de arena hacen una playa&#8230; \u00a1Aprendamos para poder contribuir!<\/p>\n\n\n\n<p><\/p>\n","protected":false},"excerpt":{"rendered":"<p>El grupo ECOTRAD re\u00fane a diversos docentes de la UAB y otras universidades interesados en la Traducci\u00f3n y la Sostenibilidad Medioambiental y, m\u00e1s concretamente, en la formaci\u00f3n de profesorado y alumnado en estos temas. ECOTRAD es una iniciativa surgida del grupo FORTI (Formaci\u00f3n en Traducci\u00f3n e Interpretaci\u00f3n). Muchos granos de arena hacen una playa&#8230; \u00a1Aprendamos [&hellip;]<\/p>\n","protected":false},"author":103,"featured_media":0,"parent":0,"menu_order":0,"comment_status":"closed","ping_status":"closed","template":"","meta":{"footnotes":""},"class_list":["post-5","page","type-page","status-publish","hentry"],"_links":{"self":[{"href":"https:\/\/webs.uab.cat\/ecotrad\/wp-json\/wp\/v2\/pages\/5","targetHints":{"allow":["GET"]}}],"collection":[{"href":"https:\/\/webs.uab.cat\/ecotrad\/wp-json\/wp\/v2\/pages"}],"about":[{"href":"https:\/\/webs.uab.cat\/ecotrad\/wp-json\/wp\/v2\/types\/page"}],"author":[{"embeddable":true,"href":"https:\/\/webs.uab.cat\/ecotrad\/wp-json\/wp\/v2\/users\/103"}],"replies":[{"embeddable":true,"href":"https:\/\/webs.uab.cat\/ecotrad\/wp-json\/wp\/v2\/comments?post=5"}],"version-history":[{"count":6,"href":"https:\/\/webs.uab.cat\/ecotrad\/wp-json\/wp\/v2\/pages\/5\/revisions"}],"predecessor-version":[{"id":71,"href":"https:\/\/webs.uab.cat\/ecotrad\/wp-json\/wp\/v2\/pages\/5\/revisions\/71"}],"wp:attachment":[{"href":"https:\/\/webs.uab.cat\/ecotrad\/wp-json\/wp\/v2\/media?parent=5"}],"curies":[{"name":"wp","href":"https:\/\/api.w.org\/{rel}","templated":true}]}}