{"id":3044,"date":"2023-04-11T13:44:09","date_gmt":"2023-04-11T11:44:09","guid":{"rendered":"https:\/\/webs.uab.cat\/edicio-web\/?page_id=3044"},"modified":"2023-04-19T12:10:13","modified_gmt":"2023-04-19T10:10:13","slug":"wp-extensions","status":"publish","type":"page","link":"https:\/\/webs.uab.cat\/edicio-web\/manual-wordpress\/wp-extensions\/","title":{"rendered":"WP: extensions"},"content":{"rendered":"\n<p>Un plugin o extensi\u00f3 de WordPress \u00e9s un fragment de codi que s&#8217;enlla\u00e7a al lloc web de WordPress, una extensi\u00f3 que modifica les funcions principals  de WordPress.<\/p>\n\n\n\n<p>Per exemple, el core de WordPress no incorpora per defecte el multillenguatge, una instal\u00b7laci\u00f3 com\u00fa de WordPress es crea per a un sol idioma, per\u00f2 davant la necessitat de tenir webs multillenguatge, es pot afegir una extensi\u00f3 de codi a la instal\u00b7laci\u00f3 per defecte de WordPress que permeti el manteniment de p\u00e0gines en diferents idiomes i les connecti com a traduccions les unes de les altres.<\/p>\n\n\n\n<p>De la mateixa manera, hi ha altres funcionalitats que es poden incorporar a WordPress a trav\u00e9s de les extensions.<\/p>\n\n\n\n<p>Malgrat aquest potencial de millora de les funcionalitats de WordPress, la seva instal\u00b7laci\u00f3 tamb\u00e9 pot presentar inconvenients:  incompatibilitat entre extensions, obsolec\u00e8ncia i bretxes de seguretat. Per aquest motiu, la instal\u00b7laci\u00f3 d&#8217;extensions al servei Webs de la UAB no \u00e9s lliure. La Unitat de Web tria les extensions que s&#8217;instal\u00b7len en funci\u00f3 de les necessitats dels usuaris i minimitzant els inconvenients.<\/p>\n\n\n\n<p>Podeu activar i desactivar per al vostre lloc web les extensions instal\u00b7lades a Webs UAB a l&#8217;apartat <em>extensions<\/em>.<\/p>\n\n\n\n<h2 class=\"wp-block-heading\"><strong>Gravity forms<\/strong><\/h2>\n\n\n\n<p>Aquesta extensi\u00f3 permet incloure formularis personalitzats al vostre lloc web. Funciona arrossegant i deixant anar qualsevol dels camps disponibles al lloc desitjat. Permet a m\u00e9s mostrar i amagar parts del formulari segons les entrades dels usuaris, amb l\u00f2gica condicional i incorpora un antibrossa per tal que no us arribin respostes no desitjades del formulari. <\/p>\n\n\n\n<div class=\"wp-block-media-text has-media-on-the-right is-stacked-on-mobile\"><figure class=\"wp-block-media-text__media\"><img loading=\"lazy\" decoding=\"async\" width=\"740\" height=\"724\" src=\"https:\/\/webs.uab.cat\/edicio-web\/wp-content\/uploads\/sites\/31\/2023\/04\/Captura-de-pantalla-2023-04-11-a-les-13.32.06.png\" alt=\"panell emergent d'insercio de nou bloc\" class=\"wp-image-3046 size-full\" srcset=\"https:\/\/webs.uab.cat\/edicio-web\/wp-content\/uploads\/sites\/31\/2023\/04\/Captura-de-pantalla-2023-04-11-a-les-13.32.06.png 740w, https:\/\/webs.uab.cat\/edicio-web\/wp-content\/uploads\/sites\/31\/2023\/04\/Captura-de-pantalla-2023-04-11-a-les-13.32.06-300x294.png 300w\" sizes=\"auto, (max-width: 740px) 100vw, 740px\" \/><\/figure><div class=\"wp-block-media-text__content\">\n<p class=\"has-small-font-size\">Quan creeu un formulari, es genera un bloc de contingut <em>Gravity forms<\/em> que podeu incloure a qualsevol espai de contingut del vostre web, anant al llistat de blocs disponibles.<\/p>\n<\/div><\/div>\n\n\n\n<p>En afegir un bloc gravity forms, us mostra un desplegable amb tots els formularis del lloc web per tal que treieu quin d&#8217;ells voleu afegir a un lloc concret.<\/p>\n\n\n\n<p><a href=\"https:\/\/webs.uab.cat\/edicio-web\/manual-wordpress\/wp-extensions\/formularis-2\/\" data-type=\"page\" data-id=\"3135\">M\u00e9s informaci\u00f3 sobre els formularis a Webs UAB<\/a><\/p>\n\n\n\n<figure class=\"wp-block-image size-large\"><img loading=\"lazy\" decoding=\"async\" width=\"1024\" height=\"358\" src=\"https:\/\/webs.uab.cat\/edicio-web\/wp-content\/uploads\/sites\/31\/2023\/04\/Captura-de-pantalla-2023-04-11-a-les-13.33.14-1024x358.png\" alt=\"panell emergent de selecci\u00f3 de formulari per inserir\" class=\"wp-image-3047\" srcset=\"https:\/\/webs.uab.cat\/edicio-web\/wp-content\/uploads\/sites\/31\/2023\/04\/Captura-de-pantalla-2023-04-11-a-les-13.33.14-1024x358.png 1024w, https:\/\/webs.uab.cat\/edicio-web\/wp-content\/uploads\/sites\/31\/2023\/04\/Captura-de-pantalla-2023-04-11-a-les-13.33.14-300x105.png 300w, https:\/\/webs.uab.cat\/edicio-web\/wp-content\/uploads\/sites\/31\/2023\/04\/Captura-de-pantalla-2023-04-11-a-les-13.33.14-768x269.png 768w, https:\/\/webs.uab.cat\/edicio-web\/wp-content\/uploads\/sites\/31\/2023\/04\/Captura-de-pantalla-2023-04-11-a-les-13.33.14-1200x420.png 1200w, https:\/\/webs.uab.cat\/edicio-web\/wp-content\/uploads\/sites\/31\/2023\/04\/Captura-de-pantalla-2023-04-11-a-les-13.33.14.png 1430w\" sizes=\"auto, (max-width: 1024px) 100vw, 1024px\" \/><\/figure>\n\n\n\n<h2 class=\"wp-block-heading\"> WPML <strong>Multilingual CMS<\/strong><\/h2>\n\n\n\n<p>Aquesta extensi\u00f3 permet mantenir un lloc web en m\u00e9s d&#8217;un idioma. Permet afegir tants idiomes com necessiteu i els tractar\u00e0 com a traduccions de l&#8217;idioma predeterminat. <\/p>\n\n\n\n<p><a href=\"https:\/\/webs.uab.cat\/edicio-web\/manual-wordpress\/wp-extensions\/wp-multillenguatge-wpml\/\" data-type=\"page\" data-id=\"3221\">M\u00e9s informaci\u00f3 sobre sites multillenguatge<\/a><\/p>\n\n\n\n<h2 class=\"wp-block-heading\">Meow Gallery<\/h2>\n\n\n\n<p>WordPress permet incloure una galeria d&#8217;imatges a trav\u00e9s d&#8217;un bloc galeria. Per\u00f2 no incopora la funcionalitat que esperem d&#8217;una galeria d&#8217;imatges habitual, en qu\u00e8 en pr\u00e9mer qualsevol de les imatges, aquesta s&#8217;amplia i permet una navegaci\u00f3 per les diferents imatges que la conformen. Aquesta extensi\u00f3 permet fer precisament aix\u00f2.<\/p>\n\n\n\n<p><a href=\"https:\/\/webs.uab.cat\/edicio-web\/wp-galeries-meow\/\" data-type=\"page\" data-id=\"3266\">M\u00e9s informaci\u00f3 sobre la galeria Meow<\/a><\/p>\n\n\n\n<h2 class=\"wp-block-heading\"><strong>Lightweight Google Analytics<\/strong><\/h2>\n\n\n\n<p>Aquesta extensi\u00f3 permet fer un seguiment de les anal\u00edtiques de Google del vostre site.<\/p>\n\n\n\n<p><a href=\"https:\/\/webs.uab.cat\/edicio-web\/manual-wordpress\/wp-extensions\/wp-analitiques-google\/\" data-type=\"page\" data-id=\"3282\">M\u00e9s informaci\u00f3 sobre les anal\u00edtiques Google<\/a><\/p>\n\n\n\n<h2 class=\"wp-block-heading\"><strong>Meks Compartir a xarxes socials<\/strong><\/h2>\n\n\n\n<p>Aquesta extensi\u00f3 permet incloure botons per compatir p\u00e0gines, entrades i altres tipus de continguts a les xarxes socials m\u00e9s habituals.<\/p>\n\n\n\n<p><a href=\"https:\/\/webs.uab.cat\/edicio-web\/wp-compartir-a-xarxes-socials\/\" data-type=\"page\" data-id=\"3293\">M\u00e9s informaci\u00f3 sobre compartir a les xarxes socials<\/a><\/p>\n\n\n\n<p><\/p>\n\n\n\n<p><\/p>\n\n\n\n<hr class=\"wp-block-separator has-alpha-channel-opacity is-style-wide\"\/>\n\n\n\n<div class=\"wp-block-buttons alignfull is-content-justification-center is-layout-flex wp-container-core-buttons-is-layout-16018d1d wp-block-buttons-is-layout-flex\">\n<div class=\"wp-block-button has-custom-width wp-block-button__width-25 enrera\"><a class=\"wp-block-button__link\" href=\"https:\/\/webs.uab.cat\/edicio-web\/wp-colors-institucionals-a-ledicio\/\">colors institucionals<\/a><\/div>\n\n\n\n<div class=\"wp-block-button has-custom-width wp-block-button__width-25 is-style-outline is-style-outline--1\"><a class=\"wp-block-button__link\" href=\"https:\/\/webs.uab.cat\/edicio-web\/manual-wordpress\/\">TAULA DE CONTINGUTS<\/a><\/div>\n\n\n\n<div class=\"wp-block-button has-custom-width wp-block-button__width-25 endavant\"><a class=\"wp-block-button__link\" href=\"https:\/\/webs.uab.cat\/edicio-web\/manual-wordpress\/wp-extensions\/formularis-2\/\">formularis<\/a><\/div>\n<\/div>\n\n\n\n<p><\/p>\n","protected":false},"excerpt":{"rendered":"<p>Un plugin o extensi\u00f3 de WordPress \u00e9s un fragment de codi que s&#8217;enlla\u00e7a al lloc web de WordPress, una extensi\u00f3 que modifica les funcions principals de WordPress. Per exemple, el core de WordPress no incorpora per defecte el multillenguatge, una instal\u00b7laci\u00f3 com\u00fa de WordPress es crea per a un sol idioma, per\u00f2 davant la necessitat [&hellip;]<\/p>\n","protected":false},"author":20,"featured_media":0,"parent":2273,"menu_order":0,"comment_status":"closed","ping_status":"closed","template":"","meta":{"footnotes":""},"class_list":["post-3044","page","type-page","status-publish","hentry"],"yoast_head":"<!-- This site is optimized with the Yoast SEO plugin v26.8 - https:\/\/yoast.com\/product\/yoast-seo-wordpress\/ -->\n<title>WP: extensions &#8212; Blog de l&#039;edici\u00f3 web a la UAB<\/title>\n<meta name=\"robots\" content=\"index, follow, max-snippet:-1, max-image-preview:large, max-video-preview:-1\" \/>\n<link rel=\"canonical\" href=\"https:\/\/webs.uab.cat\/edicio-web\/manual-wordpress\/wp-extensions\/\" \/>\n<meta property=\"og:locale\" content=\"ca_ES\" \/>\n<meta property=\"og:type\" content=\"article\" \/>\n<meta property=\"og:title\" content=\"WP: extensions &#8212; Blog de l&#039;edici\u00f3 web a la UAB\" \/>\n<meta property=\"og:description\" content=\"Un plugin o extensi\u00f3 de WordPress \u00e9s un fragment de codi que s&#8217;enlla\u00e7a al lloc web de WordPress, una extensi\u00f3 que modifica les funcions principals de WordPress. Per exemple, el core de WordPress no incorpora per defecte el multillenguatge, una instal\u00b7laci\u00f3 com\u00fa de WordPress es crea per a un sol idioma, per\u00f2 davant la necessitat [&hellip;]\" \/>\n<meta property=\"og:url\" content=\"https:\/\/webs.uab.cat\/edicio-web\/manual-wordpress\/wp-extensions\/\" \/>\n<meta property=\"og:site_name\" content=\"Blog de l&#039;edici\u00f3 web a la UAB\" \/>\n<meta property=\"article:modified_time\" content=\"2023-04-19T10:10:13+00:00\" \/>\n<meta property=\"og:image\" content=\"https:\/\/webs.uab.cat\/edicio-web\/wp-content\/uploads\/sites\/31\/2023\/04\/Captura-de-pantalla-2023-04-11-a-les-13.32.06.png\" \/>\n<meta name=\"twitter:card\" content=\"summary_large_image\" \/>\n<meta name=\"twitter:label1\" content=\"Temps estimat de lectura\" \/>\n\t<meta name=\"twitter:data1\" content=\"2 minuts\" \/>\n<script type=\"application\/ld+json\" class=\"yoast-schema-graph\">{\"@context\":\"https:\/\/schema.org\",\"@graph\":[{\"@type\":\"WebPage\",\"@id\":\"https:\/\/webs.uab.cat\/edicio-web\/manual-wordpress\/wp-extensions\/\",\"url\":\"https:\/\/webs.uab.cat\/edicio-web\/manual-wordpress\/wp-extensions\/\",\"name\":\"WP: extensions &#8212; Blog de l&#039;edici\u00f3 web a la UAB\",\"isPartOf\":{\"@id\":\"https:\/\/webs.uab.cat\/edicio-web\/#website\"},\"primaryImageOfPage\":{\"@id\":\"https:\/\/webs.uab.cat\/edicio-web\/manual-wordpress\/wp-extensions\/#primaryimage\"},\"image\":{\"@id\":\"https:\/\/webs.uab.cat\/edicio-web\/manual-wordpress\/wp-extensions\/#primaryimage\"},\"thumbnailUrl\":\"https:\/\/webs.uab.cat\/edicio-web\/wp-content\/uploads\/sites\/31\/2023\/04\/Captura-de-pantalla-2023-04-11-a-les-13.32.06.png\",\"datePublished\":\"2023-04-11T11:44:09+00:00\",\"dateModified\":\"2023-04-19T10:10:13+00:00\",\"breadcrumb\":{\"@id\":\"https:\/\/webs.uab.cat\/edicio-web\/manual-wordpress\/wp-extensions\/#breadcrumb\"},\"inLanguage\":\"ca\",\"potentialAction\":[{\"@type\":\"ReadAction\",\"target\":[\"https:\/\/webs.uab.cat\/edicio-web\/manual-wordpress\/wp-extensions\/\"]}]},{\"@type\":\"ImageObject\",\"inLanguage\":\"ca\",\"@id\":\"https:\/\/webs.uab.cat\/edicio-web\/manual-wordpress\/wp-extensions\/#primaryimage\",\"url\":\"https:\/\/webs.uab.cat\/edicio-web\/wp-content\/uploads\/sites\/31\/2023\/04\/Captura-de-pantalla-2023-04-11-a-les-13.32.06.png\",\"contentUrl\":\"https:\/\/webs.uab.cat\/edicio-web\/wp-content\/uploads\/sites\/31\/2023\/04\/Captura-de-pantalla-2023-04-11-a-les-13.32.06.png\",\"width\":740,\"height\":724},{\"@type\":\"BreadcrumbList\",\"@id\":\"https:\/\/webs.uab.cat\/edicio-web\/manual-wordpress\/wp-extensions\/#breadcrumb\",\"itemListElement\":[{\"@type\":\"ListItem\",\"position\":1,\"name\":\"Inici\",\"item\":\"https:\/\/webs.uab.cat\/edicio-web\/\"},{\"@type\":\"ListItem\",\"position\":2,\"name\":\"WP: Manual WordPress\",\"item\":\"https:\/\/webs.uab.cat\/edicio-web\/manual-wordpress\/\"},{\"@type\":\"ListItem\",\"position\":3,\"name\":\"WP: extensions\"}]},{\"@type\":\"WebSite\",\"@id\":\"https:\/\/webs.uab.cat\/edicio-web\/#website\",\"url\":\"https:\/\/webs.uab.cat\/edicio-web\/\",\"name\":\"Blog de l'edici\u00f3 web a la UAB\",\"description\":\"Un espai amb recursos \u00fatils per a les persones que editen el web de la UAB\",\"publisher\":{\"@id\":\"https:\/\/webs.uab.cat\/edicio-web\/#organization\"},\"potentialAction\":[{\"@type\":\"SearchAction\",\"target\":{\"@type\":\"EntryPoint\",\"urlTemplate\":\"https:\/\/webs.uab.cat\/edicio-web\/?s={search_term_string}\"},\"query-input\":{\"@type\":\"PropertyValueSpecification\",\"valueRequired\":true,\"valueName\":\"search_term_string\"}}],\"inLanguage\":\"ca\"},{\"@type\":\"Organization\",\"@id\":\"https:\/\/webs.uab.cat\/edicio-web\/#organization\",\"name\":\"Unitat de Web, Universitat Aut\u00f2noma de Barcelona\",\"url\":\"https:\/\/webs.uab.cat\/edicio-web\/\",\"logo\":{\"@type\":\"ImageObject\",\"inLanguage\":\"ca\",\"@id\":\"https:\/\/webs.uab.cat\/edicio-web\/#\/schema\/logo\/image\/\",\"url\":\"https:\/\/webs.uab.cat\/edicio-web\/wp-content\/uploads\/sites\/31\/2024\/11\/logotip-uab-esquerra-2-linies-verd.png\",\"contentUrl\":\"https:\/\/webs.uab.cat\/edicio-web\/wp-content\/uploads\/sites\/31\/2024\/11\/logotip-uab-esquerra-2-linies-verd.png\",\"width\":1892,\"height\":727,\"caption\":\"Unitat de Web, Universitat Aut\u00f2noma de Barcelona\"},\"image\":{\"@id\":\"https:\/\/webs.uab.cat\/edicio-web\/#\/schema\/logo\/image\/\"}}]}<\/script>\n<!-- \/ Yoast SEO plugin. -->","yoast_head_json":{"title":"WP: extensions &#8212; Blog de l&#039;edici\u00f3 web a la UAB","robots":{"index":"index","follow":"follow","max-snippet":"max-snippet:-1","max-image-preview":"max-image-preview:large","max-video-preview":"max-video-preview:-1"},"canonical":"https:\/\/webs.uab.cat\/edicio-web\/manual-wordpress\/wp-extensions\/","og_locale":"ca_ES","og_type":"article","og_title":"WP: extensions &#8212; Blog de l&#039;edici\u00f3 web a la UAB","og_description":"Un plugin o extensi\u00f3 de WordPress \u00e9s un fragment de codi que s&#8217;enlla\u00e7a al lloc web de WordPress, una extensi\u00f3 que modifica les funcions principals de WordPress. Per exemple, el core de WordPress no incorpora per defecte el multillenguatge, una instal\u00b7laci\u00f3 com\u00fa de WordPress es crea per a un sol idioma, per\u00f2 davant la necessitat [&hellip;]","og_url":"https:\/\/webs.uab.cat\/edicio-web\/manual-wordpress\/wp-extensions\/","og_site_name":"Blog de l&#039;edici\u00f3 web a la UAB","article_modified_time":"2023-04-19T10:10:13+00:00","og_image":[{"url":"https:\/\/webs.uab.cat\/edicio-web\/wp-content\/uploads\/sites\/31\/2023\/04\/Captura-de-pantalla-2023-04-11-a-les-13.32.06.png","type":"","width":"","height":""}],"twitter_card":"summary_large_image","twitter_misc":{"Temps estimat de lectura":"2 minuts"},"schema":{"@context":"https:\/\/schema.org","@graph":[{"@type":"WebPage","@id":"https:\/\/webs.uab.cat\/edicio-web\/manual-wordpress\/wp-extensions\/","url":"https:\/\/webs.uab.cat\/edicio-web\/manual-wordpress\/wp-extensions\/","name":"WP: extensions &#8212; Blog de l&#039;edici\u00f3 web a la UAB","isPartOf":{"@id":"https:\/\/webs.uab.cat\/edicio-web\/#website"},"primaryImageOfPage":{"@id":"https:\/\/webs.uab.cat\/edicio-web\/manual-wordpress\/wp-extensions\/#primaryimage"},"image":{"@id":"https:\/\/webs.uab.cat\/edicio-web\/manual-wordpress\/wp-extensions\/#primaryimage"},"thumbnailUrl":"https:\/\/webs.uab.cat\/edicio-web\/wp-content\/uploads\/sites\/31\/2023\/04\/Captura-de-pantalla-2023-04-11-a-les-13.32.06.png","datePublished":"2023-04-11T11:44:09+00:00","dateModified":"2023-04-19T10:10:13+00:00","breadcrumb":{"@id":"https:\/\/webs.uab.cat\/edicio-web\/manual-wordpress\/wp-extensions\/#breadcrumb"},"inLanguage":"ca","potentialAction":[{"@type":"ReadAction","target":["https:\/\/webs.uab.cat\/edicio-web\/manual-wordpress\/wp-extensions\/"]}]},{"@type":"ImageObject","inLanguage":"ca","@id":"https:\/\/webs.uab.cat\/edicio-web\/manual-wordpress\/wp-extensions\/#primaryimage","url":"https:\/\/webs.uab.cat\/edicio-web\/wp-content\/uploads\/sites\/31\/2023\/04\/Captura-de-pantalla-2023-04-11-a-les-13.32.06.png","contentUrl":"https:\/\/webs.uab.cat\/edicio-web\/wp-content\/uploads\/sites\/31\/2023\/04\/Captura-de-pantalla-2023-04-11-a-les-13.32.06.png","width":740,"height":724},{"@type":"BreadcrumbList","@id":"https:\/\/webs.uab.cat\/edicio-web\/manual-wordpress\/wp-extensions\/#breadcrumb","itemListElement":[{"@type":"ListItem","position":1,"name":"Inici","item":"https:\/\/webs.uab.cat\/edicio-web\/"},{"@type":"ListItem","position":2,"name":"WP: Manual WordPress","item":"https:\/\/webs.uab.cat\/edicio-web\/manual-wordpress\/"},{"@type":"ListItem","position":3,"name":"WP: extensions"}]},{"@type":"WebSite","@id":"https:\/\/webs.uab.cat\/edicio-web\/#website","url":"https:\/\/webs.uab.cat\/edicio-web\/","name":"Blog de l'edici\u00f3 web a la UAB","description":"Un espai amb recursos \u00fatils per a les persones que editen el web de la UAB","publisher":{"@id":"https:\/\/webs.uab.cat\/edicio-web\/#organization"},"potentialAction":[{"@type":"SearchAction","target":{"@type":"EntryPoint","urlTemplate":"https:\/\/webs.uab.cat\/edicio-web\/?s={search_term_string}"},"query-input":{"@type":"PropertyValueSpecification","valueRequired":true,"valueName":"search_term_string"}}],"inLanguage":"ca"},{"@type":"Organization","@id":"https:\/\/webs.uab.cat\/edicio-web\/#organization","name":"Unitat de Web, Universitat Aut\u00f2noma de Barcelona","url":"https:\/\/webs.uab.cat\/edicio-web\/","logo":{"@type":"ImageObject","inLanguage":"ca","@id":"https:\/\/webs.uab.cat\/edicio-web\/#\/schema\/logo\/image\/","url":"https:\/\/webs.uab.cat\/edicio-web\/wp-content\/uploads\/sites\/31\/2024\/11\/logotip-uab-esquerra-2-linies-verd.png","contentUrl":"https:\/\/webs.uab.cat\/edicio-web\/wp-content\/uploads\/sites\/31\/2024\/11\/logotip-uab-esquerra-2-linies-verd.png","width":1892,"height":727,"caption":"Unitat de Web, Universitat Aut\u00f2noma de Barcelona"},"image":{"@id":"https:\/\/webs.uab.cat\/edicio-web\/#\/schema\/logo\/image\/"}}]}},"_links":{"self":[{"href":"https:\/\/webs.uab.cat\/edicio-web\/wp-json\/wp\/v2\/pages\/3044","targetHints":{"allow":["GET"]}}],"collection":[{"href":"https:\/\/webs.uab.cat\/edicio-web\/wp-json\/wp\/v2\/pages"}],"about":[{"href":"https:\/\/webs.uab.cat\/edicio-web\/wp-json\/wp\/v2\/types\/page"}],"author":[{"embeddable":true,"href":"https:\/\/webs.uab.cat\/edicio-web\/wp-json\/wp\/v2\/users\/20"}],"replies":[{"embeddable":true,"href":"https:\/\/webs.uab.cat\/edicio-web\/wp-json\/wp\/v2\/comments?post=3044"}],"version-history":[{"count":4,"href":"https:\/\/webs.uab.cat\/edicio-web\/wp-json\/wp\/v2\/pages\/3044\/revisions"}],"predecessor-version":[{"id":3308,"href":"https:\/\/webs.uab.cat\/edicio-web\/wp-json\/wp\/v2\/pages\/3044\/revisions\/3308"}],"up":[{"embeddable":true,"href":"https:\/\/webs.uab.cat\/edicio-web\/wp-json\/wp\/v2\/pages\/2273"}],"wp:attachment":[{"href":"https:\/\/webs.uab.cat\/edicio-web\/wp-json\/wp\/v2\/media?parent=3044"}],"curies":[{"name":"wp","href":"https:\/\/api.w.org\/{rel}","templated":true}]}}