{"id":4083,"date":"2023-12-18T17:36:50","date_gmt":"2023-12-18T15:36:50","guid":{"rendered":"https:\/\/webs.uab.cat\/edicio-web\/?page_id=4083"},"modified":"2023-12-20T11:42:30","modified_gmt":"2023-12-20T09:42:30","slug":"asset-multimedia-imatge","status":"publish","type":"page","link":"https:\/\/webs.uab.cat\/edicio-web\/asset-multimedia-imatge\/","title":{"rendered":"Asset Multim\u00e8dia IMATGE"},"content":{"rendered":"\n<p>L&#8217;asset <strong>Multim\u00e8dia Imatge<\/strong> s\u2019utilitza per acompanyar les not\u00edcies i tamb\u00e9 es poden posar en p\u00e0gines interiors o en els destacats de la portada. En la captura de pantalla que veiem m\u00e9s abaix podem veure un exemple d&#8217;una imatge dins d&#8217;una p\u00e0gina interior.<\/p>\n\n\n\n<figure class=\"wp-block-image size-large\"><img loading=\"lazy\" decoding=\"async\" width=\"1024\" height=\"841\" src=\"https:\/\/webs.uab.cat\/edicio-web\/wp-content\/uploads\/sites\/31\/2023\/11\/Captura-de-pantalla-2023-11-29-a-las-13.53.54-1024x841.png\" alt=\"\" class=\"wp-image-4089\" srcset=\"https:\/\/webs.uab.cat\/edicio-web\/wp-content\/uploads\/sites\/31\/2023\/11\/Captura-de-pantalla-2023-11-29-a-las-13.53.54-1024x841.png 1024w, https:\/\/webs.uab.cat\/edicio-web\/wp-content\/uploads\/sites\/31\/2023\/11\/Captura-de-pantalla-2023-11-29-a-las-13.53.54-300x246.png 300w, https:\/\/webs.uab.cat\/edicio-web\/wp-content\/uploads\/sites\/31\/2023\/11\/Captura-de-pantalla-2023-11-29-a-las-13.53.54-768x631.png 768w, https:\/\/webs.uab.cat\/edicio-web\/wp-content\/uploads\/sites\/31\/2023\/11\/Captura-de-pantalla-2023-11-29-a-las-13.53.54.png 1120w\" sizes=\"auto, (max-width: 1024px) 100vw, 1024px\" \/><\/figure>\n\n\n\n<p>Malgrat que l&#8217;exemple \u00e9s dins una p\u00e0gina interior, en realitat aquest asset serveix per visualitzar imatges dins de <strong>P\u00e0gines, Not\u00edcies i M\u00f2duls.<\/strong>  Si voleu crear un contingut d&#8217;aquest tipus simplement cal anar al bot\u00f3 &#8216;<strong>Contenido<\/strong>&#8216; escollir el nom corresponent i despr\u00e8s seleccionar la <strong>definici\u00f3 Multim\u00e8dia&nbsp;&#8216;Imatge&#8217;<\/strong>.<\/p>\n\n\n\n<figure class=\"wp-block-image size-full\"><img loading=\"lazy\" decoding=\"async\" width=\"930\" height=\"660\" src=\"https:\/\/webs.uab.cat\/edicio-web\/wp-content\/uploads\/sites\/31\/2023\/11\/2.NouAssetMultimedia-1.png\" alt=\"\" class=\"wp-image-4077\" srcset=\"https:\/\/webs.uab.cat\/edicio-web\/wp-content\/uploads\/sites\/31\/2023\/11\/2.NouAssetMultimedia-1.png 930w, https:\/\/webs.uab.cat\/edicio-web\/wp-content\/uploads\/sites\/31\/2023\/11\/2.NouAssetMultimedia-1-300x213.png 300w, https:\/\/webs.uab.cat\/edicio-web\/wp-content\/uploads\/sites\/31\/2023\/11\/2.NouAssetMultimedia-1-768x545.png 768w\" sizes=\"auto, (max-width: 930px) 100vw, 930px\" \/><\/figure>\n\n\n\n<figure class=\"wp-block-image size-full\"><img loading=\"lazy\" decoding=\"async\" width=\"804\" height=\"582\" src=\"https:\/\/webs.uab.cat\/edicio-web\/wp-content\/uploads\/sites\/31\/2023\/11\/3Definicio-Multimedia-Imatge.png\" alt=\"\" class=\"wp-image-4084\" srcset=\"https:\/\/webs.uab.cat\/edicio-web\/wp-content\/uploads\/sites\/31\/2023\/11\/3Definicio-Multimedia-Imatge.png 804w, https:\/\/webs.uab.cat\/edicio-web\/wp-content\/uploads\/sites\/31\/2023\/11\/3Definicio-Multimedia-Imatge-300x217.png 300w, https:\/\/webs.uab.cat\/edicio-web\/wp-content\/uploads\/sites\/31\/2023\/11\/3Definicio-Multimedia-Imatge-768x556.png 768w\" sizes=\"auto, (max-width: 804px) 100vw, 804px\" \/><\/figure>\n\n\n\n<p>Una vegada ja teniu creat el nou asset es hora omplir els camps. Per ajudar-vos a continuaci\u00f3n detallem cada camp que trobareu. De tots els camps que cont\u00e9 l\u2019asset multim\u00e8dia, nom\u00e9s cal omplir els que tenen l\u2019asterisc que s\u00f3n els obligatoris perqu\u00e8 funcioni b\u00e9 la visualitzaci\u00f3.<\/p>\n\n\n\n<p>*<strong>NOMBRE:<\/strong> El nom de l<strong>\u2019Asset Multim\u00e8dia Imatge<\/strong> no apareix en cap lloc de la web, nom\u00e9s us serveix per identificar els multim\u00e8dias dins el gestor de continguts. Els noms dels assets de tipus <strong>Asset Multim\u00e8dia<\/strong> amb la definici\u00f3 &#8216;<strong>Imatge<\/strong>&#8216; els comen\u00e7arem pel prefix &#8216;<strong>MM<\/strong>&#8216; seguit per &#8216;<strong>_IMG<\/strong>&#8216;, aix\u00ed: <\/p>\n\n\n\n<p>&#8216;<strong>MM_IMG_<\/strong>Exemple Nom Multim\u00e8dia&#8217;.  <\/p>\n\n\n\n<p>En el cas dels multim\u00e8dia que son traduccions, hi posem sempre el prefixe (es) o (en) per indicar-ne l\u2019idioma.<\/p>\n\n\n\n<p><strong>ETIQUETAS:<\/strong> Camp opcional, per si es vol etiquetar els assets, si els trobeu m\u00e9s r\u00e0pidament en el gestor de continguts.<\/p>\n\n\n\n<p><strong>CATEGOR\u00cdA:<\/strong> \u00c9s un camp opcional. S\u2019ha preconfigurat una categoria, per\u00f2 podeu crear-ne de noves, aix\u00ed teniu opci\u00f3 de classificar les imatges que tingueu al site. Pot ser molt \u00fatil per treballar de forma m\u00e9s ordenada.<\/p>\n\n\n\n<p><strong>ARXIU IMATGE:<\/strong>&nbsp;Pugeu el fitxer d\u2019imatge. Format t\u00edpic: JPEG, PNG. El nom del fitxer d\u2019imatge no pot tenir car\u00e0cters especials, ni espais, ni accents, ni \u00d1, ni L\u00b7L, etc. En el cas de fer una c\u00f2pia de l\u2019asset imatge, cal procurar que el nou fitxer tingui un nom diferent de l\u2019anterior.<\/p>\n\n\n\n<p><strong>TEXT ALT:<\/strong>&nbsp;Text alternatiu de la imatge, s\u2019ha de descriure breument el que apareix a la imatge, per millorar l\u2019accessibilitat web. En el cas de fer una c\u00f2pia de l\u2019asset imatge, vigileu que el text alternatiu s\u2019ha de canviar i posar la descripci\u00f3 de la nova imatge. I que no sigui ni el nom del fitxer, ni altres codis. En aquest post expliquem millor com entendre aquest camp:<\/p>\n\n\n\n<div class=\"wp-block-buttons is-content-justification-center is-layout-flex wp-container-core-buttons-is-layout-16018d1d wp-block-buttons-is-layout-flex\">\n<div class=\"wp-block-button\"><a class=\"wp-block-button__link wp-element-button\" href=\"https:\/\/webs.uab.cat\/edicio-web\/2020\/04\/14\/siguem-accessibles\/\" target=\"_blank\" rel=\"noreferrer noopener\">Siguem accessibles<\/a><\/div>\n<\/div>\n\n\n\n<p><strong>PEU DE FOTO:<\/strong> Opcionalment, es pot mostrar un peu de foto. Molt utilitzat en not\u00edcies i quan la foto mostra persones i es vol dir el seu nom. O tamb\u00e9 per indicar autoria de la foto. <\/p>\n\n\n\n<p><strong>ARXIU IMATGE MINIATURA<\/strong>: Aquest camp no \u00e9s obligatori, per\u00f2 prou recomenat ja que aquesta imatge \u00e9s veur\u00e0 dins de una <strong>Galeria<\/strong> (Fila o M\u00f2dul). <br>Exemple:<\/p>\n\n\n\n<figure class=\"wp-block-image size-full\"><img loading=\"lazy\" decoding=\"async\" width=\"900\" height=\"647\" src=\"https:\/\/webs.uab.cat\/edicio-web\/wp-content\/uploads\/sites\/31\/2023\/12\/5-VisualitazacioImatge-en-galeria.jpg\" alt=\"\" class=\"wp-image-4161\" srcset=\"https:\/\/webs.uab.cat\/edicio-web\/wp-content\/uploads\/sites\/31\/2023\/12\/5-VisualitazacioImatge-en-galeria.jpg 900w, https:\/\/webs.uab.cat\/edicio-web\/wp-content\/uploads\/sites\/31\/2023\/12\/5-VisualitazacioImatge-en-galeria-300x216.jpg 300w, https:\/\/webs.uab.cat\/edicio-web\/wp-content\/uploads\/sites\/31\/2023\/12\/5-VisualitazacioImatge-en-galeria-768x552.jpg 768w\" sizes=\"auto, (max-width: 900px) 100vw, 900px\" \/><\/figure>\n\n\n\n<p>Una vegada ja teniu creat l&#8217;<strong>Asset Multim\u00e8dia Imatge<\/strong> a continuaci\u00f3 podeu afegir-lo dins una <a rel=\"noreferrer noopener\" href=\"https:\/\/webs.uab.cat\/edicio-web\/manual-dusuari-oracle-asset-pagina\/\" target=\"_blank\">P\u00e0gina interio<\/a>r, una <a rel=\"noreferrer noopener\" href=\"https:\/\/webs.uab.cat\/edicio-web\/manual-dusuari-oracle-asset-actualitat-noticia-i-agenda\/\" target=\"_blank\">Not\u00edcia<\/a> o un <a rel=\"noreferrer noopener\" href=\"https:\/\/webs.uab.cat\/edicio-web\/manual-dusuari-oracle-asset-modul\/\" target=\"_blank\">M\u00f2dul<\/a>.<\/p>\n\n\n\n<p><\/p>\n\n\n\n<h2 class=\"wp-block-heading\">Mides recomanades per a les imatges<\/h2>\n\n\n\n<div class=\"wp-block-group\"><div class=\"wp-block-group__inner-container is-layout-flow wp-block-group-is-layout-flow\">\n<p>Acompanyant <strong>not\u00edcies <\/strong>(la imatge es veuria al carrusel i al detall de not\u00edcia):<\/p>\n\n\n\n<ul class=\"wp-block-list\">\n<li><strong>M\u00ednim 900px d\u2019ample<\/strong>, l\u2019al\u00e7ada \u00e9s bastant lliure. Per exemple, es pot posar una foto en format vertical al detall de la not\u00edcia, per\u00f2 al carrusel es veuria nom\u00e9s la part central de la imatge.<\/li>\n\n\n\n<li><strong>L\u2019ideal seria 900 x 600<\/strong>, tot i que un altre format es podria veure b\u00e9 al detall de la not\u00edcia i es veuria retallat en la portada.<\/li>\n<\/ul>\n<\/div><\/div>\n\n\n\n<div class=\"wp-block-group\"><div class=\"wp-block-group__inner-container is-layout-flow wp-block-group-is-layout-flow\">\n<p>Destacats <strong>cortina <\/strong>de la portada:<\/p>\n\n\n\n<ul class=\"wp-block-list\">\n<li><strong>600&#215;600 \u00e9s bastant ideal<\/strong>. Es poden posar imatges d\u2019altres proporcions i es mostrarien b\u00e9, per\u00f2 l\u2019ideal \u00e9s que siguin quadrades.<\/li>\n<\/ul>\n<\/div><\/div>\n\n\n\n<p><\/p>\n\n\n\n<div class=\"wp-block-group\"><div class=\"wp-block-group__inner-container is-layout-flow wp-block-group-is-layout-flow\">\n<p>Part <strong>central <\/strong>p\u00e0gina interior, idealment:<\/p>\n\n\n\n<ul class=\"wp-block-list\">\n<li>Si no hi ha laterals, 1300px d\u2019ample<\/li>\n\n\n\n<li>Si hi ha un o dos laterals, 1000px d\u2019ample<\/li>\n<\/ul>\n<\/div><\/div>\n\n\n\n<p><\/p>\n\n\n\n<div class=\"wp-block-group\"><div class=\"wp-block-group__inner-container is-layout-flow wp-block-group-is-layout-flow\">\n<p><strong><a rel=\"noreferrer noopener\" href=\"https:\/\/www.uab.cat\/web\/recerca-1345813123423.html\" target=\"_blank\">Targetes<\/a><\/strong> i <strong><a href=\"https:\/\/www.uab.cat\/web\/formacio-1345813174103.html\" target=\"_blank\" rel=\"noreferrer noopener\">targetes p\u00f2sters<\/a><\/strong>:<\/p>\n\n\n\n<ul class=\"wp-block-list\">\n<li>Aquestes dues han de fer proporci\u00f3 5\/3, \u00e9s a dir per exemple 500x300px o 1000x600px. La <strong>mida recomanada seria 900x540px<\/strong>.<\/li>\n<\/ul>\n<\/div><\/div>\n\n\n\n<p><\/p>\n\n\n\n<p>Les <strong><a href=\"https:\/\/www.uab.cat\/web\/uab-barcelona-summer-school-1345844075637.html\" target=\"_blank\" rel=\"noreferrer noopener\">targetes distribu\u00efdores<\/a><\/strong>, per exemple:<\/p>\n\n\n\n<ul class=\"wp-block-list\">\n<li>Aquestes han de fer proporci\u00f3 5\/2, \u00e9s a dir per exemple 500x200px o 1000x400px. La <strong>mida recomanada seria 900x360px<\/strong>.<\/li>\n<\/ul>\n\n\n\n<p class=\"wp-block-uab-alerta alerta\">Encara que la p\u00e0gina reescali la imatge, <strong>no s\u2019ha de pujar en mida superior a la recomanada perqu\u00e8 aleshores es tardar\u00e0 massa a carregar la p\u00e0gina (penalitzem el rendiment del web). Aix\u00ed doncs, cal retallar la imatge abans de pujar-la a Oracle. Al blog us donem alguns consells<\/strong>:<\/p>\n\n\n\n<div class=\"wp-block-group is-content-justification-center is-nowrap is-layout-flex wp-container-core-group-is-layout-94bc23d7 wp-block-group-is-layout-flex\">\n<div class=\"wp-block-buttons is-content-justification-center is-layout-flex wp-container-core-buttons-is-layout-16018d1d wp-block-buttons-is-layout-flex\">\n<div class=\"wp-block-button\"><a class=\"wp-block-button__link wp-element-button\" href=\"https:\/\/webs.uab.cat\/edicio-web\/2017\/04\/28\/millora-la-teva-imatge\/\" target=\"_blank\" rel=\"noreferrer noopener\">Millora la teva imatge!<\/a><\/div>\n<\/div>\n\n\n\n<div class=\"wp-block-buttons is-content-justification-center is-layout-flex wp-container-core-buttons-is-layout-16018d1d wp-block-buttons-is-layout-flex\">\n<div class=\"wp-block-button\"><a class=\"wp-block-button__link wp-element-button\" href=\"https:\/\/webs.uab.cat\/edicio-web\/2016\/10\/26\/programes-dedicio-dimatges\/\" target=\"_blank\" rel=\"noreferrer noopener\">Programes d\u2019edici\u00f3 d\u2019imatges<\/a><\/div>\n<\/div>\n<\/div>\n\n\n\n<div class=\"wp-block-group is-content-justification-center is-nowrap is-layout-flex wp-container-core-group-is-layout-94bc23d7 wp-block-group-is-layout-flex\">\n<div class=\"wp-block-buttons is-content-justification-center is-layout-flex wp-container-core-buttons-is-layout-16018d1d wp-block-buttons-is-layout-flex\">\n<div class=\"wp-block-button\"><a class=\"wp-block-button__link wp-element-button\" href=\"https:\/\/webs.uab.cat\/edicio-web\/asset-multimedia-2\/\" target=\"_blank\" rel=\"noreferrer noopener\">ASSETS MULTIM\u00c8DIA<\/a><\/div>\n<\/div>\n\n\n\n<div class=\"wp-block-buttons is-content-justification-center is-layout-flex wp-container-core-buttons-is-layout-16018d1d wp-block-buttons-is-layout-flex\">\n<div class=\"wp-block-button\"><a class=\"wp-block-button__link wp-element-button\" href=\"https:\/\/webs.uab.cat\/edicio-web\/manual-dusuari-oracle-collocacio-de-moduls-a-la-part-central\/#galeria-multimedia-mediateca\" target=\"_blank\" rel=\"noreferrer noopener\">ASSET M\u00d2DUL &#8211; Galeria Multim\u00e8dia<\/a><\/div>\n<\/div>\n<\/div>\n\n\n\n<p><\/p>\n","protected":false},"excerpt":{"rendered":"<p>L&#8217;asset Multim\u00e8dia Imatge s\u2019utilitza per acompanyar les not\u00edcies i tamb\u00e9 es poden posar en p\u00e0gines interiors o en els destacats de la portada. En la captura de pantalla que veiem m\u00e9s abaix podem veure un exemple d&#8217;una imatge dins d&#8217;una p\u00e0gina interior. Malgrat que l&#8217;exemple \u00e9s dins una p\u00e0gina interior, en realitat aquest asset serveix [&hellip;]<\/p>\n","protected":false},"author":205,"featured_media":0,"parent":0,"menu_order":0,"comment_status":"closed","ping_status":"closed","template":"","meta":{"footnotes":""},"class_list":["post-4083","page","type-page","status-publish","hentry"],"yoast_head":"<!-- This site is optimized with the Yoast SEO plugin v26.8 - https:\/\/yoast.com\/product\/yoast-seo-wordpress\/ -->\n<title>Asset Multim\u00e8dia IMATGE &#8212; Blog de l&#039;edici\u00f3 web a la UAB<\/title>\n<meta name=\"robots\" content=\"index, follow, max-snippet:-1, max-image-preview:large, max-video-preview:-1\" \/>\n<link rel=\"canonical\" href=\"https:\/\/webs.uab.cat\/edicio-web\/asset-multimedia-imatge\/\" \/>\n<meta property=\"og:locale\" content=\"ca_ES\" \/>\n<meta property=\"og:type\" content=\"article\" \/>\n<meta property=\"og:title\" content=\"Asset Multim\u00e8dia IMATGE &#8212; Blog de l&#039;edici\u00f3 web a la UAB\" \/>\n<meta property=\"og:description\" content=\"L&#8217;asset Multim\u00e8dia Imatge s\u2019utilitza per acompanyar les not\u00edcies i tamb\u00e9 es poden posar en p\u00e0gines interiors o en els destacats de la portada. En la captura de pantalla que veiem m\u00e9s abaix podem veure un exemple d&#8217;una imatge dins d&#8217;una p\u00e0gina interior. Malgrat que l&#8217;exemple \u00e9s dins una p\u00e0gina interior, en realitat aquest asset serveix [&hellip;]\" \/>\n<meta property=\"og:url\" content=\"https:\/\/webs.uab.cat\/edicio-web\/asset-multimedia-imatge\/\" \/>\n<meta property=\"og:site_name\" content=\"Blog de l&#039;edici\u00f3 web a la UAB\" \/>\n<meta property=\"article:modified_time\" content=\"2023-12-20T09:42:30+00:00\" \/>\n<meta property=\"og:image\" content=\"https:\/\/webs.uab.cat\/edicio-web\/wp-content\/uploads\/sites\/31\/2023\/11\/Captura-de-pantalla-2023-11-29-a-las-13.53.54-1024x841.png\" \/>\n<meta name=\"twitter:card\" content=\"summary_large_image\" \/>\n<meta name=\"twitter:label1\" content=\"Temps estimat de lectura\" \/>\n\t<meta name=\"twitter:data1\" content=\"4 minuts\" \/>\n<script type=\"application\/ld+json\" class=\"yoast-schema-graph\">{\"@context\":\"https:\/\/schema.org\",\"@graph\":[{\"@type\":\"WebPage\",\"@id\":\"https:\/\/webs.uab.cat\/edicio-web\/asset-multimedia-imatge\/\",\"url\":\"https:\/\/webs.uab.cat\/edicio-web\/asset-multimedia-imatge\/\",\"name\":\"Asset Multim\u00e8dia IMATGE &#8212; Blog de l&#039;edici\u00f3 web a la UAB\",\"isPartOf\":{\"@id\":\"https:\/\/webs.uab.cat\/edicio-web\/#website\"},\"primaryImageOfPage\":{\"@id\":\"https:\/\/webs.uab.cat\/edicio-web\/asset-multimedia-imatge\/#primaryimage\"},\"image\":{\"@id\":\"https:\/\/webs.uab.cat\/edicio-web\/asset-multimedia-imatge\/#primaryimage\"},\"thumbnailUrl\":\"https:\/\/webs.uab.cat\/edicio-web\/wp-content\/uploads\/sites\/31\/2023\/11\/Captura-de-pantalla-2023-11-29-a-las-13.53.54-1024x841.png\",\"datePublished\":\"2023-12-18T15:36:50+00:00\",\"dateModified\":\"2023-12-20T09:42:30+00:00\",\"breadcrumb\":{\"@id\":\"https:\/\/webs.uab.cat\/edicio-web\/asset-multimedia-imatge\/#breadcrumb\"},\"inLanguage\":\"ca\",\"potentialAction\":[{\"@type\":\"ReadAction\",\"target\":[\"https:\/\/webs.uab.cat\/edicio-web\/asset-multimedia-imatge\/\"]}]},{\"@type\":\"ImageObject\",\"inLanguage\":\"ca\",\"@id\":\"https:\/\/webs.uab.cat\/edicio-web\/asset-multimedia-imatge\/#primaryimage\",\"url\":\"https:\/\/webs.uab.cat\/edicio-web\/wp-content\/uploads\/sites\/31\/2023\/11\/Captura-de-pantalla-2023-11-29-a-las-13.53.54.png\",\"contentUrl\":\"https:\/\/webs.uab.cat\/edicio-web\/wp-content\/uploads\/sites\/31\/2023\/11\/Captura-de-pantalla-2023-11-29-a-las-13.53.54.png\",\"width\":1120,\"height\":920},{\"@type\":\"BreadcrumbList\",\"@id\":\"https:\/\/webs.uab.cat\/edicio-web\/asset-multimedia-imatge\/#breadcrumb\",\"itemListElement\":[{\"@type\":\"ListItem\",\"position\":1,\"name\":\"Inici\",\"item\":\"https:\/\/webs.uab.cat\/edicio-web\/\"},{\"@type\":\"ListItem\",\"position\":2,\"name\":\"Asset Multim\u00e8dia IMATGE\"}]},{\"@type\":\"WebSite\",\"@id\":\"https:\/\/webs.uab.cat\/edicio-web\/#website\",\"url\":\"https:\/\/webs.uab.cat\/edicio-web\/\",\"name\":\"Blog de l'edici\u00f3 web a la UAB\",\"description\":\"Un espai amb recursos \u00fatils per a les persones que editen el web de la UAB\",\"publisher\":{\"@id\":\"https:\/\/webs.uab.cat\/edicio-web\/#organization\"},\"potentialAction\":[{\"@type\":\"SearchAction\",\"target\":{\"@type\":\"EntryPoint\",\"urlTemplate\":\"https:\/\/webs.uab.cat\/edicio-web\/?s={search_term_string}\"},\"query-input\":{\"@type\":\"PropertyValueSpecification\",\"valueRequired\":true,\"valueName\":\"search_term_string\"}}],\"inLanguage\":\"ca\"},{\"@type\":\"Organization\",\"@id\":\"https:\/\/webs.uab.cat\/edicio-web\/#organization\",\"name\":\"Unitat de Web, Universitat Aut\u00f2noma de Barcelona\",\"url\":\"https:\/\/webs.uab.cat\/edicio-web\/\",\"logo\":{\"@type\":\"ImageObject\",\"inLanguage\":\"ca\",\"@id\":\"https:\/\/webs.uab.cat\/edicio-web\/#\/schema\/logo\/image\/\",\"url\":\"https:\/\/webs.uab.cat\/edicio-web\/wp-content\/uploads\/sites\/31\/2024\/11\/logotip-uab-esquerra-2-linies-verd.png\",\"contentUrl\":\"https:\/\/webs.uab.cat\/edicio-web\/wp-content\/uploads\/sites\/31\/2024\/11\/logotip-uab-esquerra-2-linies-verd.png\",\"width\":1892,\"height\":727,\"caption\":\"Unitat de Web, Universitat Aut\u00f2noma de Barcelona\"},\"image\":{\"@id\":\"https:\/\/webs.uab.cat\/edicio-web\/#\/schema\/logo\/image\/\"}}]}<\/script>\n<!-- \/ Yoast SEO plugin. -->","yoast_head_json":{"title":"Asset Multim\u00e8dia IMATGE &#8212; Blog de l&#039;edici\u00f3 web a la UAB","robots":{"index":"index","follow":"follow","max-snippet":"max-snippet:-1","max-image-preview":"max-image-preview:large","max-video-preview":"max-video-preview:-1"},"canonical":"https:\/\/webs.uab.cat\/edicio-web\/asset-multimedia-imatge\/","og_locale":"ca_ES","og_type":"article","og_title":"Asset Multim\u00e8dia IMATGE &#8212; Blog de l&#039;edici\u00f3 web a la UAB","og_description":"L&#8217;asset Multim\u00e8dia Imatge s\u2019utilitza per acompanyar les not\u00edcies i tamb\u00e9 es poden posar en p\u00e0gines interiors o en els destacats de la portada. En la captura de pantalla que veiem m\u00e9s abaix podem veure un exemple d&#8217;una imatge dins d&#8217;una p\u00e0gina interior. Malgrat que l&#8217;exemple \u00e9s dins una p\u00e0gina interior, en realitat aquest asset serveix [&hellip;]","og_url":"https:\/\/webs.uab.cat\/edicio-web\/asset-multimedia-imatge\/","og_site_name":"Blog de l&#039;edici\u00f3 web a la UAB","article_modified_time":"2023-12-20T09:42:30+00:00","og_image":[{"url":"https:\/\/webs.uab.cat\/edicio-web\/wp-content\/uploads\/sites\/31\/2023\/11\/Captura-de-pantalla-2023-11-29-a-las-13.53.54-1024x841.png","type":"","width":"","height":""}],"twitter_card":"summary_large_image","twitter_misc":{"Temps estimat de lectura":"4 minuts"},"schema":{"@context":"https:\/\/schema.org","@graph":[{"@type":"WebPage","@id":"https:\/\/webs.uab.cat\/edicio-web\/asset-multimedia-imatge\/","url":"https:\/\/webs.uab.cat\/edicio-web\/asset-multimedia-imatge\/","name":"Asset Multim\u00e8dia IMATGE &#8212; Blog de l&#039;edici\u00f3 web a la UAB","isPartOf":{"@id":"https:\/\/webs.uab.cat\/edicio-web\/#website"},"primaryImageOfPage":{"@id":"https:\/\/webs.uab.cat\/edicio-web\/asset-multimedia-imatge\/#primaryimage"},"image":{"@id":"https:\/\/webs.uab.cat\/edicio-web\/asset-multimedia-imatge\/#primaryimage"},"thumbnailUrl":"https:\/\/webs.uab.cat\/edicio-web\/wp-content\/uploads\/sites\/31\/2023\/11\/Captura-de-pantalla-2023-11-29-a-las-13.53.54-1024x841.png","datePublished":"2023-12-18T15:36:50+00:00","dateModified":"2023-12-20T09:42:30+00:00","breadcrumb":{"@id":"https:\/\/webs.uab.cat\/edicio-web\/asset-multimedia-imatge\/#breadcrumb"},"inLanguage":"ca","potentialAction":[{"@type":"ReadAction","target":["https:\/\/webs.uab.cat\/edicio-web\/asset-multimedia-imatge\/"]}]},{"@type":"ImageObject","inLanguage":"ca","@id":"https:\/\/webs.uab.cat\/edicio-web\/asset-multimedia-imatge\/#primaryimage","url":"https:\/\/webs.uab.cat\/edicio-web\/wp-content\/uploads\/sites\/31\/2023\/11\/Captura-de-pantalla-2023-11-29-a-las-13.53.54.png","contentUrl":"https:\/\/webs.uab.cat\/edicio-web\/wp-content\/uploads\/sites\/31\/2023\/11\/Captura-de-pantalla-2023-11-29-a-las-13.53.54.png","width":1120,"height":920},{"@type":"BreadcrumbList","@id":"https:\/\/webs.uab.cat\/edicio-web\/asset-multimedia-imatge\/#breadcrumb","itemListElement":[{"@type":"ListItem","position":1,"name":"Inici","item":"https:\/\/webs.uab.cat\/edicio-web\/"},{"@type":"ListItem","position":2,"name":"Asset Multim\u00e8dia IMATGE"}]},{"@type":"WebSite","@id":"https:\/\/webs.uab.cat\/edicio-web\/#website","url":"https:\/\/webs.uab.cat\/edicio-web\/","name":"Blog de l'edici\u00f3 web a la UAB","description":"Un espai amb recursos \u00fatils per a les persones que editen el web de la UAB","publisher":{"@id":"https:\/\/webs.uab.cat\/edicio-web\/#organization"},"potentialAction":[{"@type":"SearchAction","target":{"@type":"EntryPoint","urlTemplate":"https:\/\/webs.uab.cat\/edicio-web\/?s={search_term_string}"},"query-input":{"@type":"PropertyValueSpecification","valueRequired":true,"valueName":"search_term_string"}}],"inLanguage":"ca"},{"@type":"Organization","@id":"https:\/\/webs.uab.cat\/edicio-web\/#organization","name":"Unitat de Web, Universitat Aut\u00f2noma de Barcelona","url":"https:\/\/webs.uab.cat\/edicio-web\/","logo":{"@type":"ImageObject","inLanguage":"ca","@id":"https:\/\/webs.uab.cat\/edicio-web\/#\/schema\/logo\/image\/","url":"https:\/\/webs.uab.cat\/edicio-web\/wp-content\/uploads\/sites\/31\/2024\/11\/logotip-uab-esquerra-2-linies-verd.png","contentUrl":"https:\/\/webs.uab.cat\/edicio-web\/wp-content\/uploads\/sites\/31\/2024\/11\/logotip-uab-esquerra-2-linies-verd.png","width":1892,"height":727,"caption":"Unitat de Web, Universitat Aut\u00f2noma de Barcelona"},"image":{"@id":"https:\/\/webs.uab.cat\/edicio-web\/#\/schema\/logo\/image\/"}}]}},"_links":{"self":[{"href":"https:\/\/webs.uab.cat\/edicio-web\/wp-json\/wp\/v2\/pages\/4083","targetHints":{"allow":["GET"]}}],"collection":[{"href":"https:\/\/webs.uab.cat\/edicio-web\/wp-json\/wp\/v2\/pages"}],"about":[{"href":"https:\/\/webs.uab.cat\/edicio-web\/wp-json\/wp\/v2\/types\/page"}],"author":[{"embeddable":true,"href":"https:\/\/webs.uab.cat\/edicio-web\/wp-json\/wp\/v2\/users\/205"}],"replies":[{"embeddable":true,"href":"https:\/\/webs.uab.cat\/edicio-web\/wp-json\/wp\/v2\/comments?post=4083"}],"version-history":[{"count":9,"href":"https:\/\/webs.uab.cat\/edicio-web\/wp-json\/wp\/v2\/pages\/4083\/revisions"}],"predecessor-version":[{"id":4200,"href":"https:\/\/webs.uab.cat\/edicio-web\/wp-json\/wp\/v2\/pages\/4083\/revisions\/4200"}],"wp:attachment":[{"href":"https:\/\/webs.uab.cat\/edicio-web\/wp-json\/wp\/v2\/media?parent=4083"}],"curies":[{"name":"wp","href":"https:\/\/api.w.org\/{rel}","templated":true}]}}