{"id":57,"date":"2020-06-09T11:56:07","date_gmt":"2020-06-09T11:56:07","guid":{"rendered":"https:\/\/webs.uab.cat\/educacioigenere\/portada\/"},"modified":"2022-08-09T12:26:25","modified_gmt":"2022-08-09T12:26:25","slug":"portada","status":"publish","type":"page","link":"https:\/\/webs.uab.cat\/educacioigenere\/","title":{"rendered":"Portada"},"content":{"rendered":"\n<h2 class=\"wp-block-heading\"><strong>El Grup d&#8217;Educaci\u00f3 i G\u00e8nere<\/strong><\/h2>\n\n\n\n<p>El Grup d&#8217;Educaci\u00f3 i G\u00e8nere \u00e9s un projecte d&#8217;investigaci\u00f3-acci\u00f3&nbsp;que treballa conjuntament amb professorat i alumnat&nbsp;per erradicar&nbsp;l\u2019assumpci\u00f3 acr\u00edtica del patriarcat i introduir la&nbsp;perspectiva de g\u00e8nere a tota la comunitat educativa de la Facultat de Ci\u00e8ncies de l&#8217;Educaci\u00f3. L\u2019origen d\u2019aquest projecte parteix d\u2019una hist\u00f2ria de vincles feministes constru\u00efts des de l\u2019afecte, l\u2019activisme i la professionalitat de persones que busquem una millora de la realitat educativa per transformar&nbsp;visions, continguts, referents bibliogr\u00e0fics i metodologies d&#8217;ensenyament i aprenentatge.<\/p>\n\n\n\n<p>La hist\u00f2ria comen\u00e7a l\u2019any 2017 amb un grup de professores interessades a con\u00e8ixer i estudiar la incorporaci\u00f3 de la perspectiva de g\u00e8nere a la Facultat de Ci\u00e8ncies de l\u2019Educaci\u00f3 de la UAB. Inicialment, el Grup d\u2019Educaci\u00f3 i G\u00e8nere tenia la finalitat de compartir mirades, emocions i coneixement. A partir d\u2019aqu\u00ed hem anat consolidant un projecte de millora de la qualitat docent ampli i inclusiu amb altres membres de la comunitat. Actualment, gr\u00e0cies a la difusi\u00f3 en els canals de comunicaci\u00f3 de la Facultat, el butllet\u00ed de premsa, el canal de Youtube del Servei d\u2019Audiovisuals i la creaci\u00f3 de comptes a Instagram i Twitter (@edugenere), arribem a tota la comunitat educativa dins i fora de la Facultat de Ci\u00e8ncies de l\u2019Educaci\u00f3.<\/p>\n\n\n\n<p><iframe loading=\"lazy\" src=\"https:\/\/www.youtube.com\/embed\/DjwW6uQh6Mg\" scrolling=\"no\" allowfullscreen=\"allowfullscreen\" width=\"550\" height=\"305\" frameborder=\"0\" align=\"left\"><\/p>\n\n\n\n<p><\/p>\n\n\n\n<p><\/p>\n\n\n\n<p><\/p>\n\n\n\n<p><\/p>\n\n\n\n<p><\/p>\n\n\n\n<h2 class=\"wp-block-heading\"><strong>Actualitat<\/strong><\/h2>\n\n\n\n<figure class=\"wp-block-table\"><table><tbody><tr><td><a href=\"https:\/\/webs.uab.cat\/educacioigenere\/news\/no-hi-ha-jerarquies-en-lopressio-una-teoria-i-una-practica-interseccionals\/\" data-type=\"news\" data-id=\"86\"><img loading=\"lazy\" decoding=\"async\" width=\"500\" height=\"794\" align=\"middle\" style=\"border: #000000 2px solid;\" src=\"https:\/\/pagines.uab.cat\/educacioigenere\/sites\/pagines.uab.cat.educacioigenere\/files\/sessio_grup_accio_abril_21_0.png\" alt=\"\"><\/a><\/td><td><a href=\"https:\/\/webs.uab.cat\/educacioigenere\/news\/cuerpas-maleducadas\/\" data-type=\"news\" data-id=\"85\"><img loading=\"lazy\" decoding=\"async\" width=\"500\" height=\"827\" align=\"middle\" style=\"border: #000000 2px solid;\" src=\"https:\/\/pagines.uab.cat\/educacioigenere\/sites\/pagines.uab.cat.educacioigenere\/files\/sessio_marc_2021_edugenere.png\" alt=\"\"><\/a><\/td><\/tr><tr><td><strong>No hi ha jerarquies en l&#8217;opressi\u00f3. Per una teoria i una pr\u00e0ctica interseccionals<\/strong><\/td><td><strong>Cuerpas Maleducadas: sessi\u00f3 del grup d&#8217;acci\u00f3 de mar\u00e7 amb tres estudiants del grau d&#8217;Estudis Socioculturals de G\u00e8nere de la UAB<\/strong><\/td><\/tr><\/tbody><\/table><\/figure>\n","protected":false},"excerpt":{"rendered":"<p>El Grup d&#8217;Educaci\u00f3 i G\u00e8nere El Grup d&#8217;Educaci\u00f3 i G\u00e8nere \u00e9s un projecte d&#8217;investigaci\u00f3-acci\u00f3&nbsp;que treballa conjuntament amb professorat i alumnat&nbsp;per erradicar&nbsp;l\u2019assumpci\u00f3 acr\u00edtica del patriarcat i introduir la&nbsp;perspectiva de g\u00e8nere a tota la comunitat educativa de la Facultat de Ci\u00e8ncies de l&#8217;Educaci\u00f3. L\u2019origen d\u2019aquest projecte parteix d\u2019una hist\u00f2ria de vincles feministes constru\u00efts des de l\u2019afecte, l\u2019activisme [&hellip;]<\/p>\n","protected":false},"author":20,"featured_media":0,"parent":0,"menu_order":0,"comment_status":"closed","ping_status":"closed","template":"","meta":{"footnotes":""},"class_list":["post-57","page","type-page","status-publish","hentry"],"_links":{"self":[{"href":"https:\/\/webs.uab.cat\/educacioigenere\/wp-json\/wp\/v2\/pages\/57","targetHints":{"allow":["GET"]}}],"collection":[{"href":"https:\/\/webs.uab.cat\/educacioigenere\/wp-json\/wp\/v2\/pages"}],"about":[{"href":"https:\/\/webs.uab.cat\/educacioigenere\/wp-json\/wp\/v2\/types\/page"}],"author":[{"embeddable":true,"href":"https:\/\/webs.uab.cat\/educacioigenere\/wp-json\/wp\/v2\/users\/20"}],"replies":[{"embeddable":true,"href":"https:\/\/webs.uab.cat\/educacioigenere\/wp-json\/wp\/v2\/comments?post=57"}],"version-history":[{"count":1,"href":"https:\/\/webs.uab.cat\/educacioigenere\/wp-json\/wp\/v2\/pages\/57\/revisions"}],"predecessor-version":[{"id":113,"href":"https:\/\/webs.uab.cat\/educacioigenere\/wp-json\/wp\/v2\/pages\/57\/revisions\/113"}],"wp:attachment":[{"href":"https:\/\/webs.uab.cat\/educacioigenere\/wp-json\/wp\/v2\/media?parent=57"}],"curies":[{"name":"wp","href":"https:\/\/api.w.org\/{rel}","templated":true}]}}