{"id":1660,"date":"2023-02-24T10:20:03","date_gmt":"2023-02-24T08:20:03","guid":{"rendered":"https:\/\/webs.uab.cat\/egolab\/?page_id=1660"},"modified":"2023-03-31T16:41:29","modified_gmt":"2023-03-31T14:41:29","slug":"dimcom","status":"publish","type":"page","link":"https:\/\/webs.uab.cat\/egolab\/ca\/dimcom\/","title":{"rendered":"DIMCOM: Dimensi\u00f3 comunit\u00e0ria, xarxes socials i exclusi\u00f3 social"},"content":{"rendered":"<div class=\"wp-block-image is-style-default\">\n<figure class=\"aligncenter size-full\"><img loading=\"lazy\" decoding=\"async\" width=\"2560\" height=\"1708\" src=\"https:\/\/webs.uab.cat\/egolab\/wp-content\/uploads\/sites\/283\/2023\/02\/zac-durant-76HhAKI5JXI-unsplash-scaled.jpg\" alt=\"\" class=\"wp-image-1733\" srcset=\"https:\/\/webs.uab.cat\/egolab\/wp-content\/uploads\/sites\/283\/2023\/02\/zac-durant-76HhAKI5JXI-unsplash-scaled.jpg 2560w, https:\/\/webs.uab.cat\/egolab\/wp-content\/uploads\/sites\/283\/2023\/02\/zac-durant-76HhAKI5JXI-unsplash-300x200.jpg 300w, https:\/\/webs.uab.cat\/egolab\/wp-content\/uploads\/sites\/283\/2023\/02\/zac-durant-76HhAKI5JXI-unsplash-1024x683.jpg 1024w, https:\/\/webs.uab.cat\/egolab\/wp-content\/uploads\/sites\/283\/2023\/02\/zac-durant-76HhAKI5JXI-unsplash-768x512.jpg 768w, https:\/\/webs.uab.cat\/egolab\/wp-content\/uploads\/sites\/283\/2023\/02\/zac-durant-76HhAKI5JXI-unsplash-1536x1025.jpg 1536w, https:\/\/webs.uab.cat\/egolab\/wp-content\/uploads\/sites\/283\/2023\/02\/zac-durant-76HhAKI5JXI-unsplash-2048x1366.jpg 2048w, https:\/\/webs.uab.cat\/egolab\/wp-content\/uploads\/sites\/283\/2023\/02\/zac-durant-76HhAKI5JXI-unsplash-1200x800.jpg 1200w, https:\/\/webs.uab.cat\/egolab\/wp-content\/uploads\/sites\/283\/2023\/02\/zac-durant-76HhAKI5JXI-unsplash-1980x1321.jpg 1980w\" sizes=\"auto, (max-width: 2560px) 100vw, 2560px\" \/><\/figure>\n<\/div>\n\n\n<p class=\"has-accent-background-color has-background\">IP: Hugo Valenzuela y Miranda J. Lubbers. Ref. PID2019-111251RB-I00. Per\u00edode: Juny 2019- juny 2023. Investigadors\/es: JL Molina, Roser Fern\u00e1ndez, Paula Escribano. Raphael Cantillana<\/p>\n\n\n\n<p>DIMCOM, acr\u00f2nim per a Dimensi\u00f3 comunit\u00e0ria, xarxes socials i exclusi\u00f3 social \u00e9s un projecte que sorgeix amb l&#8217;objectiu d&#8217;analitzar la dimensi\u00f3 social del precariat. Sota un angle m\u00e9s ampli, no obstant aix\u00f2, ens q\u00fcestionem de quina manera les condicions laborals deplorables afecten les relacions socials i impacten emocional i ideol\u00f2gicament en l&#8217;individu. Per a aix\u00f2 ens preguntem com es filtra la din\u00e0mica prec\u00e0ria en les relacions quotidianes, com s&#8217;experimenta aquest proc\u00e9s i quines noves formes de relacions i transformaci\u00f3 socials es produeixen. Per a m\u00e9s informaci\u00f3 dirigeix-te a la p\u00e0gina web del projecte. Gr\u00e0cies.<\/p>\n\n\n\n<p>Enlla\u00e7 a la p\u00e0gina web: <a href=\"https:\/\/webs.uab.cat\/dimcom\/\">https:\/\/webs.uab.cat\/dimcom\/ <\/a><\/p>\n\n\n\n<p><\/p>\n","protected":false},"excerpt":{"rendered":"<p>IP: Hugo Valenzuela y Miranda J. Lubbers. Ref. PID2019-111251RB-I00. Per\u00edode: Juny 2019- juny 2023. Investigadors\/es: JL Molina, Roser Fern\u00e1ndez, Paula Escribano. Raphael Cantillana DIMCOM, acr\u00f2nim per a Dimensi\u00f3 comunit\u00e0ria, xarxes socials i exclusi\u00f3 social \u00e9s un projecte que sorgeix amb l&#8217;objectiu d&#8217;analitzar la dimensi\u00f3 social del precariat. Sota un angle m\u00e9s ampli, no obstant aix\u00f2, [&hellip;]<\/p>\n","protected":false},"author":2548,"featured_media":0,"parent":0,"menu_order":0,"comment_status":"closed","ping_status":"closed","template":"","meta":{"footnotes":""},"class_list":["post-1660","page","type-page","status-publish","hentry"],"_links":{"self":[{"href":"https:\/\/webs.uab.cat\/egolab\/ca\/wp-json\/wp\/v2\/pages\/1660","targetHints":{"allow":["GET"]}}],"collection":[{"href":"https:\/\/webs.uab.cat\/egolab\/ca\/wp-json\/wp\/v2\/pages"}],"about":[{"href":"https:\/\/webs.uab.cat\/egolab\/ca\/wp-json\/wp\/v2\/types\/page"}],"author":[{"embeddable":true,"href":"https:\/\/webs.uab.cat\/egolab\/ca\/wp-json\/wp\/v2\/users\/2548"}],"replies":[{"embeddable":true,"href":"https:\/\/webs.uab.cat\/egolab\/ca\/wp-json\/wp\/v2\/comments?post=1660"}],"version-history":[{"count":9,"href":"https:\/\/webs.uab.cat\/egolab\/ca\/wp-json\/wp\/v2\/pages\/1660\/revisions"}],"predecessor-version":[{"id":2233,"href":"https:\/\/webs.uab.cat\/egolab\/ca\/wp-json\/wp\/v2\/pages\/1660\/revisions\/2233"}],"wp:attachment":[{"href":"https:\/\/webs.uab.cat\/egolab\/ca\/wp-json\/wp\/v2\/media?parent=1660"}],"curies":[{"name":"wp","href":"https:\/\/api.w.org\/{rel}","templated":true}]}}

DIMCOM: Dimensió comunitària, xarxes socials i exclusió social

<div class="wp-block-image is-style-default">
<figure class="aligncenter size-full"><img loading="lazy" decoding="async" width="2560" height="1708" src="https://webs.uab.cat/egolab/wp-content/uploads/sites/283/2023/02/zac-durant-76HhAKI5JXI-unsplash-scaled.jpg" alt="" class="wp-image-1733" srcset="https://webs.uab.cat/egolab/wp-content/uploads/sites/283/2023/02/zac-durant-76HhAKI5JXI-unsplash-scaled.jpg 2560w, https://webs.uab.cat/egolab/wp-content/uploads/sites/283/2023/02/zac-durant-76HhAKI5JXI-unsplash-300x200.jpg 300w, https://webs.uab.cat/egolab/wp-content/uploads/sites/283/2023/02/zac-durant-76HhAKI5JXI-unsplash-1024x683.jpg 1024w, https://webs.uab.cat/egolab/wp-content/uploads/sites/283/2023/02/zac-durant-76HhAKI5JXI-unsplash-768x512.jpg 768w, https://webs.uab.cat/egolab/wp-content/uploads/sites/283/2023/02/zac-durant-76HhAKI5JXI-unsplash-1536x1025.jpg 1536w, https://webs.uab.cat/egolab/wp-content/uploads/sites/283/2023/02/zac-durant-76HhAKI5JXI-unsplash-2048x1366.jpg 2048w, https://webs.uab.cat/egolab/wp-content/uploads/sites/283/2023/02/zac-durant-76HhAKI5JXI-unsplash-1200x800.jpg 1200w, https://webs.uab.cat/egolab/wp-content/uploads/sites/283/2023/02/zac-durant-76HhAKI5JXI-unsplash-1980x1321.jpg 1980w" sizes="auto, (max-width: 2560px) 100vw, 2560px" /></figure>
</div>


<p class="has-accent-background-color has-background">IP: Hugo Valenzuela y Miranda J. Lubbers. Ref. PID2019-111251RB-I00. Període: Juny 2019- juny 2023. Investigadors/es: JL Molina, Roser Fernández, Paula Escribano. Raphael Cantillana</p>



<p>DIMCOM, acrònim per a Dimensió comunitària, xarxes socials i exclusió social és un projecte que sorgeix amb l&#8217;objectiu d&#8217;analitzar la dimensió social del precariat. Sota un angle més ampli, no obstant això, ens qüestionem de quina manera les condicions laborals deplorables afecten les relacions socials i impacten emocional i ideològicament en l&#8217;individu. Per a això ens preguntem com es filtra la dinàmica precària en les relacions quotidianes, com s&#8217;experimenta aquest procés i quines noves formes de relacions i transformació socials es produeixen. Per a més informació dirigeix-te a la pàgina web del projecte. Gràcies.</p>



<p>Enllaç a la pàgina web: <a href="https://webs.uab.cat/dimcom/">https://webs.uab.cat/dimcom/ </a></p>



<p></p>

<p>IP: Hugo Valenzuela y Miranda J. Lubbers. Ref. PID2019-111251RB-I00. Període: Juny 2019- juny 2023. Investigadors/es: JL Molina, Roser Fernández, Paula Escribano. Raphael Cantillana DIMCOM, acrònim per a Dimensió comunitària, xarxes socials i exclusió social és un projecte que sorgeix amb l&#8217;objectiu d&#8217;analitzar la dimensió social del precariat. Sota un angle més ampli, no obstant això, [&hellip;]</p>
