{"id":548,"date":"2012-02-07T16:42:00","date_gmt":"2012-02-07T14:42:00","guid":{"rendered":"https:\/\/webs.uab.cat\/egolab\/biblio\/cohesion-vinculacion-e-integracion-sociales-en-el-marco-del-capital-social\/"},"modified":"2012-02-07T16:42:00","modified_gmt":"2012-02-07T14:42:00","slug":"cohesion-vinculacion-e-integracion-sociales-en-el-marco-del-capital-social","status":"publish","type":"biblio","link":"https:\/\/webs.uab.cat\/egolab\/biblio\/cohesion-vinculacion-e-integracion-sociales-en-el-marco-del-capital-social\/","title":{"rendered":"Cohesi\u00f3n, Vinculaci\u00f3n e Integraci\u00f3n sociales en el marco del Capital Social"},"content":{"rendered":"","protected":false},"excerpt":{"rendered":"","protected":false},"author":20,"featured_media":0,"template":"","class_list":["post-548","biblio","type-biblio","status-publish","hentry"],"_links":{"self":[{"href":"https:\/\/webs.uab.cat\/egolab\/wp-json\/wp\/v2\/biblio\/548","targetHints":{"allow":["GET"]}}],"collection":[{"href":"https:\/\/webs.uab.cat\/egolab\/wp-json\/wp\/v2\/biblio"}],"about":[{"href":"https:\/\/webs.uab.cat\/egolab\/wp-json\/wp\/v2\/types\/biblio"}],"author":[{"embeddable":true,"href":"https:\/\/webs.uab.cat\/egolab\/wp-json\/wp\/v2\/users\/20"}],"wp:attachment":[{"href":"https:\/\/webs.uab.cat\/egolab\/wp-json\/wp\/v2\/media?parent=548"}],"curies":[{"name":"wp","href":"https:\/\/api.w.org\/{rel}","templated":true}]}}

Cohesión, Vinculación e Integración sociales en el marco del Capital Social
