{"id":551,"date":"2012-02-09T09:18:01","date_gmt":"2012-02-09T07:18:01","guid":{"rendered":"https:\/\/webs.uab.cat\/egolab\/biblio\/les-nouvelles-migrations-dans-leurope-chaines-migratoires-etablissement-et-reseaux-sociaux\/"},"modified":"2012-02-09T09:18:01","modified_gmt":"2012-02-09T07:18:01","slug":"les-nouvelles-migrations-dans-leurope-chaines-migratoires-etablissement-et-reseaux-sociaux","status":"publish","type":"biblio","link":"https:\/\/webs.uab.cat\/egolab\/biblio\/les-nouvelles-migrations-dans-leurope-chaines-migratoires-etablissement-et-reseaux-sociaux\/","title":{"rendered":"Les nouvelles migrations dans l\u2019Europe: cha\u00eenes migratoires, \u00e9tablissement et r\u00e9seaux sociaux des Bulgares en Espagne et en Catalogne"},"content":{"rendered":"","protected":false},"excerpt":{"rendered":"","protected":false},"author":20,"featured_media":0,"template":"","class_list":["post-551","biblio","type-biblio","status-publish","hentry"],"_links":{"self":[{"href":"https:\/\/webs.uab.cat\/egolab\/wp-json\/wp\/v2\/biblio\/551","targetHints":{"allow":["GET"]}}],"collection":[{"href":"https:\/\/webs.uab.cat\/egolab\/wp-json\/wp\/v2\/biblio"}],"about":[{"href":"https:\/\/webs.uab.cat\/egolab\/wp-json\/wp\/v2\/types\/biblio"}],"author":[{"embeddable":true,"href":"https:\/\/webs.uab.cat\/egolab\/wp-json\/wp\/v2\/users\/20"}],"wp:attachment":[{"href":"https:\/\/webs.uab.cat\/egolab\/wp-json\/wp\/v2\/media?parent=551"}],"curies":[{"name":"wp","href":"https:\/\/api.w.org\/{rel}","templated":true}]}}

Les nouvelles migrations dans l’Europe: chaînes migratoires, établissement et réseaux sociaux des Bulgares en Espagne et en Catalogne
