{"id":1856,"date":"2023-02-24T15:52:15","date_gmt":"2023-02-24T13:52:15","guid":{"rendered":"https:\/\/webs.uab.cat\/egolab\/?page_id=1856"},"modified":"2025-02-18T14:56:33","modified_gmt":"2025-02-18T12:56:33","slug":"projects","status":"publish","type":"page","link":"https:\/\/webs.uab.cat\/egolab\/projects\/","title":{"rendered":"Projects"},"content":{"rendered":"\n<h2 class=\"wp-block-heading\">Current projects<\/h2>\n\n\n\n<p><strong><a href=\"https:\/\/webs.uab.cat\/egolab\/dimcom\/\" data-type=\"page\" data-id=\"1629\" target=\"_blank\" rel=\"noreferrer noopener\">DIMCOM<\/a><\/strong>. \u201cDimensi\u00f3n comunitaria, redes sociales y exclusi\u00f3n social\u201d (Acr\u00f3nimo: DIMCOM). Proyecto I + D + i. Retos de Investigaci\u00f3n. Ministerio de Ciencia, Innovaci\u00f3n y Universidades. IP: Hugo Valenzuela y Miranda J. Lubbers. Ref. PID2019-111251RB-I00. Periodo: Junio 2019- junio 2023. <strong>Palabras clave<\/strong>: \u201cinclusi\u00f3n social\u201d, \u201cprecariedad\u201d, \u201ccomunidad\u201d, \u201credes personales\u201d, \u201cantropolog\u00eda\u201d, \u201csalud y bienestar\u201d, trabajo y precarizaci\u00f3n.<\/p>\n\n\n\n<ul class=\"wp-block-list\"><li><a href=\"https:\/\/webs.uab.cat\/egolab\/wp-content\/uploads\/sites\/283\/2009\/05\/dibujar_redes_personales.pdf\">Pr\u00e1ctica para dibujar redes personales<\/a>. (PDF)<\/li><li><a href=\"http:\/\/revista-redes.rediris.es\/ccd_togo_online_usted.doc\">Plantilla para dibujar redes personales<\/a> (DOC)<\/li><\/ul>\n\n\n\n<p>Colaboraci\u00f3 a: &#8220;<strong><em>Le travail de l\u2019IA : \u00e9thique et gouvernance de l\u2019automation (TRIA<\/em>)<\/strong>&#8221; (JL Molina, MJ. Lubbers, H. Valenzuela). CNRS dirigido por Paula TUBARO: https:\/\/cis.cnrs.fr\/tria\/&nbsp;<\/p>\n\n\n\n<p><em><a href=\"https:\/\/www.idival.org\/es\/NOTICIAS\/ID\/2492\/Impacto-de-la-pandemia-en-el-cuidado-y-las-redes-de-apoyo-en-cuidadores-de-personas-con-demencia-en-Cantabria\">Impacto de la pandemia en el cuidado y las redes de apoyo en cuidadores de personas con demencia en Cantabria<\/a>.<\/em>&nbsp;(INNVAL20\/12) IP: Rosario Fern\u00e1ndez Pe\u00f1a. 14,000\u20ac.<\/p>\n\n\n\n<p><em>Narrativas sobre lugares transnacionales conectados.&nbsp;<\/em>Convocatoria Europa Investigaci\u00f3n 2019. Agencia Estatal de Investigaci\u00f3n. Ministerio de Ciencia, Innovaci\u00f3n y Universidades.Ref. EIN2019-102961.PI:&nbsp;Jos\u00e9&nbsp;Luis&nbsp;Molina.<\/p>\n\n\n\n<p><em>Una aproximaci\u00f3n a la cohesi\u00f3n social en sociedades europeas desde la ciencia de redes.<\/em>&nbsp;Convocatoria Europa Investigaci\u00f3n 2019. Agencia Estatal de Investigaci\u00f3n. Ministerio de Ciencia, Innovaci\u00f3n y Universidades.Ref. EIN2019-102971.PI: Miranda&nbsp;J. Lubbers. 2019-2021.<\/p>\n\n\n\n<p><a href=\"https:\/\/www.caritas.es\/noticias\/foessa-hace-publico-el-fallo-de-su-ii-concurso-de-proyecto-de-investigacion\/\"><em>Vivo entre cuatro paredes: vulnerabilidad relacional y dignidad<\/em>, <\/a><em>II Premio FOESSA: Fomento de Estudios Sociales y de Sociolog\u00eda Aplicada. Fundaci\u00f3n FOESSA.<\/em> PIs: Hugo Valenzuela; Miranda J. Lubbers and Jos\u00e9&nbsp;Luis&nbsp;Molina. Dotaci\u00f3n: 12.000\u20ac. 01\/01\/2019 \u2013 31\/12\/2019.<\/p>\n\n\n\n<p><em><a href=\"http:\/\/pagines.uab.cat\/orbits\/en\">The Role of Social Transnational Fields in the Emergence, Maintenance and Decay of Ethnic and Demographic Enclaves<\/a>&nbsp;<\/em>(&#8220;ORBITS&#8221;). MINECO (CSO2015-68687-P; 2016-2020). PIs: Miranda Lubbers and&nbsp;Jos\u00e9 Luis Molina.&nbsp;88.200\u20ac<\/p>\n\n\n\n<p><em><a href=\"http:\/\/pagines.uab.cat\/pobresaixarxes\/en\" target=\"_blank\" rel=\"noreferrer noopener\">Estrategias de supervivencia en hogares pobres: el papel de las redes de apoyo formal e informal en per\u00edodos de crisis econ\u00f3mica<\/a><strong><a href=\"http:\/\/pagines.uab.cat\/mirandalubbers\/content\/strategies-survival-poor-households-role-formal-and-informal-support-networks-times-economic\">.<\/a><\/strong><\/em> RecerCaixa (2015ACUP 00145; 2016-2020). PIs: Miranda Jessica Lubbers&nbsp;and Hugo Valenzuela Garc\u00eda. 81.385\u20ac<\/p>\n\n\n\n<p><em><a href=\"http:\/\/pagines.uab.cat\/mirandalubbers\/content\/economic-crisis-and-social-cohesion-spanish-society\">The Economic Crisis and Social Cohesion in Spain<\/a><\/em> (Special National Barometer, Centre for Sociological Investigations, Madrid). PI: Miranda Lubbers.<\/p>\n\n\n\n<p><em>Conectividad, movilidad y geograf\u00eda de redes personales: Identificaci\u00f3n de tipolog\u00edas y an\u00e1lisis de su impacto en la inclusi\u00f3n y exclusi\u00f3n sociales de los j\u00f3venes de las zonas urbanas del Centro-Occidente de M\u00e9xico<\/em> (COM-GeoRed: 2018-2020), CONACYT (M\u00e9xico). Investigador principal: Alejandro Garc\u00eda-Mac\u00edas.<\/p>\n\n\n\n<p><em>Rural self-management initiatives and public policies:&nbsp; A conceptualization of neo-peasants<\/em>. Wenner-Gren Fundation. Post-Ph.D. Research Grant application March 2018 (IP Agata Hummel &amp; Paula Escribano). 2019-2020.<\/p>\n\n\n\n<h2 class=\"wp-block-heading\">Former projects<\/h2>\n\n\n\n<p><a href=\"https:\/\/webs.uab.cat\/egolab\/en\/enclave-social-entrepreneurship\/\" data-type=\"page\" data-id=\"381\">Social entrepreneurship: local embeddedness, social networking sites and theoretical development<\/a><em><strong>.<\/strong><\/em> MINECO (CSO2012-32635; 2013-2016). PI: Jos\u00e9 Luis Molina. 18.000\u20ac.<\/p>\n\n\n\n<p><strong>Network dynamics: Substantive Applications To Migration And Mobility In Europe<\/strong>. (2010-2015).&nbsp;(Spanish Ministry of Education, RYC-2010-06081). PI: Miranda Lubbers, 192.800 \u20ac.<\/p>\n\n\n\n<p><a href=\"http:\/\/www.cmi-fdv.si\/projekti\/sindynet\/\" target=\"_blank\" rel=\"noreferrer noopener\"><strong>Social Influence in Dynamic Networks<\/strong>.<\/a> (2012-2014). ECRP project reference: 10-ECRP-044. PI of the Spanish team: Miranda Jessica Lubbers, 22.684 \u20ac, 4 researchers.<\/p>\n\n\n\n<p><a href=\"https:\/\/webs.uab.cat\/egolab\/en\/itinere\/\" data-type=\"page\" data-id=\"283\"><strong>Profiles of Ethnic Entrepreneurship<\/strong>.<\/a> (2010-2012). Perfiles del Empresariado \u00c9tnico en Espa\u00f1a. Una aproximaci\u00f3n a las estrategias, din\u00e1micas y espacios transnacionales del peque\u00f1o empresariado emigrante en la nueva situaci\u00f3n econ\u00f3mica (ITINERE). MICINN CSO2009-07057. PI: Jos\u00e9 Luis Molina, 35.900 \u20ac, 10 researchers.<\/p>\n\n\n\n<p><strong><a href=\"https:\/\/webs.uab.cat\/egolab\/en\/casredin\/\" data-type=\"page\" data-id=\"311\">Estudio comparado de casos sobre la influencia m\u00fatua entre el capital e integraci\u00f3n sociales y la inserci\u00f3n, estabilidad, promoci\u00f3n y cualificaci\u00f3n en el empleo<\/a>.<\/strong>&nbsp;Project financed by the Spanish Ministry&nbsp;of Science and Innovation&nbsp;(CSO2008-01470\/SOCI), 67.760 \u20ac, 8 researchers. PI: Carlos Lozares.<\/p>\n\n\n\n<p><strong>Personal network dynamics in Europe<\/strong>. The <a rel=\"noreferrer noopener\" href=\"http:\/\/stat.gamma.rug.nl\/ECRP-DANL\/default.htm\" target=\"_blank\">European Project<\/a> &#8220;SEJ2005-25683-E 05_ECRP_FP026 &#8211; Dynamics of actors and networks across levels: individuals, groups, organizations and social settings&#8221; funded by the European Science Foundation and the MEC intended to asses the changes in personal network structure and composition and their effects in behavior (i.e. language use, ethnic identification, citizen participation, among others). Meeting 1 [<a href=\"http:\/\/revista-redes.rediris.es\/recerca\/Egoredes\/research\/reunion1.htm\">htm<\/a>], Meeting 2, [<a href=\"http:\/\/revista-redes.rediris.es\/recerca\/Egoredes\/research\/reunion2.htm\">htm<\/a>] Meeting 3,[<a href=\"http:\/\/revista-redes.rediris.es\/recerca\/Egoredes\/research\/reunion3.htm\">htm<\/a>] Meeting 4, [<a href=\"http:\/\/revista-redes.rediris.es\/recerca\/Egoredes\/research\/reunion4.html\">htm<\/a>] Meeting 5, [<a href=\"http:\/\/revista-redes.rediris.es\/recerca\/Egoredes\/research\/reunion5.html\">htm<\/a>] Meeting 6, [<a href=\"http:\/\/revista-redes.rediris.es\/recerca\/Egoredes\/research\/reunion6.html\">htm<\/a>] Meeting 7, [<a href=\"http:\/\/revista-redes.rediris.es\/recerca\/Egoredes\/research\/reunion7.html\">htm<\/a>]<\/p>\n\n\n\n<ul class=\"wp-block-list\"><li>(2008). &#8220;<strong>Mixed approaches to personal networks dynamics<\/strong>&#8220;, <em>&nbsp;ECRP International Meeting, September 8-9, Konstanz (Germany)<\/em>. Lubbers, Miranda; Molina, Jos\u00e9 Luis; Lerner, J\u00fcrgen; Brandes, Ulrik; \u00c1vila, Javier &amp; Christopher McCarty [<a rel=\"noreferrer noopener\" href=\"http:\/\/revista-redes.rediris.es\/recerca\/Egoredes\/public_archivos\/konstanz.pdf\" target=\"_blank\">pdf<\/a>].<\/li><li>(2008). &#8220;<strong>Visual Statistics for Collections of Clustered Graphs<\/strong>&#8220;, proceedings of the <em>2008 IEEE Pacific Visualization Symposium<\/em>, March 5-7, Kyoto, Japan. Brandes, Ulrik, J\u00fcrgen Lerner, Miranda J. Lubbers, Chris McCarty &amp; Jos\u00e9 Luis Molina.<\/li><li>(2008). &#8220;<strong>An\u00e1lisis din\u00e1mico de redes sociales<\/strong>&#8220;, conference in the framework of the&nbsp;<em>M\u00e1ster de Antropolog\u00eda urbana de la URV<\/em>, Marzo 27, Tarragona (Spain). Jos\u00e9 Luis Molina, Javier \u00c1vila, Juergen Lerner y Miranda Lubbers. [<a rel=\"noreferrer noopener\" href=\"http:\/\/revista-redes.rediris.es\/recerca\/Egoredes\/research\/urv.pdf\" target=\"_blank\">pdf<\/a>]<\/li><li>(2008). &#8220;<strong>Visualizing Tendency and Dispersion in Collections of Attributed Networks<\/strong>&#8220;, paper presented at the <em>2008 International Networks Conference<\/em>, January 24-27, Sant Pete, Florida, USA. Lerner, J\u00fcrgen, Ulrik Brandes, Miranda J. Lubbers, Chris McCarty &amp; Jos\u00e9 Luis Molina. [<a rel=\"noreferrer noopener\" href=\"http:\/\/revista-redes.rediris.es\/recerca\/Egoredes\/research\/lerner.pdf\" target=\"_blank\">pdf<\/a>]<\/li><li>(2008). &#8220;<strong>Personal Network Dynamics in Ecological Transitions<\/strong>&#8220;, <em>ECRP International Meeting<\/em>, January 10-11, Paris. Miranda Lubbers &amp; Jos\u00e9 Luis Molina. [<a rel=\"noreferrer noopener\" href=\"http:\/\/revista-redes.rediris.es\/recerca\/Egoredes\/research\/Ecological transitions.pdf\" target=\"_blank\">pdf<\/a>]<\/li><li>(2008). &#8220;<strong>Reasons for Gaining or Losing Contacts among Inmigrants in Barcelona<\/strong>&#8220;, <em>ECRP International Meeting<\/em>, January 10-11, Paris. Molina, Jos\u00e9 Luis, Juergen Lerner, Miranda Lubbers &amp; Javier \u00c1vila. [<a rel=\"noreferrer noopener\" href=\"http:\/\/revista-redes.rediris.es\/recerca\/Egoredes\/research\/reasons.ppt\" target=\"_blank\">ppt<\/a>]<\/li><li>(2007). &#8220;<strong>Ecological transitions: multiple affiliations and personal network dynamics<\/strong>&#8220;, Symposium &#8220;Diversity, Community and Participation: The Dynamics of Personal Networks of immigrants&#8221;, International Seminar &#8220;Integrating new Migrants in the New Europe: A Challenge for Community Psychology&#8221;, Seville 19-21 september. Isidro Maya Jariego [<a rel=\"noreferrer noopener\" href=\"http:\/\/revista-redes.rediris.es\/recerca\/Egoredes\/research\/ECPA Migrant Integration.pdf\" target=\"_blank\">pdf<\/a>]<\/li><li>(2007). &#8220;<strong>The personal network dynamics of migrants in Spain<\/strong>&#8220;, Symposium &#8220;Diversity, Community and Participation: The Dynamics of Personal Networks of immigrants&#8221;, International Seminar &#8220;Integrating new Migrants in the New Europe: A Challenge for Community Psychology&#8221;, Seville 19-21 september. Jos\u00e9 Luis Molina, Miranda Lubbers &amp; Chris McCarty [<a rel=\"noreferrer noopener\" href=\"http:\/\/revista-redes.rediris.es\/recerca\/Egoredes\/research\/PND Migrant Integration.pdf\" target=\"_blank\">pdf<\/a>]<\/li><li>(2007). &#8220;<strong>Personal networks and ethnic identities. The case of Argentinean immigrants in Catalonia &#8211; Spain<\/strong>&#8220;, XXVII Sunbelt\u201907 Corfu, Greece May 1\u20136, Javier \u00c1vila Molero [<a rel=\"noreferrer noopener\" href=\"http:\/\/revista-redes.rediris.es\/recerca\/Egoredes\/research\/avila.pdf\" target=\"_blank\">pdf<\/a>]<\/li><\/ul>\n\n\n\n<p><strong>Remesas y redes sociales trasnacionales: implicaciones para el desarrollo econ\u00f3mico peruano<\/strong>. This project is intended to map the dynamics of the transnational remittances from Peruvians overseas to home and how they are invested.<\/p>\n\n\n\n<ul class=\"wp-block-list\"><li>(2009). Molina, JL &amp; Javier \u00c1vila (eds.). &#8220;<strong>Antropolog\u00eda y redes sociales. Una introducci\u00f3n a UCInet6-NetDraw, EgoNet y el an\u00e1lisis comparado con SPSS<\/strong>&#8220;. [<a href=\"http:\/\/revista-redes.rediris.es\/recerca\/Egoredes\/antropologia_y_redes_sociales.pdf\">pdf<\/a>] [<a href=\"http:\/\/revista-redes.rediris.es\/recerca\/Egoredes\/inmigrantes_espana.zip\">zip<\/a>]<\/li><li>(2010). \u00c1vila Molero, Javier &amp; Jos\u00e9 Luis Molina. &#8220;<strong>La entrevista reticular con EgoNet en la investigaci\u00f3n de remesas<\/strong>&#8220;. [<a rel=\"noreferrer noopener\" href=\"http:\/\/revista-redes.rediris.es\/recerca\/Egoredes\/entre_ret.pdf\" target=\"_blank\">pdf<\/a>]<\/li><\/ul>\n\n\n\n<p><strong>Xarxes locals i transnacionals de dferents col\u00b7lectius a Barcelona<\/strong>. Projecte de recerca realitzat conjuntament per EgoLab i la Fundaci\u00f3 ACSAR pel Comissionat per Immigraci\u00f3 i Di\u00e0leg Intercultural de l\u2019Ajuntament de Barcelona.<\/p>\n\n\n\n<ul class=\"wp-block-list\"><li>Mapes de les xarxes trasnacionals de <a href=\"http:\/\/revista-redes.rediris.es\/recerca\/Egoredes\/research\/sikh_poster.jpg\">sikhs<\/a>, <a href=\"http:\/\/revista-redes.rediris.es\/recerca\/Egoredes\/research\/chino-poster.jpg\">xinesos<\/a> i <a href=\"http:\/\/revista-redes.rediris.es\/recerca\/Egoredes\/research\/filipinos_poster.jpg\">filipins<\/a> residents a Barcelona.<\/li><\/ul>\n\n\n\n<p><strong>SEJ2007-30289-E An\u00e1lisis de flujos de cooperaci\u00f3n en ciencia-tecnolog\u00eda-industria-Espa\u00f1a-Am\u00e9rica Latina- para la concreci\u00f3n de una cartera de proyectos colaborativos<\/strong>. Acci\u00f3n complementaria financiada por el MECyT, 12.000 \u20ac, 6 investigadores. Investigador principal: Jos\u00e9 Luis Brians\u00f3.<\/p>\n\n\n\n<ul class=\"wp-block-list\"><li>(2009). &#8220;<strong>Flows of Collaboration in Science-Technology-Industry between Spain\/EU and Latin America. Trends in biotechnology, Food Science and other Areas<\/strong>&#8220;.&nbsp; [<a rel=\"noreferrer noopener\" href=\"http:\/\/seneca.uab.es\/antropologia\/jlm\/public_archivos\/flows.pdf\" target=\"_blank\">pdf<\/a>]<\/li><\/ul>\n\n\n\n<p><strong>Identificaci\u00f3 de les modalitats d&#8217;aculturaci\u00f3 de persones immigrades a Catalunya<\/strong>. This project focus in Bulgarian communities in Catalonia, comparing the pattern of adaptation (measured through personal networks) in different localities.<\/p>\n\n\n\n<ul class=\"wp-block-list\"><li>(2008). &#8220;<strong>Patterns of Social Networks of Bulgarian Migrants in Catalonia: Two study cases (Barcelona and Roses) <\/strong>&#8220;, paper presented at the International Conference&nbsp; &#8220;AnthropoEast2008. The Europeisation of Balkans. The Balkanisation of Europe, 3th Edition&#8221;. S\u00edlvia G\u00f3mez i Mestres, Jos\u00e9 Luis Molina &amp; Sarah Hoeskma. [<a rel=\"noreferrer noopener\" href=\"http:\/\/seneca.uab.es\/antropologia\/jlm\/public_archivos\/paper_anthropoeast2008.pdf\" target=\"_blank\">pdf<\/a>]<\/li><\/ul>\n\n\n\n<p><strong>(2008). Information and Communication Technologies supply and demand for and by Immigrants and Ethnic Minorities: SPAIN. Report for the European Commission. Milano, IPTS &amp; IDC Italy. <\/strong>IP in Spain: Isidro Maya Jariego [<a href=\"http:\/\/ipts.jrc.ec.europa.eu\/publications\/pub.cfm?id=2459\">pdf<\/a>]<\/p>\n\n\n\n<p><strong>Acculturation &amp; Personal Networks across cultures<\/strong>. National Science Foundation Award No. BCS-0417429. Title: Development of a Social Network Measure of Acculturation and its Application to Immigrant Populations in South Florida and Northeastern Spain, with <a href=\"https:\/\/www.bebr.ufl.edu\/about\/faculty-staff\/christopher-mccarty-phd\" target=\"_blank\" rel=\"noreferrer noopener\">Chris McCarty<\/a>. <strong>Informants Feedback<\/strong> [<a href=\".\/presen_archivos\/Feedback.pdf\" target=\"_blank\" rel=\"noreferrer noopener\">pdf<\/a>]<\/p>\n\n\n\n<ul class=\"wp-block-list\"><li>(2007). &#8220;<strong>Comparing Networks by their Group Structure with an application to acculturation networks<\/strong>&#8220;, XXVII Sunbelt\u201907 Corfu, Greece May 1\u20136, Juergen Lerner &amp; Ulrik Brandes [<a rel=\"noreferrer noopener\" href=\"http:\/\/revista-redes.rediris.es\/recerca\/Egoredes\/research\/juergen.pdf\" target=\"_blank\">pdf<\/a>]<\/li><li>(2007). &#8220;<strong>A typology of personal networks of immigrants in Spain<\/strong>&#8220;, XXVII Sunbelt\u201907 Corfu, Greece May 1\u20136, Miranda J. Lubbers, Jos\u00e9 Luis Molina &amp; Chris McCarty [<a rel=\"noreferrer noopener\" href=\"http:\/\/revista-redes.rediris.es\/recerca\/Egoredes\/research\/Corfu_presentation_Lub_Mol_McCar.pdf\" target=\"_blank\">pdf<\/a>]<\/li><li>(2007). &#8220;<strong>Using personal network composition and structure to explain ethnic identity<\/strong>&#8220;, XXVII Sunbelt\u201907 Corfu, Greece May 1\u20136, Jos\u00e9 Luis Molina, Miranda J. Lubbers &amp; Chris McCarty [<a rel=\"noreferrer noopener\" href=\"http:\/\/revista-redes.rediris.es\/recerca\/Egoredes\/research\/Corfu_presentation_Lub_Mol_McCar.pdf\" target=\"_blank\">pdf<\/a>]<\/li><li>(2007). &#8220;<strong>Using the EI index with personal network structural data as a measure of acculturation<\/strong>&#8220;, XXVII Sunbelt\u201907 Corfu, Greece May 1\u20136, &amp; Chris McCarty, Miranda J. Lubbers &amp; Jos\u00e9 Luis Molina [<a rel=\"noreferrer noopener\" href=\"http:\/\/revista-redes.rediris.es\/recerca\/Egoredes\/research\/E-I Index April 26.pdf\" target=\"_blank\">pdf<\/a>]<\/li><li>(2007). &#8220;<strong>Ethnic patterns of adaptation to the host society based in personal networks data<\/strong>&#8220;, work in progress, Juergen Lerner [<a rel=\"noreferrer noopener\" href=\"http:\/\/revista-redes.rediris.es\/recerca\/Egoredes\/research\/pn_overall.htm\" target=\"_blank\">htm<\/a>]<\/li><li>(2006). &#8220;<strong>Acculturation Revisited: A Model of Personal Network Change<\/strong>&#8220;, QMMS, Groningen (Holanda) 14-15 de Septiembre de 2006, Jos\u00e9 Luis Molina, Miranda J. Lubbers &amp; Chris McCarty [<a rel=\"noreferrer noopener\" href=\".\/presen_archivos\/QMSS_Acculturation_revisited.pdf\" target=\"_blank\">pdf<\/a>]<\/li><li>(2006). &#8220;<strong>Personal Network Visualization As A Cue For Interviewing Migrants<\/strong>&#8220;, XXVI Sunbelt International Network for Social Network Analysis, Vancouver 24-30 de Abril de 2006, Jos\u00e9 Luis Molina &amp; Chris McCarty [<a rel=\"noreferrer noopener\" href=\".\/presen_archivos\/pnv.pdf\" target=\"_blank\">pdf<\/a>]<\/li><li>(2006). &#8220;<strong>Measuring Acculturation Using Personal Networks<\/strong>&#8220;, XXVI Sunbelt International Network for Social Network Analysis, Vancouver 24-30 de Abril de 2006, Chris McCarty &amp; Jos\u00e9 Luis Molina [<a rel=\"noreferrer noopener\" href=\".\/presen_archivos\/acculturation.pdf\" target=\"_blank\">pdf<\/a>]<\/li><li>(2005). &#8220;<strong>Operacionalizaci\u00f3n del concepto cl\u00e1sico de aculturaci\u00f3n mediante la identificaci\u00f3n y an\u00e1lisis de las redes personales de emigrantes en Espa\u00f1a y Estados Unidos<\/strong>&#8220;, I International Workshop de la Red Hispana para el An\u00e1lisis de Redes Sociales y el III Seminario para el an\u00e1lisis de redes sociales en Sevilla 7, 8 y 9 de Septiembre, Jos\u00e9 Luis Molina &amp; Chris McCarty <em>et al.<\/em> [<a rel=\"noreferrer noopener\" href=\"http:\/\/seneca.uab.es\/antropologia\/jlm\/public_archivos\/aculturacion_sevilla.ppt\" target=\"_blank\">ppt<\/a>]<\/li><li>(2005). &#8220;<strong>The Influence of Visualization of Personal Networks in Qualitative Interviews with Respondents<\/strong>&#8220;, I International Workshop de la Red Hispana para el An\u00e1lisis de Redes Sociales y el III Seminario para el an\u00e1lisis de redes sociales en Sevilla 7, 8 y 9 de Septiembre, Jos\u00e9 Luis Molina &amp; Chris McCarty <em>et al<\/em>. [<a rel=\"noreferrer noopener\" href=\"http:\/\/seneca.uab.es\/antropologia\/jlm\/public_archivos\/visualization_sevilla.ppt\" target=\"_blank\">ppt<\/a>]<\/li><li>(2005). &#8220;<strong>Measurement of acculturation using personal network composition and structure<\/strong>&#8220;, paper presented at the Society for Applied Anthropology, Santa Fe, New Mexico , April 5-106, Chris McCarty &amp; Jos\u00e9 Luis Molina. [<a rel=\"noreferrer noopener\" href=\"http:\/\/seneca.uab.es\/antropologia\/jlm\/public_archivos\/SFAA Acculturation.ppt\" target=\"_blank\">ppt<\/a>]<\/li><\/ul>\n\n\n\n<p><strong>(2005-2007) Mapa de les medicines complement\u00e0ries i alternatives, i la seva contribuci\u00f3 al sistema sociosanitari de Catalunya.<\/strong> Ag\u00e8ncia Avaluaci\u00f3 Tecnologies i Recerques M\u00e8diques (156\/06\/2004), Investigador responsable: Josefina Caminal Homar (Medicina Preventiva), 40.100 \u20ac, 14 investigadores.<\/p>\n\n\n\n<p><strong><a href=\"http:\/\/revista-redes.rediris.es\/recerca\/Egoredes\/research\/bbpvic.ppt\" data-type=\"URL\" data-id=\"http:\/\/revista-redes.rediris.es\/recerca\/Egoredes\/research\/bbpvic.ppt\">Banc de Bones Pr\u00e0ctiques de l&#8217;Ajuntament de Vic<\/a><\/strong> <\/p>\n","protected":false},"excerpt":{"rendered":"<p>Current projects DIMCOM. \u201cDimensi\u00f3n comunitaria, redes sociales y exclusi\u00f3n social\u201d (Acr\u00f3nimo: DIMCOM). Proyecto I + D + i. Retos de Investigaci\u00f3n. Ministerio de Ciencia, Innovaci\u00f3n y Universidades. IP: Hugo Valenzuela y Miranda J. Lubbers. Ref. PID2019-111251RB-I00. Periodo: Junio 2019- junio 2023. Palabras clave: \u201cinclusi\u00f3n social\u201d, \u201cprecariedad\u201d, \u201ccomunidad\u201d, \u201credes personales\u201d, \u201cantropolog\u00eda\u201d, \u201csalud y bienestar\u201d, trabajo y [&hellip;]<\/p>\n","protected":false},"author":2548,"featured_media":0,"parent":0,"menu_order":0,"comment_status":"closed","ping_status":"closed","template":"","meta":{"footnotes":""},"class_list":["post-1856","page","type-page","status-publish","hentry"],"_links":{"self":[{"href":"https:\/\/webs.uab.cat\/egolab\/wp-json\/wp\/v2\/pages\/1856","targetHints":{"allow":["GET"]}}],"collection":[{"href":"https:\/\/webs.uab.cat\/egolab\/wp-json\/wp\/v2\/pages"}],"about":[{"href":"https:\/\/webs.uab.cat\/egolab\/wp-json\/wp\/v2\/types\/page"}],"author":[{"embeddable":true,"href":"https:\/\/webs.uab.cat\/egolab\/wp-json\/wp\/v2\/users\/2548"}],"replies":[{"embeddable":true,"href":"https:\/\/webs.uab.cat\/egolab\/wp-json\/wp\/v2\/comments?post=1856"}],"version-history":[{"count":2,"href":"https:\/\/webs.uab.cat\/egolab\/wp-json\/wp\/v2\/pages\/1856\/revisions"}],"predecessor-version":[{"id":2032,"href":"https:\/\/webs.uab.cat\/egolab\/wp-json\/wp\/v2\/pages\/1856\/revisions\/2032"}],"wp:attachment":[{"href":"https:\/\/webs.uab.cat\/egolab\/wp-json\/wp\/v2\/media?parent=1856"}],"curies":[{"name":"wp","href":"https:\/\/api.w.org\/{rel}","templated":true}]}}