{"id":490,"date":"2014-11-17T14:02:06","date_gmt":"2014-11-17T12:02:06","guid":{"rendered":"https:\/\/webs.uab.cat\/egolab\/summer-course-2015\/"},"modified":"2014-11-17T14:02:06","modified_gmt":"2014-11-17T12:02:06","slug":"summer-course-2015","status":"publish","type":"page","link":"https:\/\/webs.uab.cat\/egolab\/summer-course-2015\/","title":{"rendered":"Summer Course 2015"},"content":{"rendered":"<p><span style=\"color:#336699\"><strong><span style=\"font-family:arial; font-size:16pt\">8th edition of the Summer Course<\/span><\/strong><br \/>\n<span style=\"font-family:arial\"><strong><span style=\"font-size:16pt\">Theory, Methods and Applications of Personal Networks<\/span><span style=\"font-size:16pt\"> (2 ECTS*) <a href=\"https:\/\/twitter.com\/SCEgolab\"><img loading=\"lazy\" decoding=\"async\" alt=\"\" height=\"50\" src=\"https:\/\/encrypted-tbn2.gstatic.com\/images?q=tbn:ANd9GcTdPkmEmar2OBdnauknNHDqtdNU8FAlkkVjrMEOgUHxHRYkvGsr\" width=\"50\" \/><\/a><\/span><\/strong><\/span><\/span> <strong>#PNAUAB15 <\/strong><\/p>\n<p><strong>Lecturers<\/strong>: J\u00fcrgen Lerner (University of Konstanz), Miranda Lubbers (Autonomous University of Barcelona), Jos\u00e9 Luis Molina (Autonomous University of Barcelona), Raffaele Vacca (University of Florida), and Alejandro Garc\u00eda-Mac\u00edas (Universidad de Aguascalientes).<\/p>\n<p><span style=\"color:#336699\"><span style=\"font-family:arial\"><strong>Academic Code:&nbsp;2287\/8<\/strong><\/span><\/span><\/p>\n<p><span style=\"font-family:arial\"><strong>July 1-5, 2016<\/strong><\/span><br \/>\n<span style=\"font-family:arial\"><strong>Computer Lab <\/strong><\/span>&#8220;P-33&#8221; (B5B\/-131).<br \/>\n<strong><span style=\"font-family:arial\">(Faculty of Arts\/Faculty of Psychology, Autonomous University of Barcelona, Spain).<\/span><\/strong><\/p>\n<p><strong><span style=\"font-family:arial\">Registration deadline: 26th June 2016.<\/span><\/strong><\/p>\n<p><strong><span style=\"font-family:arial\"><span style=\"font-family:arial\"><strong><em>Course materials <\/em><\/strong>are available in the local folder &#8220;Social Networks&#8221;&nbsp; &#8211;&nbsp; <a href=\"https:\/\/docs.google.com\/spreadsheet\/viewform?formkey=dF8tc2FTeDdpS0dCcUZYSVFaSTUydEE6MQ\">Feedback questionnaire<\/a><\/span><\/span><\/strong><\/p>\n<p><span style=\"color:#336699; font-family:arial\"><strong><span style=\"font-size:16pt\">Presentation<\/span><\/strong><\/span><\/p>\n<p>The aim of this summer course is to enable graduate students and researchers in the social sciences to create, compare and critique personal network research designs. The course is a mix of theoretical and computer sessions. On the first morning, we will discuss the basic definitions and central concepts in personal network research and we will briefly relate personal networks with various theoretical streams in the social sciences. This will give students an understanding of the different requirements that researchers may pose to their instruments. We will then introduce the basic steps of measurement of personal networks in survey research. The second morning is focused on delineating the networks. Students will be introduced to the variety of name generators and alternative approaches used in the social sciences, which will be compared with respect to contents, the characteristics of the measured networks and ties, the reliability and validity of the measures, and respondent burden. On the third morning, we will discuss the measurement of basic name interpreters, such as tie strength, roles, and geographical locations, and the measurement of network structure. On the fourth day, we will move to the analysis of personal networks, with R. Finally, participants will have the opportunity to present and discuss their research projects using personal networks.<\/p>\n<p>In the afternoons, the students will have hands-on sessions with two computer programs that were specifically developed for the computer-assisted collection, visualization and analysis of extended personal networks, with both quantitative and qualitative aspects: EgoNet and Vennmaker. They will also learn how to visualize networks with Visone and how to produce clustered graphs that can visually summarize the characteristics of a set of personal networks.<\/p>\n<p>This summer course is intended for PhD students and researchers interested in designing their own personal network studies. We expect them to have a basic understanding of general social science methodology (e.g., questionnaire construction, concepts of validity and reliability). Students are expected to participate in class discussions. We also ask them to prepare a summary of their research aims and learning objectives for the course (max. 1 page), to help us understand their interests and focus their attention to specific readings. Students are strongly encouraged to do the suggested readings before taking the course. The sessions will be conducted in English. At the end of each session participants are asked to complete a task and send it to professors. The participants who complete the scheduled tasks will get an official recognition of credits (*).<\/p>\n<hr \/>\n<p><span style=\"color:#336699; font-family:arial\"><strong><span style=\"font-size:16pt\">Background<\/span><\/strong><\/span><\/p>\n<p>Participants should check the contents of the following material:<\/p>\n<p><span style=\"font-family:arial\">McCarthy, C. &amp; Molina, JL. <em>Personal Network Analysis. Research and Applications<\/em>. <\/span><\/p>\n<hr \/>\n<p><span style=\"color:#336699; font-family:arial\"><strong><span style=\"font-size:16pt\">Program<\/span><\/strong><\/span><\/p>\n<table align=\"center\" border=\"1\">\n<tbody>\n<tr>\n<td>\n<p><strong><span style=\"font-size:10pt\">&nbsp;<\/span><\/strong><\/p>\n<\/td>\n<td>\n<div>\n<p><strong>Monday<\/strong><\/p>\n<\/p><\/div>\n<\/td>\n<td>\n<div>\n<p><strong>Tuesday<\/strong><\/p>\n<\/p><\/div>\n<\/td>\n<td>\n<div>\n<p><strong><span style=\"font-family:arial; font-size:10pt\">Wednesday<\/span><\/strong><\/p>\n<\/p><\/div>\n<\/td>\n<td>\n<div>\n<p><strong>Thursday<\/strong><\/p>\n<\/p><\/div>\n<\/td>\n<td>\n<div>\n<p><strong>Friday<\/strong><\/p>\n<\/p><\/div>\n<\/td>\n<\/tr>\n<tr>\n<td>\n<p><span style=\"font-family:arial\"><span style=\"font-size:10pt\">10:00- 14:00 <\/span><\/span><\/p>\n<\/td>\n<td>\n<p><span style=\"font-family:arial\"><span style=\"font-size:10pt\">Introduction to the course.<\/span><\/span><\/p>\n<p><strong>Introduction to the measurement of personal networks<\/strong><span style=\"font-family:arial; font-size:10pt\">.<\/span><\/p>\n<p><span style=\"font-family:arial\"><span style=\"font-size:10pt\">&nbsp;<em>(Miranda J. Lubbers and Jos\u00e9 Luis Molina) <\/em>&nbsp;<\/span><\/span><\/p>\n<\/td>\n<td>\n<p><span style=\"font-family:arial\"><strong><span style=\"font-size:10pt\">Comparison of name generators: Contents, reliability and validity, characteristics of measured networks<\/span><\/strong><span style=\"font-size:10pt\"> (<em>Miranda J. Lubbers<\/em>)<\/span><\/span><\/p>\n<\/td>\n<td>\n<p><span style=\"font-family:arial\"><strong><span style=\"font-size:10pt\">Name Interpreters<\/span><\/strong><span style=\"font-size:10pt\">.<\/span><\/span><\/p>\n<p><span style=\"font-family:arial\"><strong><span style=\"font-size:10pt\">Measuring relationships among alters<\/span><\/strong><span style=\"font-size:10pt\"> (<em>Miranda J. Lubbers<\/em>).<\/span><\/span><\/p>\n<p>&nbsp;<\/p>\n<p>\t\t\t&nbsp;Comparing personal networks with clustered graphs (EgoNet &#8211; visone) (<span style=\"font-size:10pt\"><strong><span style=\"font-family:arial; font-size:10pt\">Juergen Lerner<\/span><\/strong><\/span><span style=\"font-size:10pt\"><strong><span style=\"font-family:arial; font-size:10pt\">)<\/span><\/strong><\/span><\/td>\n<td>Personal Networks with R (<em>Raffaele Vacca<\/em>)<\/td>\n<td>\n<p>Personal research projects presentation and discussion<br \/>\n\t\t\t&nbsp;<\/p>\n<\/td>\n<\/tr>\n<tr>\n<td>\n<p><span style=\"font-family:arial\"><span style=\"font-size:10pt\">14:00-16:00<\/span><\/span><\/p>\n<\/td>\n<td>\n<div>\n<p><span style=\"font-family:arial\"><em><span style=\"font-size:10pt\">Lunch<\/span><\/em><\/span><\/p>\n<\/p><\/div>\n<\/td>\n<td>\n<div>\n<p><span style=\"font-family:arial\"><em><span style=\"font-size:10pt\">&nbsp;Lunch<\/span><\/em><\/span><\/p>\n<\/p><\/div>\n<\/td>\n<td>\n<div>\n<p><span style=\"font-family:arial\"><em><span style=\"font-size:10pt\">Lunch<\/span><\/em><\/span><\/p>\n<\/p><\/div>\n<\/td>\n<td>\n<div>\n<p><span style=\"font-family:arial\"><em><span style=\"font-size:10pt\">&nbsp;Lunch (13:00)<\/span><\/em><\/span><\/p>\n<\/p><\/div>\n<\/td>\n<td>\n<div>\n<p><span style=\"font-family:arial\"><em><span style=\"font-size:10pt\">Lunch (13:30)<\/span><\/em><\/span><\/p>\n<\/p><\/div>\n<\/td>\n<\/tr>\n<tr>\n<td>\n<p><span style=\"font-family:arial\"><span style=\"font-size:10pt\">16:00-18:30<\/span><\/span><\/p>\n<\/td>\n<td>\n<p><span style=\"font-family:arial; font-size:10pt\">Personal network analysis with <\/span><strong><span style=\"font-family:arial\"><a href=\"http:\/\/sourceforge.net\/project\/platformdownload.php?group_id=203140\"><span style=\"color:#000000; font-size:10pt\">EgoNet<\/span><\/a><\/span><\/strong><br \/>\n\t\t\t<span style=\"font-family:arial\"><span style=\"font-size:10pt\">(<\/span><em><span style=\"font-size:10pt\">Jos\u00e9 Luis Molina)<\/span><\/em><\/span><\/p>\n<\/td>\n<td>\n<p><span style=\"font-family:arial\"><a href=\"http:\/\/www.vennmaker.com\/en\/\" target=\"_blank\" rel=\"noopener\"><strong><span style=\"font-size:10pt\">Vennmaker<\/span><\/strong><\/a><span style=\"font-size:10pt\"><a href=\"http:\/\/www.vennmaker.com\/en\/\" target=\"_blank\" rel=\"noopener\"> <\/a>workshop<\/span><\/span><\/p>\n<p><span style=\"font-family:arial\"><span style=\"font-size:10pt\">(<em>Alejandro Garc\u00eda Mac\u00edas<\/em>).<\/span><\/span><\/p>\n<\/td>\n<td>\n<p>Touristic visit<\/p>\n<p>&nbsp;<span style=\"font-family:arial\"><span style=\"font-size:10pt\"><em>Group dinner<\/em> <\/span><\/span><\/p>\n<\/td>\n<td>\n<p>&nbsp;<\/p>\n<p><strong><span style=\"font-family:arial; font-size:10pt\">Personal Networks with R (<em>Raffaele Vacca<\/em>) <\/span><\/strong><\/p>\n<p>&nbsp;<\/p>\n<\/td>\n<td>\n<div>\n<p><span style=\"font-family:arial\"><span style=\"font-size:10pt\">&#8211; <\/span><\/span><\/p>\n<\/p><\/div>\n<\/td>\n<\/tr>\n<\/tbody>\n<\/table>\n<p><span style=\"font-family:arial\">During the morning will be a break of 30 minutes.<\/span><\/p>\n<p><span style=\"font-family:arial\"><strong><em>Course materials <\/em><\/strong>are available <strong>in the local folder &#8220;Social Networks&#8221;.<\/strong> <\/span><\/p>\n<hr \/>\n<p><span style=\"color:#336699\"><strong>Professors<\/strong> <\/span>(this list can change): Jos\u00e9 Luis Molina, Miranda J. Lubbers (UAB) with invited participations of J\u00fcrgen Lerner (University of Konstanz), Alejandro Garc\u00eda Mac\u00edas (Universidad de Aguascalientes), and Raffaele Vacca (University of Florida) among others.<\/p>\n<p><span style=\"color:#336699\"><strong>Fees<\/strong><\/span>: 490\u20ac in the Postgraduate School by web. The fees includes five course lunches, the group dinner, and the registration fees of the international seminar.&nbsp;<\/p>\n<p>In you are interested in the summer course, please send your vitae and a brief description of your research question or interests to <a href=\"mailto:gr.egoredes@uab.es\">gr.egoredes@uab.es<\/a>. Once accepted in the Summer course you can submitt this <strong><a href=\"https:\/\/sia1.uab.es:4950\/Navegacion\/InicioAlSeALWuSO.html#\">on-line form<\/a><\/strong>. Support is available at + 34&nbsp;93 581 43 28 (Emma Peir\u00f3 &nbsp;<span style=\"color:#000000\">ep.automatricula ad uab.cat)<\/span>.<\/p>\n<p><span style=\"color:#336699\"><strong>Grant<\/strong><\/span>: Graduate students that currently are not enjoying a doctorate grant, can apply for one summer course grant that covers the inscription cost (490\u20ac), simply mentioning it on the email. On May 1, 2015, applicants will be informed about their position in the ranking (depending of research proposal -60%, and the student&#8217; economic situation -40%).<\/p>\n<p><span style=\"color:#336699\"><strong>Accommodation<\/strong><\/span>. Accommodation can be found at the university campus, either as an apartment or in the Hotel Campus (www.hotelcampusuab.com). In case you wish to rent an apartment, please contact with ines.zamora ad uab.cat for a special rate filling this <strong><a href=\"http:\/\/grupsderecerca.uab.cat\/egolab\/sites\/grupsderecerca.uab.cat.egolab\/files\/Summer%20Course%20FORM%20ENG.pdf\">form<\/a><\/strong>. There are other hotels close to the campus but they are not connected with public transportation. Our strong recommendation is either to book an accommodation at the campus itself, or in Barcelona city or Sabadell (two stops away from the UAB, see for example the student residence of Sabadell http:\/\/www.resest.com).<\/p>\n<p><span style=\"color:#336699\"><strong>The best way for getting the UAB from Barcelona<\/strong><\/span> is by train with the &#8220;Ferrocarils de la Generalitat de Catalunya, <strong><a href=\"http:\/\/www.fgc.net\/eng\/barcelona-valles.asp\" target=\"_blank\" rel=\"noopener\"><span style=\"color:#000000\">FGC<\/span><\/a><\/strong>&#8220;, lines S2 and S55. There is a stop station for the University &#8220;Universitat Aut\u00f2noma&#8221;. From Catalunya Square (at the Centre of Barcelona) the trip takes about 30 minutes. From the station to &#8220;Facultat de Lletres&#8221; the walk takes about 15 minutes. For getting the &#8220;Vil\u2022la&#8221; (the accomodation facilities) is better to leave the train at the stop station &#8220;Bellaterra&#8221; (the stop just before &#8220;Universitat Autonoma&#8221;), and then walking for 10 minutes. Purchasing a T-10 (2 zones) ticket (about 20\u20ac), it is possible to get the UAB the five days (10 trips) of the course. This ticket allows the combination of train, metro or bus within one hour and half after starting the trip.<\/p>\n<p>There is another stop&nbsp;station named &#8220;Cerdanyola-Universitat&#8221; from <strong>Renfe<\/strong> but it is a bit far from the Campus, so we recommend strongly to take the FGC line instead.<\/p>\n<p><span style=\"color:#336699; font-family:arial\"><strong>How to get to the Airport from Catalonia Square (&#8220;Pla\u00e7a Catalunya&#8221;)<\/strong>&nbsp;<\/span><strong>.<\/strong> Take the &#8220;<a href=\"http:\/\/www.aerobusbcn.com\/index.php\/en\/discoveraerobus.html\" target=\"_blank\" rel=\"noopener\">Aerobus<\/a>&#8221; shutlle, in front of El Corte Ingles (a big mall). You will note that there are two separate queues \u2013 one for the Aerobus (A1) to Terminal 1 (T1) and one for the Aerobus (A2) to Terminal 2 (T2). The trip takes about 40&#8242;.&nbsp;<\/p>\n<p><span style=\"color:#336699; font-family:arial\"><strong>A detailed guide with practical information about Barcelona city, accomodation, transportation and the UAB campus <\/strong><\/span>can be downloaded <strong><a href=\"http:\/\/grupsderecerca.uab.cat\/egolab\/sites\/grupsderecerca.uab.cat.egolab\/files\/practical_information.pdf\">here. <\/a><\/strong><\/p>\n<hr \/>\n<p>(*) <span style=\"font-family:arial\">This document is issued after <a href=\"http:\/\/www.uab.cat\/web\/estudiar\/masters-y-postgrados\/masters-y-postgrados-propios\/titulos-1345673085236.html\">request <\/a>by the participants at the end of the course by the Postgraduate School, it has an <strong>extra cost of about&nbsp;79.55\u20ac<\/strong> and it takes about 10 days to be issued. All participants will receive an official certificate of attendance by the organizers. It is possible to <a href=\"http:\/\/www.uab.cat\/web\/estudiar\/masters-y-postgrados\/masters-y-postgrados-propios\/certificados-1345673086622.html\">request <\/a>a certificate to the Postgraduate school as well. <\/span><\/p>\n<hr \/>\n<p><strong>Edition 13 <\/strong>[<a href=\"http:\/\/grupsderecerca.uab.cat\/egolab\/content\/summer-course\">htm<\/a>]<\/p>\n<p><strong>Edition 12<\/strong> [<a href=\"http:\/\/grupsderecerca.uab.cat\/egolab\/content\/summer12\"><span style=\"color:#000000\">htm<\/span><\/a>]<\/p>\n<p><strong>Edition 11<\/strong> [<a href=\"http:\/\/revista-redes.rediris.es\/recerca\/Egoredes\/summer11.htm\"><span style=\"color:#000000\">htm<\/span><\/a>]<\/p>\n<p><strong>Edition 10<\/strong>[<a href=\"http:\/\/revista-redes.rediris.es\/recerca\/Egoredes\/summer10.htm\" target=\"_self\" rel=\"noopener\"><span style=\"color:#000000\">htm<\/span><\/a>]<\/p>\n<p><span style=\"font-family:arial\"><strong>Edition 09<\/strong>&nbsp;[<a href=\"http:\/\/revista-redes.rediris.es\/recerca\/Egoredes\/summer09.html\" target=\"_self\" rel=\"noopener\"><span style=\"color:#000000\">htm<\/span><\/a>]<\/span><\/p>\n<p><span style=\"font-family:arial\"><strong>Edition 08<\/strong>&nbsp;[<a href=\"http:\/\/revista-redes.rediris.es\/recerca\/Egoredes\/summer08.html\" target=\"_self\" rel=\"noopener\"><span style=\"color:#000000\">htm<\/span><\/a>]<\/span><\/p>\n<p><span style=\"font-family:arial\"><strong>Edition 07<\/strong>&nbsp;[<a href=\"http:\/\/revista-redes.rediris.es\/recerca\/Egoredes\/summer07.html\" target=\"_self\" rel=\"noopener\"><span style=\"color:#000000\">htm<\/span><\/a>]<\/span><\/p>\n<hr \/>\n<p>&nbsp;<\/p>\n","protected":false},"excerpt":{"rendered":"<p>8th edition of the Summer Course Theory, Methods and Applications of Personal Networks (2 ECTS*) #PNAUAB15 Lecturers: J\u00fcrgen Lerner (University of Konstanz), Miranda Lubbers (Autonomous University of Barcelona), Jos\u00e9 Luis Molina (Autonomous University of Barcelona), Raffaele Vacca (University of Florida), and Alejandro Garc\u00eda-Mac\u00edas (Universidad de Aguascalientes). Academic Code:&nbsp;2287\/8 July 1-5, 2016 Computer Lab &#8220;P-33&#8221; (B5B\/-131). [&hellip;]<\/p>\n","protected":false},"author":20,"featured_media":0,"parent":0,"menu_order":0,"comment_status":"closed","ping_status":"closed","template":"","meta":{"footnotes":""},"class_list":["post-490","page","type-page","status-publish","hentry"],"_links":{"self":[{"href":"https:\/\/webs.uab.cat\/egolab\/wp-json\/wp\/v2\/pages\/490","targetHints":{"allow":["GET"]}}],"collection":[{"href":"https:\/\/webs.uab.cat\/egolab\/wp-json\/wp\/v2\/pages"}],"about":[{"href":"https:\/\/webs.uab.cat\/egolab\/wp-json\/wp\/v2\/types\/page"}],"author":[{"embeddable":true,"href":"https:\/\/webs.uab.cat\/egolab\/wp-json\/wp\/v2\/users\/20"}],"replies":[{"embeddable":true,"href":"https:\/\/webs.uab.cat\/egolab\/wp-json\/wp\/v2\/comments?post=490"}],"version-history":[{"count":0,"href":"https:\/\/webs.uab.cat\/egolab\/wp-json\/wp\/v2\/pages\/490\/revisions"}],"wp:attachment":[{"href":"https:\/\/webs.uab.cat\/egolab\/wp-json\/wp\/v2\/media?parent=490"}],"curies":[{"name":"wp","href":"https:\/\/api.w.org\/{rel}","templated":true}]}}