{"id":507,"date":"2015-02-16T13:20:02","date_gmt":"2015-02-16T11:20:02","guid":{"rendered":"https:\/\/webs.uab.cat\/egolab\/i-jornadas-de-etnomusicologia-y-antropologia-de-la-musica-metodos-enfoques-y-perspectivas\/"},"modified":"2015-02-16T13:20:02","modified_gmt":"2015-02-16T11:20:02","slug":"i-jornadas-de-etnomusicologia-y-antropologia-de-la-musica-metodos-enfoques-y-perspectivas","status":"publish","type":"page","link":"https:\/\/webs.uab.cat\/egolab\/i-jornadas-de-etnomusicologia-y-antropologia-de-la-musica-metodos-enfoques-y-perspectivas\/","title":{"rendered":"I Jornadas de Etnomusicolog\u00eda y Antropolog\u00eda de la M\u00fasica. M\u00e9todos, enfoques y perspectivas para el estudio de la m\u00fasica en la cultura"},"content":{"rendered":"<p>El grupo de investigaci\u00f3n egolab-GRAFO, del Departamento de Antropolog\u00eda Social y Cultural de la UAB, organiza junto con la colaboraci\u00f3n del Grup de Recerca en Antropologia i Pr\u00e0ctiques Art\u00edstiques (GRAPA), el Grup de Recerca de Les M\u00fasiques en les Societats Contempor\u00e0nies (MUSC), la Instituci\u00f3 Mil\u00e0 i Fontanals (IMF-CSIC) y el Museu de la M\u00fasica de Barcelona, las I Jornadas de Etnomusicolog\u00eda y Antropolog\u00eda de la M\u00fasica.M\u00e9todos, enfoques y perspectivas para el estudio de la m\u00fasica en la cultura.<\/p>\n<p>Invitamos a la participaci\u00f3n en este evento internacional que tendr\u00e1 lugar en Bellaterra (Barcelona), durante los d\u00edas 2 y 3 de julio de 2015.<\/p>\n<p>Los res\u00famenes, de no m\u00e1s de 300 palabras (sin contar la bibliograf\u00eda), deber\u00e1n enviarse junto con una breve nota biogr\u00e1fica a Sara Revilla (<a href=\"mailto:sara.revilla@uab.cat\">sara.revilla@uab.cat<\/a>). La fecha l\u00edmite de aceptaci\u00f3n de propuestas es el 5 de abril de 2015. Las propuestas ser\u00e1n revisadas por el comit\u00e9 cient\u00edfico de las jornadas y el resultado de res\u00famenes admitidos ser\u00e1 comunicado el 3 de mayo de 2015.<\/p>\n<p><a href=\"http:\/\/grupsderecerca.uab.cat\/egolab\/sites\/grupsderecerca.uab.cat.egolab\/files\/Call%20for%20papers-castellano.pdf\">Llamada a res\u00famenes<\/a><\/p>\n<p><a href=\"http:\/\/grupsderecerca.uab.cat\/egolab\/sites\/grupsderecerca.uab.cat.egolab\/files\/Call%20for%20papers-catalu00E0.pdf\">Crida a resums<\/a><\/p>\n<p><a href=\"http:\/\/grupsderecerca.uab.cat\/egolab\/sites\/grupsderecerca.uab.cat.egolab\/files\/Call%20for%20papers-Inglu00E9s.pdf\">Call for abstracts <\/a><\/p>\n","protected":false},"excerpt":{"rendered":"<p>El grupo de investigaci\u00f3n egolab-GRAFO, del Departamento de Antropolog\u00eda Social y Cultural de la UAB, organiza junto con la colaboraci\u00f3n del Grup de Recerca en Antropologia i Pr\u00e0ctiques Art\u00edstiques (GRAPA), el Grup de Recerca de Les M\u00fasiques en les Societats Contempor\u00e0nies (MUSC), la Instituci\u00f3 Mil\u00e0 i Fontanals (IMF-CSIC) y el Museu de la M\u00fasica de [&hellip;]<\/p>\n","protected":false},"author":20,"featured_media":0,"parent":0,"menu_order":0,"comment_status":"closed","ping_status":"closed","template":"","meta":{"footnotes":""},"class_list":["post-507","page","type-page","status-publish","hentry"],"_links":{"self":[{"href":"https:\/\/webs.uab.cat\/egolab\/wp-json\/wp\/v2\/pages\/507","targetHints":{"allow":["GET"]}}],"collection":[{"href":"https:\/\/webs.uab.cat\/egolab\/wp-json\/wp\/v2\/pages"}],"about":[{"href":"https:\/\/webs.uab.cat\/egolab\/wp-json\/wp\/v2\/types\/page"}],"author":[{"embeddable":true,"href":"https:\/\/webs.uab.cat\/egolab\/wp-json\/wp\/v2\/users\/20"}],"replies":[{"embeddable":true,"href":"https:\/\/webs.uab.cat\/egolab\/wp-json\/wp\/v2\/comments?post=507"}],"version-history":[{"count":0,"href":"https:\/\/webs.uab.cat\/egolab\/wp-json\/wp\/v2\/pages\/507\/revisions"}],"wp:attachment":[{"href":"https:\/\/webs.uab.cat\/egolab\/wp-json\/wp\/v2\/media?parent=507"}],"curies":[{"name":"wp","href":"https:\/\/api.w.org\/{rel}","templated":true}]}}