{"id":517,"date":"2016-06-19T21:29:30","date_gmt":"2016-06-19T19:29:30","guid":{"rendered":"https:\/\/webs.uab.cat\/egolab\/research-project-orbits\/"},"modified":"2016-06-19T21:29:30","modified_gmt":"2016-06-19T19:29:30","slug":"research-project-orbits","status":"publish","type":"page","link":"https:\/\/webs.uab.cat\/egolab\/research-project-orbits\/","title":{"rendered":"Research Project ORBITS"},"content":{"rendered":"<p><img loading=\"lazy\" decoding=\"async\" alt=\" Google Earth; Terrametrics 2016\" height=\"158\" src=\"http:\/\/pagines.uab.cat\/mirandalubbers\/sites\/pagines.uab.cat.mirandalubbers\/files\/images\/rdM8_0.jpg\" title=\" Google Earth; Terrametrics 2016\" width=\"262\" \/><\/p>\n<p class=\"rtejustify\"><strong>The Role of Social Transnational Fields in the Emergence, Maintenance and Decay of Ethnic and Demographic Enclaves.<\/strong> &nbsp;MINECO-FEDER (CSO2015-68687-P; 2016-2020).<\/p>\n<p class=\"rtejustify\"><em>National R&amp;D Excellence program, 2016-2020<\/em><\/p>\n<p class=\"rtejustify\"><em>Principal Investigators: <\/em><a href=\"http:\/\/pagines.uab.cat\/mirandalubbers\/\">Miranda Lubbers<\/a> &amp; <a href=\"http:\/\/pagines.uab.cat\/joseluismolina\/\">Jos\u00e9 Luis Molina<\/a><\/p>\n<p class=\"rtejustify\"><em>Team members:<\/em>&nbsp;<a href=\"http:\/\/www3.unine.ch\/janine.dahinden\">Janine Dahinden<\/a>&nbsp;(Universit\u00e9 de Neuch\u00e2tel, Switzerland), <a href=\"https:\/\/sites.google.com\/site\/gabrielhancean\/home\">Marian-Gabriel H\u00e2ncean<\/a>&nbsp;(University of Bucharest, Romania), Marta Lobato (UAB),&nbsp;<a href=\"http:\/\/personal.us.es\/isidromj\/php\/\">Isidro Maya Jariego<\/a>&nbsp;(Universidad de Sevilla),&nbsp;Hugo Valenzuela (UAB), and with the collaboration of <a href=\"http:\/\/sociology.la.psu.edu\/people\/amv5430\">Ashton Verdery<\/a> (PennState, USA), <a href=\"http:\/\/www.unc.edu\/~tedmouw\/\">Ted Mouw <\/a>(UNC Chapel Hill, USA), and <a href=\"http:\/\/algo.uni-konstanz.de\/members\/lerner\/\">J\u00fcrgen Lerner<\/a> (University of Konstanz, Germany).<\/p>\n<p class=\"rtejustify\"><em>Abstract<\/em><\/p>\n<p class=\"rtejustify\">Romanian enclaves in Spain have received little academic attention so far, but are nevertheless of singular importance locally. In this study, we investigate two Romanian enclaves located in <strong>Castell\u00f3n de la Plana<\/strong> and in <strong>Roquetas de Mar<\/strong>. In the first case, the enclave has emerged as a response to the demand of workers in the ceramic industry and construcion, and in the second case, in agriculture. We wish to contribute to the knowledge base about demographic enclaves by addressing two gaps in the literature.<\/p>\n<p class=\"rtejustify\">First, the functioning of ethnic enclaves has hardly been studied in tandem with the migration dynamics of the involved actors. Nevertheless, our prior research has shown that the phenomenon of the emergence of ethnic enclaves should be conceptualized taking into account the transnational social fields that fuel it and not only the internal dynamics in the enclave and the country of residence. We therefore study enclaves from a transnational perspective, which allows us to see how individuals in the two places coordinate their mobility patterns and care arrangements in order to benefit from the ethnic enclave.<\/p>\n<p class=\"rtejustify\">Second, prior research that measured transnational social fields quantitatively tended to focus exclusively on individuals as actors, ignoring organizational entities that may nevertheless greatly affect both migration patterns of individuals and the functioning of the enclave in labour market terms. To fill this gap, we combine an individual and an institutional perspective in a two-level social network model. We believe that this multilevel design is able to give a more complete understanding of ethnic enclaves.<\/p>\n<p class=\"rtejustify\">Our ultimate objective, then, is to investigate how circular migration patterns are intertwined with the emergence, maintenance and possible decay of enclaves, and how different individual positions in the transnational field are related to differences in outcomes such as labour market positions and the construction of the sense of community and identification.&nbsp;We propose intensive, multisited fieldwork in the two enclaves in Spain and the community of origin in Romania (in the region of D\u00e2mbovi\u021ba), combining ethnography and multilevel social network analysis. We will use recently developed, innovative methods of data collection and data analysis to reach our goals.<a href=\"http:\/\/pagines.uab.cat\/mirandalubbers\/content\/role-social-transnational-fields-emergence-maintenance-and-decay-ethnic-and-demographic-0\"><strong>+<\/strong><\/a><\/p>\n<hr \/>\n<p><strong>Events<\/strong><\/p>\n<p><a href=\"http:\/\/pagines.uab.cat\/orbits\/es\/content\/eventos\">(2018) Visita la web de Orbits. <\/a><\/p>\n<p>(2017) Participaci\u00f3n en la comisi\u00f3n organizadora del hermanamiento entre Targoviste y Castell\u00f3 de la Plana.<\/p>\n<p>(2017) <a href=\"http:\/\/grupsderecerca.uab.cat\/egolab\/en\/node\/231\">Ted Mouw and Giovanna Merli participate in a review of RDS-Link tracing methods in transnational studies<\/a><\/p>\n<p>(2017) Visita exploratoria a Roquetas de Mar (Isidro Maya &#8211; Jos\u00e9 Luis Molina)<\/p>\n<p class=\"rtejustify\">Miranda J. Lubbers (2016), Investigating dynamics in personal networks. <a href=\"https:\/\/www.radcliffe.harvard.edu\/exploratory-seminars\/ego-networks-in-era-network-science\">Workshop \u201cEgo-Networks in the Era of Network Science\u201d<\/a>, Radcliffe Institute for Advanced Study \u2013 Harvard University,&nbsp;November 3-4.<\/p>\n<p class=\"rtejustify\">Jos\u00e9 Luis Molina (2016).&nbsp;<a href=\"https:\/\/www.researchgate.net\/profile\/Jose_Luis_Molina2\/project\/The-Role-of-Social-Transnational-Fields-in-the-Emergence-Maintenance-and-Decay-of-Ethnic-and-Demographic-Enclaves-MINECO-FEDER-CSO2015-68687-P-2016-2020-National-R-D-Excellence-program-2016-2020\/attachment\/581e46a208aeda3fc9884dc4\/AS:425167210979328@1478379170050\/download\/molina_ego-networks.pdf?context=projectDetails\">Mapping and understanding transnational phenomena through personal networks<\/a>. Workshop \u201cEgo-Networks in the Era of Network Science\u201d, Radcliffe Institute for Advanced Study \u2013 Harvard University,&nbsp;November 3-4.<\/p>\n<p>Molina, J. L., Mart\u00ednez-Ch\u00e1fer, L., Molina-Morales, F. X., &amp; Lubbers, M. (2016). Migrant enclaves and industrial districts: a complex interaction. <em>I Workshop d\u2019Economia Valenciana (ECONVAL)<\/em>. Valencia.<\/p>\n<p class=\"rtejustify\"><a href=\"http:\/\/grupsderecerca.uab.cat\/egolab\/sites\/grupsderecerca.uab.cat.egolab\/files\/Kick-off%20Orbits.pdf\">Kick-off Meeting and Open Seminar &#8220;Mapping and understanding transnational phenomena&#8221;<\/a>. October 10-11, 2016, Sala de Juntes, Facultat de Lletres, UAB. With the participation of Gabriel H\u00e2ncean, J\u00fcrgen Lerner, Isidro Maya Jariego and&nbsp;Ashton Verdery.&nbsp;&nbsp;<\/p>\n<p class=\"rtejustify\">* Jos\u00e9 Luis Molina &amp; Miranda J. Lubbers (2016). <a href=\"http:\/\/grupsderecerca.uab.cat\/egolab\/sites\/grupsderecerca.uab.cat.egolab\/files\/kick-off_orbits_ID_migrant_enclaves_11_10_2016.ppsx\">Migrant enclaves and industrial districts: a complex interaction.<\/a> [<a href=\"http:\/\/grupsderecerca.uab.cat\/egolab\/sites\/grupsderecerca.uab.cat.egolab\/files\/kick-off_orbits_ID_migrant_enclaves_11_10_2016.ppsx\">ppsx<\/a>]<\/p>\n<p class=\"rtejustify\">Adriana Suiu &amp; Jos\u00e9 Luis&nbsp;Molina (2016). <a href=\"http:\/\/grupsderecerca.uab.cat\/egolab\/sites\/grupsderecerca.uab.cat.egolab\/files\/enclave_aibr.pdf\">La emergencia de un enclave \u00e9tnico en Barcelona.<\/a> II Congreso Internacional de Antropolog\u00eda AIBR &#8211; \u201cIdentidad: puentes, umbrales y muros\u201d, Barcelona, 6-9 de septiembre de 2016.<\/p>\n<p class=\"rtejustify\">Miranda J. Lubbers &amp; Jos\u00e9 Luis Molina (2016). Keynote lecture &#8220;<strong>Ethnography and multilevel networks in the study of migration and transnationalism<\/strong>&#8221; at the <a href=\"http:\/\/eusn2016.sciencesconf.org\/\">Second European Conference for Social Network Analysis<\/a>, in Paris, June 14-17th, 2016.<\/p>\n<p class=\"rtejustify\">Jos\u00e9 Luis Molina (2016). Conferencia <a href=\"http:\/\/eseis.es\/investigacion\/sem-inv\/enclaves\">Enclaves \u00e9tnicos y movilidad de los rumanos en Espa\u00f1a: una agenda de investigaci\u00f3n<\/a>. Centro de Investigaci\u00f3n en Migraciones y ESEIS. Universidad de Huelva. 04\/2016.<a href=\"http:\/\/eseis.es\/investigacion\/sem-inv\/enclaves\"> <\/a><a href=\"http:\/\/uhu.es\/canaluhu\/la-onubense-estudia-las-dinamicas-de-movilidad-de-la-poblacion-rumana-en-espana\/\">Nota de prensa<\/a>.<\/p>\n","protected":false},"excerpt":{"rendered":"<p>The Role of Social Transnational Fields in the Emergence, Maintenance and Decay of Ethnic and Demographic Enclaves. &nbsp;MINECO-FEDER (CSO2015-68687-P; 2016-2020). National R&amp;D Excellence program, 2016-2020 Principal Investigators: Miranda Lubbers &amp; Jos\u00e9 Luis Molina Team members:&nbsp;Janine Dahinden&nbsp;(Universit\u00e9 de Neuch\u00e2tel, Switzerland), Marian-Gabriel H\u00e2ncean&nbsp;(University of Bucharest, Romania), Marta Lobato (UAB),&nbsp;Isidro Maya Jariego&nbsp;(Universidad de Sevilla),&nbsp;Hugo Valenzuela (UAB), and with [&hellip;]<\/p>\n","protected":false},"author":20,"featured_media":0,"parent":0,"menu_order":0,"comment_status":"closed","ping_status":"closed","template":"","meta":{"footnotes":""},"class_list":["post-517","page","type-page","status-publish","hentry"],"_links":{"self":[{"href":"https:\/\/webs.uab.cat\/egolab\/wp-json\/wp\/v2\/pages\/517","targetHints":{"allow":["GET"]}}],"collection":[{"href":"https:\/\/webs.uab.cat\/egolab\/wp-json\/wp\/v2\/pages"}],"about":[{"href":"https:\/\/webs.uab.cat\/egolab\/wp-json\/wp\/v2\/types\/page"}],"author":[{"embeddable":true,"href":"https:\/\/webs.uab.cat\/egolab\/wp-json\/wp\/v2\/users\/20"}],"replies":[{"embeddable":true,"href":"https:\/\/webs.uab.cat\/egolab\/wp-json\/wp\/v2\/comments?post=517"}],"version-history":[{"count":0,"href":"https:\/\/webs.uab.cat\/egolab\/wp-json\/wp\/v2\/pages\/517\/revisions"}],"wp:attachment":[{"href":"https:\/\/webs.uab.cat\/egolab\/wp-json\/wp\/v2\/media?parent=517"}],"curies":[{"name":"wp","href":"https:\/\/api.w.org\/{rel}","templated":true}]}}