{"id":336,"date":"2022-02-15T20:25:20","date_gmt":"2022-02-15T18:25:20","guid":{"rendered":"https:\/\/webs.uab.cat\/emigra\/gabriela-poblet-denti\/"},"modified":"2022-09-27T20:02:18","modified_gmt":"2022-09-27T18:02:18","slug":"gabriela-poblet-denti","status":"publish","type":"page","link":"https:\/\/webs.uab.cat\/emigra\/ca\/gabriela-poblet-denti\/","title":{"rendered":"Gabriela Poblet Denti"},"content":{"rendered":"\n<div class=\"wp-block-media-text alignwide is-stacked-on-mobile has-primary-background-color has-background\" style=\"grid-template-columns:30% auto\"><figure class=\"wp-block-media-text__media\"><img loading=\"lazy\" decoding=\"async\" width=\"173\" height=\"151\" src=\"https:\/\/webs.uab.cat\/emigra\/wp-content\/uploads\/sites\/225\/2010\/10\/gaby.jpg\" alt=\"\" class=\"wp-image-240 size-full\"\/><\/figure><div class=\"wp-block-media-text__content\">\n<p class=\"has-small-font-size\">Despatx B9-219 <br>Emails: Gabriela.Poblet@uab.cat\u00a0 i\u00a0 gabypoblet@gmail.com\u00a0<\/p>\n<\/div><\/div>\n\n\n<p>\u00a0Doctora en Antropologia Social i Cultural i M\u00e0ster en Investigaci\u00f3 Etnogr\u00e0fica, Teoria antropol\u00f2gica i Relacions Interculturals per la UAB, \u00e9s Licenciada en Antropologia per la Universidad de la Plata (Argentina). S&#8217;ha especialitzat en l&#8217;\u00e0mbit de les\u00a0migracions internacionals, especialment en temes de treball dom\u00e8stic i migracions for\u00e7ades, des d&#8217;una perspectiva de g\u00e8nere, i treballa en l&#8217;actualitat en diversos projectes relacionats. \u00c9s professora associada del Departament d\u2019Antropologia Social a la Universitat Aut\u00f2noma de Barcelona i del Centre d&#8217;Estudis i Recerca en Migracions. \u00c9s la fundadora i directora de l&#8217;entitat\u00a0<a href=\"http:\/\/europasensemurs.com\/ca\/\">Europa Sense Murs<\/a>\u00a0dedicada a la investigaci\u00f3 i la consultoria social, contra el racisme i la desigualtat.<\/p>\n<p><strong>Projectes recents:<\/strong><\/p>\n<p>Investigadora del projecte V\u00edctimes de maras del triangle Nord a Catalunya, Universitat Aut\u00f2noma de Barcelona. Finan\u00e7at per <strong>ICIP (Institut Catal\u00e0 Internacional de la Pau) i AGAUR<\/strong>, Generalitat de Catalunya. IP: Dra.Silvia Carrasco.<\/p>\n<p>Estudi d\u2019Identificaci\u00f3 dels intermediaris laborals del servei dom\u00e8stic a Barcelona i elaboraci\u00f3 d\u2019un &#8220;mapeig&#8221; per territoris de la xarxa d\u2019intermediaris. <strong>Direcci\u00f3 d\u2019envelliment i cures, Ajuntament de Barcelona<\/strong>. (2021)<\/p>\n<p>Avaluaci\u00f3 del projecte \u201cDrets humans Descosits\u201d. <strong>Setem Catalunya i Ag\u00e8ncia Catalana de Cooperaci\u00f3 al<\/strong> <strong>desenvolupament.<\/strong> (2020-2021)<\/p>\n<p>Actualitzaci\u00f3 del material pedag\u00f2gic sobre dret d\u2019asil i refugi per a <strong>l\u2019ACNUR, comit\u00e8 Catal\u00e0. <\/strong><\/p>\n<p>Estudi de diagnosis sobre la situaci\u00f3 de la poblaci\u00f3 migrant i integraci\u00f3 social, i elaboraci\u00f3 del pla de conviv\u00e8ncia, <strong>Ajuntament de Sant Joan Desp\u00ed<\/strong>, Barcelona. (2020)<\/p>\n<p>Informe sobre la integraci\u00f3 social de menors migrants no acompanyats a Espanya, i d\u2019an\u00e0lisis i avaluaci\u00f3 del sistema de protecci\u00f3 en Espanya. <strong>Projecte europeu PROUD<\/strong>. \u201cPromover y dar apoyo ala vida independiente como pr\u00e1ctica alternativa del cuidado de menores no acompa\u00f1ados\u201d (AMIF-2018-AG-INTE-4), finan\u00e7at per el <strong>Fons d\u2019asil, migraci\u00f3 i integraci\u00f3 de la Comissi\u00f3 Europea<\/strong>. (2020)<\/p>\n<p>Elaboraci\u00f3 de <strong>l\u2019informe NESET, European Comision<\/strong>. Ad hoc report no. 4\/2019 The social integrationof Roma citizens: some lessons from Spain to be extrapolated at EU level\u2019. Team: S. Carrasco and G.Poblet. (2019).<\/p>\n<p>Participaci\u00f3 al projecte <strong>IDCOL project<\/strong>, Vers una identitat col\u00b7lectiva pluricultural \u2013 EMIGRA &#8211; UAB. IP:Dr. Jordi Pamies finan\u00e7at per la <strong>Escola d\u2019Administraci\u00f3 P\u00fablica de Catalunya<\/strong>, Generalitat de Catalunya. (2019)<\/p>\n<p>Estudi social a la ciutat de Melilla per a <strong><em>Save The Children<\/em><\/strong> sobre pol\u00edtiques de sensibilitzaci\u00f3 alvoltant de la problem\u00e0tica de menors migrants no acompanyants (2019).<\/p>\n<p>Coordinadora i formadora del seminari: \u201cDel Triangle Nord a Catalunya, viol\u00e8ncia, migracions i refugi\u201d,\u00a0Europa Sense Murs amb Fundaci\u00f3 FICAT ( 2018), Ajuntament de El Prat (2018) i Ajuntament de\u00a0Barcelona (2019).<\/p>\n<p><strong>Ultimes publicacions: <\/strong><\/p>\n<p>Poblet, G. i Carrasco, C. (en prensa) La migraci\u00f3n forzada por violencia del Tri\u00e1ngulo Norte de Am\u00e9rica Central a Catalu\u00f1a: explorando procesos de acogida y resili\u00e8ncia. Revista Quaderns-ICA.<\/p>\n<p>Poblet, G. (en premsa) <em>\u201c\u201cPagar el seguro a la chacha\u201d, Informalidad y protecci\u00f3n social en el servicio dom\u00e9stico y de cuidados. <\/em>Revista Migraciones.<\/p>\n<p>Poblet, G. (2020) <em>&#8220;Migrantes, trabajadoras y ciudadanas&#8221;. Estudio de caso de mujeres migrantes trabajadoras del hogar en Barcelona. Identificaci\u00f3n de necesidades y trayectorias sociolaborales<\/em>. Focus on International Migration, CER- Migraciones, Universidad Aut\u00f3noma de Barcelona.<\/p>\n<p>Poblet, Gabriela (2019) \u201c\u2019Toque de queda\u2019, migraciones forzadas del Tri\u00e1ngulo Norte de Am\u00e9rica Central a\u00a0Catalunya\u201d. FES, XIII Congreso espa\u00f1ol de Sociolog\u00eda, Valencia, del 3 al 6 de julio de 2019<\/p>\n<p>Poblet, G. (2017): <em>\u201cNo quiero regalos, solo quiero que cambien las leyes<\/em><em>\u201d. Cuidados, reciprocidad y desigualdad. <\/em>Quaderns-e de l\u2019ICA, 22 (2), pp. 115-132.<\/p>","protected":false},"excerpt":{"rendered":"<p>Despatx B9-219 Emails: Gabriela.Poblet@uab.cat\u00a0 i\u00a0 gabypoblet@gmail.com\u00a0 \u00a0Doctora en Antropologia Social i Cultural i M\u00e0ster en Investigaci\u00f3 Etnogr\u00e0fica, Teoria antropol\u00f2gica i Relacions Interculturals per la UAB, \u00e9s Licenciada en Antropologia per la Universidad de la Plata (Argentina). S&#8217;ha especialitzat en l&#8217;\u00e0mbit de les\u00a0migracions internacionals, especialment en temes de treball dom\u00e8stic i migracions for\u00e7ades, des d&#8217;una perspectiva [&hellip;]<\/p>\n","protected":false},"author":20,"featured_media":0,"parent":0,"menu_order":0,"comment_status":"closed","ping_status":"closed","template":"","meta":{"footnotes":""},"class_list":["post-336","page","type-page","status-publish","hentry"],"_links":{"self":[{"href":"https:\/\/webs.uab.cat\/emigra\/ca\/wp-json\/wp\/v2\/pages\/336","targetHints":{"allow":["GET"]}}],"collection":[{"href":"https:\/\/webs.uab.cat\/emigra\/ca\/wp-json\/wp\/v2\/pages"}],"about":[{"href":"https:\/\/webs.uab.cat\/emigra\/ca\/wp-json\/wp\/v2\/types\/page"}],"author":[{"embeddable":true,"href":"https:\/\/webs.uab.cat\/emigra\/ca\/wp-json\/wp\/v2\/users\/20"}],"replies":[{"embeddable":true,"href":"https:\/\/webs.uab.cat\/emigra\/ca\/wp-json\/wp\/v2\/comments?post=336"}],"version-history":[{"count":1,"href":"https:\/\/webs.uab.cat\/emigra\/ca\/wp-json\/wp\/v2\/pages\/336\/revisions"}],"predecessor-version":[{"id":990,"href":"https:\/\/webs.uab.cat\/emigra\/ca\/wp-json\/wp\/v2\/pages\/336\/revisions\/990"}],"wp:attachment":[{"href":"https:\/\/webs.uab.cat\/emigra\/ca\/wp-json\/wp\/v2\/media?parent=336"}],"curies":[{"name":"wp","href":"https:\/\/api.w.org\/{rel}","templated":true}]}}

<div class="wp-block-media-text alignwide is-stacked-on-mobile has-primary-background-color has-background" style="grid-template-columns:30% auto"><figure class="wp-block-media-text__media"><img loading="lazy" decoding="async" width="173" height="151" src="https://webs.uab.cat/emigra/wp-content/uploads/sites/225/2010/10/gaby.jpg" alt="" class="wp-image-240 size-full"/></figure><div class="wp-block-media-text__content">
<p class="has-small-font-size">Despatx B9-219 <br>Emails: Gabriela.Poblet@uab.cat  i  gabypoblet@gmail.com </p>
</div></div>


<p> Doctora en Antropologia Social i Cultural i Màster en Investigació Etnogràfica, Teoria antropològica i Relacions Interculturals per la UAB, és Licenciada en Antropologia per la Universidad de la Plata (Argentina). S&#8217;ha especialitzat en l&#8217;àmbit de les migracions internacionals, especialment en temes de treball domèstic i migracions forçades, des d&#8217;una perspectiva de gènere, i treballa en l&#8217;actualitat en diversos projectes relacionats. És professora associada del Departament d’Antropologia Social a la Universitat Autònoma de Barcelona i del Centre d&#8217;Estudis i Recerca en Migracions. És la fundadora i directora de l&#8217;entitat <a href="http://europasensemurs.com/ca/">Europa Sense Murs</a> dedicada a la investigació i la consultoria social, contra el racisme i la desigualtat.</p>
<p><strong>Projectes recents:</strong></p>
<p>Investigadora del projecte Víctimes de maras del triangle Nord a Catalunya, Universitat Autònoma de Barcelona. Finançat per <strong>ICIP (Institut Català Internacional de la Pau) i AGAUR</strong>, Generalitat de Catalunya. IP: Dra.Silvia Carrasco.</p>
<p>Estudi d’Identificació dels intermediaris laborals del servei domèstic a Barcelona i elaboració d’un &#8220;mapeig&#8221; per territoris de la xarxa d’intermediaris. <strong>Direcció d’envelliment i cures, Ajuntament de Barcelona</strong>. (2021)</p>
<p>Avaluació del projecte “Drets humans Descosits”. <strong>Setem Catalunya i Agència Catalana de Cooperació al</strong> <strong>desenvolupament.</strong> (2020-2021)</p>
<p>Actualització del material pedagògic sobre dret d’asil i refugi per a <strong>l’ACNUR, comitè Català. </strong></p>
<p>Estudi de diagnosis sobre la situació de la població migrant i integració social, i elaboració del pla de convivència, <strong>Ajuntament de Sant Joan Despí</strong>, Barcelona. (2020)</p>
<p>Informe sobre la integració social de menors migrants no acompanyats a Espanya, i d’anàlisis i avaluació del sistema de protecció en Espanya. <strong>Projecte europeu PROUD</strong>. “Promover y dar apoyo ala vida independiente como práctica alternativa del cuidado de menores no acompañados” (AMIF-2018-AG-INTE-4), finançat per el <strong>Fons d’asil, migració i integració de la Comissió Europea</strong>. (2020)</p>
<p>Elaboració de <strong>l’informe NESET, European Comision</strong>. Ad hoc report no. 4/2019 The social integrationof Roma citizens: some lessons from Spain to be extrapolated at EU level’. Team: S. Carrasco and G.Poblet. (2019).</p>
<p>Participació al projecte <strong>IDCOL project</strong>, Vers una identitat col·lectiva pluricultural – EMIGRA &#8211; UAB. IP:Dr. Jordi Pamies finançat per la <strong>Escola d’Administració Pública de Catalunya</strong>, Generalitat de Catalunya. (2019)</p>
<p>Estudi social a la ciutat de Melilla per a <strong><em>Save The Children</em></strong> sobre polítiques de sensibilització alvoltant de la problemàtica de menors migrants no acompanyants (2019).</p>
<p>Coordinadora i formadora del seminari: “Del Triangle Nord a Catalunya, violència, migracions i refugi”, Europa Sense Murs amb Fundació FICAT ( 2018), Ajuntament de El Prat (2018) i Ajuntament de Barcelona (2019).</p>
<p><strong>Ultimes publicacions: </strong></p>
<p>Poblet, G. i Carrasco, C. (en prensa) La migración forzada por violencia del Triángulo Norte de América Central a Cataluña: explorando procesos de acogida y resiliència. Revista Quaderns-ICA.</p>
<p>Poblet, G. (en premsa) <em>““Pagar el seguro a la chacha”, Informalidad y protección social en el servicio doméstico y de cuidados. </em>Revista Migraciones.</p>
<p>Poblet, G. (2020) <em>&#8220;Migrantes, trabajadoras y ciudadanas&#8221;. Estudio de caso de mujeres migrantes trabajadoras del hogar en Barcelona. Identificación de necesidades y trayectorias sociolaborales</em>. Focus on International Migration, CER- Migraciones, Universidad Autónoma de Barcelona.</p>
<p>Poblet, Gabriela (2019) “’Toque de queda’, migraciones forzadas del Triángulo Norte de América Central a Catalunya”. FES, XIII Congreso español de Sociología, Valencia, del 3 al 6 de julio de 2019</p>
<p>Poblet, G. (2017): <em>“No quiero regalos, solo quiero que cambien las leyes</em><em>”. Cuidados, reciprocidad y desigualdad. </em>Quaderns-e de l’ICA, 22 (2), pp. 115-132.</p>

<p>Despatx B9-219 Emails: Gabriela.Poblet@uab.cat  i  gabypoblet@gmail.com   Doctora en Antropologia Social i Cultural i Màster en Investigació Etnogràfica, Teoria antropològica i Relacions Interculturals per la UAB, és Licenciada en Antropologia per la Universidad de la Plata (Argentina). S&#8217;ha especialitzat en l&#8217;àmbit de les migracions internacionals, especialment en temes de treball domèstic i migracions forçades, des d&#8217;una perspectiva [&hellip;]</p>
