{"id":1158,"date":"2023-03-15T18:06:39","date_gmt":"2023-03-15T16:06:39","guid":{"rendered":"https:\/\/webs.uab.cat\/emigra\/?page_id=1158"},"modified":"2023-03-15T18:09:39","modified_gmt":"2023-03-15T16:09:39","slug":"marina-pibernat-vila","status":"publish","type":"page","link":"https:\/\/webs.uab.cat\/emigra\/marina-pibernat-vila\/","title":{"rendered":"Marina Pibernat Vila"},"content":{"rendered":"\n<div class=\"wp-block-columns is-layout-flex wp-container-core-columns-is-layout-9d6595d7 wp-block-columns-is-layout-flex\">\n<div class=\"wp-block-column is-layout-flow wp-block-column-is-layout-flow\" style=\"flex-basis:33.33%\">\n<figure class=\"wp-block-image size-full\"><img loading=\"lazy\" decoding=\"async\" width=\"524\" height=\"600\" src=\"https:\/\/webs.uab.cat\/emigra\/wp-content\/uploads\/sites\/225\/2010\/10\/eql3_rcxmaawjxx.jpg\" alt=\"\" class=\"wp-image-243\" srcset=\"https:\/\/webs.uab.cat\/emigra\/wp-content\/uploads\/sites\/225\/2010\/10\/eql3_rcxmaawjxx.jpg 524w, https:\/\/webs.uab.cat\/emigra\/wp-content\/uploads\/sites\/225\/2010\/10\/eql3_rcxmaawjxx-262x300.jpg 262w\" sizes=\"auto, (max-width: 524px) 100vw, 524px\" \/><\/figure>\n<\/div>\n\n\n\n<div class=\"wp-block-column is-layout-flow wp-block-column-is-layout-flow\" style=\"flex-basis:66.66%\">\n<p>Doctora en antropolog\u00eda por la Universidade da Coru\u00f1a e historiadora por la Universitat de Girona. Su campo de investigaci\u00f3n es la antropolog\u00eda del g\u00e9nero y feminista, la adolescencia y la juventud, el alumnando migrante, la socializaci\u00f3n digital y audiovisual y la historia de las mujeres.<\/p>\n\n\n\n<div class=\"wp-block-columns is-layout-flex wp-container-core-columns-is-layout-9d6595d7 wp-block-columns-is-layout-flex\">\n<div class=\"wp-block-column is-layout-flow wp-block-column-is-layout-flow\">\n<pre class=\"wp-block-preformatted\">Department of Social and Cultural Anthropology, Ctra. Cerdanyola s\/n 08193 Bellaterra<\/pre>\n<\/div>\n\n\n\n<div class=\"wp-block-column is-layout-flow wp-block-column-is-layout-flow\">\n<pre class=\"wp-block-preformatted\">Office B9-215\n+34 93 5868918\n+34 93 5868319<\/pre>\n<\/div>\n<\/div>\n\n\n\n<p><a href=\"https:\/\/orcid.org\/0000-0002-7304-8940\">https:\/\/orcid.org\/0000-0002-7304-8940<\/a><\/p>\n<\/div>\n<\/div>\n","protected":false},"excerpt":{"rendered":"<p>Doctora en antropolog\u00eda por la Universidade da Coru\u00f1a e historiadora por la Universitat de Girona. Su campo de investigaci\u00f3n es la antropolog\u00eda del g\u00e9nero y feminista, la adolescencia y la juventud, el alumnando migrante, la socializaci\u00f3n digital y audiovisual y la historia de las mujeres. Department of Social and Cultural Anthropology, Ctra. Cerdanyola s\/n 08193 [&hellip;]<\/p>\n","protected":false},"author":470,"featured_media":0,"parent":0,"menu_order":0,"comment_status":"closed","ping_status":"closed","template":"","meta":{"footnotes":""},"class_list":["post-1158","page","type-page","status-publish","hentry"],"_links":{"self":[{"href":"https:\/\/webs.uab.cat\/emigra\/wp-json\/wp\/v2\/pages\/1158","targetHints":{"allow":["GET"]}}],"collection":[{"href":"https:\/\/webs.uab.cat\/emigra\/wp-json\/wp\/v2\/pages"}],"about":[{"href":"https:\/\/webs.uab.cat\/emigra\/wp-json\/wp\/v2\/types\/page"}],"author":[{"embeddable":true,"href":"https:\/\/webs.uab.cat\/emigra\/wp-json\/wp\/v2\/users\/470"}],"replies":[{"embeddable":true,"href":"https:\/\/webs.uab.cat\/emigra\/wp-json\/wp\/v2\/comments?post=1158"}],"version-history":[{"count":3,"href":"https:\/\/webs.uab.cat\/emigra\/wp-json\/wp\/v2\/pages\/1158\/revisions"}],"predecessor-version":[{"id":1162,"href":"https:\/\/webs.uab.cat\/emigra\/wp-json\/wp\/v2\/pages\/1158\/revisions\/1162"}],"wp:attachment":[{"href":"https:\/\/webs.uab.cat\/emigra\/wp-json\/wp\/v2\/media?parent=1158"}],"curies":[{"name":"wp","href":"https:\/\/api.w.org\/{rel}","templated":true}]}}

<div class="wp-block-columns is-layout-flex wp-container-core-columns-is-layout-9d6595d7 wp-block-columns-is-layout-flex">
<div class="wp-block-column is-layout-flow wp-block-column-is-layout-flow" style="flex-basis:33.33%">
<figure class="wp-block-image size-full"><img loading="lazy" decoding="async" width="524" height="600" src="https://webs.uab.cat/emigra/wp-content/uploads/sites/225/2010/10/eql3_rcxmaawjxx.jpg" alt="" class="wp-image-243" srcset="https://webs.uab.cat/emigra/wp-content/uploads/sites/225/2010/10/eql3_rcxmaawjxx.jpg 524w, https://webs.uab.cat/emigra/wp-content/uploads/sites/225/2010/10/eql3_rcxmaawjxx-262x300.jpg 262w" sizes="auto, (max-width: 524px) 100vw, 524px" /></figure>
</div>



<div class="wp-block-column is-layout-flow wp-block-column-is-layout-flow" style="flex-basis:66.66%">
<p>Doctora en antropología por la Universidade da Coruña e historiadora por la Universitat de Girona. Su campo de investigación es la antropología del género y feminista, la adolescencia y la juventud, el alumnando migrante, la socialización digital y audiovisual y la historia de las mujeres.</p>



<div class="wp-block-columns is-layout-flex wp-container-core-columns-is-layout-9d6595d7 wp-block-columns-is-layout-flex">
<div class="wp-block-column is-layout-flow wp-block-column-is-layout-flow">
<pre class="wp-block-preformatted">Department of Social and Cultural Anthropology, Ctra. Cerdanyola s/n 08193 Bellaterra</pre>
</div>



<div class="wp-block-column is-layout-flow wp-block-column-is-layout-flow">
<pre class="wp-block-preformatted">Office B9-215
+34 93 5868918
+34 93 5868319</pre>
</div>
</div>



<p><a href="https://orcid.org/0000-0002-7304-8940">https://orcid.org/0000-0002-7304-8940</a></p>
</div>
</div>

<p>Doctora en antropología por la Universidade da Coruña e historiadora por la Universitat de Girona. Su campo de investigación es la antropología del género y feminista, la adolescencia y la juventud, el alumnando migrante, la socialización digital y audiovisual y la historia de las mujeres. Department of Social and Cultural Anthropology, Ctra. Cerdanyola s/n 08193 [&hellip;]</p>
