{"id":283,"date":"2010-03-04T00:12:37","date_gmt":"2010-03-03T22:12:37","guid":{"rendered":"https:\/\/webs.uab.cat\/emigra\/publicaciones-0\/"},"modified":"2022-09-27T20:21:20","modified_gmt":"2022-09-27T18:21:20","slug":"publicaciones-0","status":"publish","type":"page","link":"https:\/\/webs.uab.cat\/emigra\/publicaciones-0\/","title":{"rendered":"Publicaciones"},"content":{"rendered":"\n<p><strong>EMIGRA publica periodicamente estas dos colecciones digitales:<\/strong><\/p>\n\n\n\n<p><a href=\"https:\/\/webs.uab.cat\/emigra\/es\/emigra-newsletter\/\" data-type=\"page\" data-id=\"259\">&#8211; EMIGRA Newsletters<\/a><\/p>\n\n\n\n<p>Publicaci\u00f3n de car\u00e1cter trimestral.&nbsp;<\/p>\n\n\n\n<p>&#8211; <a href=\"https:\/\/webs.uab.cat\/emigra\/es\/emigra-working-papers-5\/\" data-type=\"page\" data-id=\"264\">EMIGRA Working Papers<\/a><\/p>\n\n\n\n<p><span id=\"result_box\" lang=\"ca\"><span title=\"Haz clic para obtener traducciones alternativas\">Emigra<\/span> <span title=\"Haz clic para obtener traducciones alternativas\">Working Papers<\/span><span title=\"Haz clic para obtener traducciones alternativas\">&nbsp;es una serie que publica los productos del trabajo en curso de los miembros del grupo de investigaci\u00f3n antes de convertirse en art\u00edculos de revistas, cap\u00edtulos o libros. Es tambi\u00e9n el espacio donde encontrar trabajos presentados en congresos y reuniones cient\u00edficas organizadas por EMIGRA. Son bienvenidos otros investigadores en nuestro campo de investigaci\u00f3n (la migraci\u00f3n, la educaci\u00f3n y la infancia) para presentar materiales con las mismas condiciones. El Consejo de Redacci\u00f3n revisa las propuestas preliminares presentadas, adem\u00e1s, los documentos est\u00e1n protegidos por<\/span>&nbsp;<span title=\"Haz clic para obtener traducciones alternativas\">ISSN<\/span> <span title=\"Haz clic para obtener traducciones alternativas\">2013-3804<\/span>&nbsp;y&nbsp;<span title=\"Haz clic para obtener traducciones alternativas\">Creative<\/span> <span title=\"Haz clic para obtener traducciones alternativas\">Commons<\/span><span title=\"Haz clic para obtener traducciones alternativas\">.<\/span> <span title=\"Haz clic para obtener traducciones alternativas\">La<\/span> <span title=\"Haz clic para obtener traducciones alternativas\">Junta<\/span> <span title=\"Haz clic para obtener traducciones alternativas\">Asesora<\/span>, <span title=\"Haz clic para obtener traducciones alternativas\">finalmente,<\/span> <span title=\"Haz clic para obtener traducciones alternativas\">examina<\/span> <span title=\"Haz clic para obtener traducciones alternativas\">algunas<\/span> <span title=\"Haz clic para obtener traducciones alternativas\">de<\/span> <span title=\"Haz clic para obtener traducciones alternativas\">las<\/span> <span title=\"Haz clic para obtener traducciones alternativas\">propuestas<\/span>&nbsp;y&nbsp;<span title=\"Haz clic para obtener traducciones alternativas\">supervisa<\/span> <span title=\"Haz clic para obtener traducciones alternativas\">la<\/span> <span title=\"Haz clic para obtener traducciones alternativas\">producci\u00f3n y la<\/span> <span title=\"Haz clic para obtener traducciones alternativas\">evoluci\u00f3n<\/span> <span title=\"Haz clic para obtener traducciones alternativas\">de la serie<\/span><span title=\"Haz clic para obtener traducciones alternativas\">.<\/span> <span title=\"Haz clic para obtener traducciones alternativas\">Documentos<\/span> <span title=\"Haz clic para obtener traducciones alternativas\">en<\/span> <span title=\"Haz clic para obtener traducciones alternativas\">catal\u00e1n<\/span><span title=\"Haz clic para obtener traducciones alternativas\">, castellano,<\/span>&nbsp;i<span title=\"Haz clic para obtener traducciones alternativas\">ngl\u00e9s<\/span><span title=\"Haz clic para obtener traducciones alternativas\">,<\/span> <span title=\"Haz clic para obtener traducciones alternativas\">franc\u00e9s<\/span><span title=\"Haz clic para obtener traducciones alternativas\">,<\/span> <span title=\"Haz clic para obtener traducciones alternativas\">portugu\u00e9s<\/span>&nbsp;e&nbsp;<span title=\"Haz clic para obtener traducciones alternativas\">italiano<\/span>&nbsp;<span title=\"Haz clic para obtener traducciones alternativas\">son<\/span> <span title=\"Haz clic para obtener traducciones alternativas\">bienvenidos<\/span><span title=\"Haz clic para obtener traducciones alternativas\">.<\/span><\/span><\/p>\n\n\n\n<p><strong>Consultad informes de resultados de los proyectos de investigacion realizados desde EMIGRA:<\/strong><\/p>\n\n\n\n<p><a href=\"https:\/\/webs.uab.cat\/emigra\/es\/informes-y-publicaciones-puntuales\/\" data-type=\"page\" data-id=\"296\">&nbsp;Informes y publicaciones puntuales<\/a><\/p>\n","protected":false},"excerpt":{"rendered":"<p>EMIGRA publica periodicamente estas dos colecciones digitales: &#8211; EMIGRA Newsletters Publicaci\u00f3n de car\u00e1cter trimestral.&nbsp; &#8211; EMIGRA Working Papers Emigra Working Papers&nbsp;es una serie que publica los productos del trabajo en curso de los miembros del grupo de investigaci\u00f3n antes de convertirse en art\u00edculos de revistas, cap\u00edtulos o libros. Es tambi\u00e9n el espacio donde encontrar trabajos [&hellip;]<\/p>\n","protected":false},"author":20,"featured_media":0,"parent":0,"menu_order":0,"comment_status":"closed","ping_status":"closed","template":"","meta":{"footnotes":""},"class_list":["post-283","page","type-page","status-publish","hentry"],"_links":{"self":[{"href":"https:\/\/webs.uab.cat\/emigra\/wp-json\/wp\/v2\/pages\/283","targetHints":{"allow":["GET"]}}],"collection":[{"href":"https:\/\/webs.uab.cat\/emigra\/wp-json\/wp\/v2\/pages"}],"about":[{"href":"https:\/\/webs.uab.cat\/emigra\/wp-json\/wp\/v2\/types\/page"}],"author":[{"embeddable":true,"href":"https:\/\/webs.uab.cat\/emigra\/wp-json\/wp\/v2\/users\/20"}],"replies":[{"embeddable":true,"href":"https:\/\/webs.uab.cat\/emigra\/wp-json\/wp\/v2\/comments?post=283"}],"version-history":[{"count":2,"href":"https:\/\/webs.uab.cat\/emigra\/wp-json\/wp\/v2\/pages\/283\/revisions"}],"predecessor-version":[{"id":1017,"href":"https:\/\/webs.uab.cat\/emigra\/wp-json\/wp\/v2\/pages\/283\/revisions\/1017"}],"wp:attachment":[{"href":"https:\/\/webs.uab.cat\/emigra\/wp-json\/wp\/v2\/media?parent=283"}],"curies":[{"name":"wp","href":"https:\/\/api.w.org\/{rel}","templated":true}]}}