{"id":332,"date":"2018-11-13T12:19:40","date_gmt":"2018-11-13T10:19:40","guid":{"rendered":"https:\/\/webs.uab.cat\/emigra\/congresos-finalizados\/"},"modified":"2018-11-13T12:19:40","modified_gmt":"2018-11-13T10:19:40","slug":"congresos-finalizados","status":"publish","type":"page","link":"https:\/\/webs.uab.cat\/emigra\/congresos-finalizados\/","title":{"rendered":"Congresos, jornadas y seminarios finalizados"},"content":{"rendered":"<p><strong>Congresos y&nbsp;seminarios organizados o co-organizados desde 2017:<\/strong><\/p>\n<p><strong>IX Congreso&nbsp;de Migraciones<\/strong> organitzat pel CER Migracions, amb la col\u00b7laboraci\u00f3 de la Red de Excelencia en Estudios Migratorios (ResMi) i l&#8217;Institut Europeu de la Mediterr\u00e0nia (IeMed) els dies 4, 5, i 6 de setembre de 2019 a la UAB:&nbsp;<a href=\"https:\/\/www.congresomigraciones2019.com\/\">https:\/\/www.congresomigraciones2019.com\/<\/a><\/p>\n<p><strong>IMISCOE 2019<\/strong> Symposium #99 on Reducing Early School Leaving in Europe (part 2) Standing Committee Education and Social Mobility, 24-28 June in Malm\u00f6.<\/p>\n<p><strong>Seminario ResMi<\/strong> (Red de Excelencia sobre Estudios Migratorios) sobre Migraciones y Educaci\u00f3n el dia 17 de junio de 2019. Biblioteca del CER Migracions de la UAB.<\/p>\n<p><strong>Seminari de Recerca RESL.eu<\/strong>:&nbsp;<em>L&#8217;Abandonament Escolar Prematur a Catalunya en el context europeu<\/em>, on presentarem els resultats del projecte Reducing Early School Leaving in Europe&nbsp;<a href=\"https:\/\/www.uantwerpen.be\/en\/projects\/resl-eu\/\">RESL.eu<\/a>&nbsp;(2013-2018) finan\u00e7at pel 7\u00e8 Programa Marc, dijous 17 de gener de 2019. Sala d&#8217;Actes de la Facultat de Filosofia i Lletres de la UAB.&nbsp;<\/p>\n<p><strong>IV Congreso CIEYE<\/strong>, Congreso&nbsp;Internacional de Etnograf\u00eda y Educaci\u00f3n los d\u00edas 11-14 de julio de 2017. Facultad de Educaci\u00f3n de la UAB.<\/p>\n","protected":false},"excerpt":{"rendered":"<p>Congresos y&nbsp;seminarios organizados o co-organizados desde 2017: IX Congreso&nbsp;de Migraciones organitzat pel CER Migracions, amb la col\u00b7laboraci\u00f3 de la Red de Excelencia en Estudios Migratorios (ResMi) i l&#8217;Institut Europeu de la Mediterr\u00e0nia (IeMed) els dies 4, 5, i 6 de setembre de 2019 a la UAB:&nbsp;https:\/\/www.congresomigraciones2019.com\/ IMISCOE 2019 Symposium #99 on Reducing Early School Leaving [&hellip;]<\/p>\n","protected":false},"author":20,"featured_media":0,"parent":0,"menu_order":0,"comment_status":"closed","ping_status":"closed","template":"","meta":{"footnotes":""},"class_list":["post-332","page","type-page","status-publish","hentry"],"_links":{"self":[{"href":"https:\/\/webs.uab.cat\/emigra\/wp-json\/wp\/v2\/pages\/332","targetHints":{"allow":["GET"]}}],"collection":[{"href":"https:\/\/webs.uab.cat\/emigra\/wp-json\/wp\/v2\/pages"}],"about":[{"href":"https:\/\/webs.uab.cat\/emigra\/wp-json\/wp\/v2\/types\/page"}],"author":[{"embeddable":true,"href":"https:\/\/webs.uab.cat\/emigra\/wp-json\/wp\/v2\/users\/20"}],"replies":[{"embeddable":true,"href":"https:\/\/webs.uab.cat\/emigra\/wp-json\/wp\/v2\/comments?post=332"}],"version-history":[{"count":0,"href":"https:\/\/webs.uab.cat\/emigra\/wp-json\/wp\/v2\/pages\/332\/revisions"}],"wp:attachment":[{"href":"https:\/\/webs.uab.cat\/emigra\/wp-json\/wp\/v2\/media?parent=332"}],"curies":[{"name":"wp","href":"https:\/\/api.w.org\/{rel}","templated":true}]}}