{"id":426,"date":"2022-04-26T19:16:12","date_gmt":"2022-04-26T19:16:12","guid":{"rendered":"https:\/\/blogs.uab.cat\/enifalpo\/?page_id=426"},"modified":"2025-07-18T08:32:58","modified_gmt":"2025-07-18T08:32:58","slug":"seminars","status":"publish","type":"page","link":"https:\/\/webs.uab.cat\/enifalpo\/seminars\/","title":{"rendered":"SEMINARS"},"content":{"rendered":"\n<p><\/p>\n\n\n\n<p class=\"has-text-color has-large-font-size\" style=\"color:#030c74\"><strong><a href=\"https:\/\/drive.google.com\/file\/d\/1V_hbAXsQx7gRi9Q7VU-Lv2mzg3-Be8bc\/view?usp=sharing\">Final International Seminar: Exploring New Directions in Family Language Policy, UCLM, 18-19 January 2024<\/a><\/strong><\/p>\n\n\n\n<figure class=\"wp-block-image size-large is-resized\"><img loading=\"lazy\" decoding=\"async\" width=\"724\" height=\"1024\" src=\"https:\/\/webs.uab.cat\/enifalpo\/wp-content\/uploads\/sites\/86\/2025\/07\/Family-Language-Policy-Seminar-Poster_v2-724x1024.jpg\" alt=\"\" class=\"wp-image-652\" style=\"width:411px;height:auto\" srcset=\"https:\/\/webs.uab.cat\/enifalpo\/wp-content\/uploads\/sites\/86\/2025\/07\/Family-Language-Policy-Seminar-Poster_v2-724x1024.jpg 724w, https:\/\/webs.uab.cat\/enifalpo\/wp-content\/uploads\/sites\/86\/2025\/07\/Family-Language-Policy-Seminar-Poster_v2-212x300.jpg 212w, https:\/\/webs.uab.cat\/enifalpo\/wp-content\/uploads\/sites\/86\/2025\/07\/Family-Language-Policy-Seminar-Poster_v2-768x1086.jpg 768w, https:\/\/webs.uab.cat\/enifalpo\/wp-content\/uploads\/sites\/86\/2025\/07\/Family-Language-Policy-Seminar-Poster_v2-1086x1536.jpg 1086w, https:\/\/webs.uab.cat\/enifalpo\/wp-content\/uploads\/sites\/86\/2025\/07\/Family-Language-Policy-Seminar-Poster_v2-1448x2048.jpg 1448w, https:\/\/webs.uab.cat\/enifalpo\/wp-content\/uploads\/sites\/86\/2025\/07\/Family-Language-Policy-Seminar-Poster_v2-1200x1697.jpg 1200w, https:\/\/webs.uab.cat\/enifalpo\/wp-content\/uploads\/sites\/86\/2025\/07\/Family-Language-Policy-Seminar-Poster_v2-1980x2801.jpg 1980w, https:\/\/webs.uab.cat\/enifalpo\/wp-content\/uploads\/sites\/86\/2025\/07\/Family-Language-Policy-Seminar-Poster_v2-scaled.jpg 1810w\" sizes=\"auto, (max-width: 724px) 100vw, 724px\" \/><\/figure>\n\n\n\n<p><\/p>\n\n\n\n<p><\/p>\n\n\n\n<h2 class=\"wp-block-heading has-text-color\" style=\"color:#030c74\">Research visit and workshop with Dr Kevin Petit Cahill (U. Clermont Auvergne), UAB, Nov 28th-Dec 2nd, 2022<\/h2>\n\n\n\n<p>Workshop organised by the UAB team.<\/p>\n\n\n\n<p>Dr Kevin Petit Cahill (Universit\u00e9 Clermont Auvergne) visited the ENIFALPO CAT team at Universitat Aut\u00f2noma de Barcelona (November 28th &#8211; December 2nd) on a &#8220;Mobilit\u00e9 internationale sortante&#8221; research mobility grant, the objective of which was to work on a project proposal to investigate the role of languages in employability among applied language graduates. <\/p>\n\n\n\n<p>On November 28th a workshop was held with the goal of bringing together ideas and exchange feedback on the various work-in-progress presentations Kevin Petit Cahill and the ENIFALPO team members prepared. <\/p>\n\n\n\n<p class=\"has-text-align-left has-normal-font-size\"><strong>Contributions included: <\/strong><\/p>\n\n\n\n<figure class=\"wp-block-image size-medium\"><img loading=\"lazy\" decoding=\"async\" width=\"300\" height=\"225\" src=\"https:\/\/webs.uab.cat\/enifalpo\/wp-content\/uploads\/sites\/86\/2022\/12\/20221128_182016-1-300x225.jpg\" alt=\"\" class=\"wp-image-533\" srcset=\"https:\/\/webs.uab.cat\/enifalpo\/wp-content\/uploads\/sites\/86\/2022\/12\/20221128_182016-1-300x225.jpg 300w, https:\/\/webs.uab.cat\/enifalpo\/wp-content\/uploads\/sites\/86\/2022\/12\/20221128_182016-1-1024x768.jpg 1024w, https:\/\/webs.uab.cat\/enifalpo\/wp-content\/uploads\/sites\/86\/2022\/12\/20221128_182016-1-768x576.jpg 768w, https:\/\/webs.uab.cat\/enifalpo\/wp-content\/uploads\/sites\/86\/2022\/12\/20221128_182016-1-1536x1152.jpg 1536w, https:\/\/webs.uab.cat\/enifalpo\/wp-content\/uploads\/sites\/86\/2022\/12\/20221128_182016-1-2048x1536.jpg 2048w, https:\/\/webs.uab.cat\/enifalpo\/wp-content\/uploads\/sites\/86\/2022\/12\/20221128_182016-1-1200x900.jpg 1200w, https:\/\/webs.uab.cat\/enifalpo\/wp-content\/uploads\/sites\/86\/2022\/12\/20221128_182016-1-1980x1485.jpg 1980w\" sizes=\"auto, (max-width: 300px) 100vw, 300px\" \/><figcaption class=\"wp-element-caption\"><strong>Presenter: <\/strong>Kevin Petit Cahill (UCA, Universit\u00e9 Clermont Auvergne)<\/figcaption><\/figure>\n\n\n\n<figure class=\"wp-block-image size-medium\"><img loading=\"lazy\" decoding=\"async\" width=\"225\" height=\"300\" src=\"https:\/\/webs.uab.cat\/enifalpo\/wp-content\/uploads\/sites\/86\/2022\/12\/WhatsApp-Image-2022-11-28-at-16.34.48-1-225x300.jpeg\" alt=\"\" class=\"wp-image-534\" srcset=\"https:\/\/webs.uab.cat\/enifalpo\/wp-content\/uploads\/sites\/86\/2022\/12\/WhatsApp-Image-2022-11-28-at-16.34.48-1-225x300.jpeg 225w, https:\/\/webs.uab.cat\/enifalpo\/wp-content\/uploads\/sites\/86\/2022\/12\/WhatsApp-Image-2022-11-28-at-16.34.48-1-768x1024.jpeg 768w, https:\/\/webs.uab.cat\/enifalpo\/wp-content\/uploads\/sites\/86\/2022\/12\/WhatsApp-Image-2022-11-28-at-16.34.48-1-1152x1536.jpeg 1152w, https:\/\/webs.uab.cat\/enifalpo\/wp-content\/uploads\/sites\/86\/2022\/12\/WhatsApp-Image-2022-11-28-at-16.34.48-1-1200x1600.jpeg 1200w, https:\/\/webs.uab.cat\/enifalpo\/wp-content\/uploads\/sites\/86\/2022\/12\/WhatsApp-Image-2022-11-28-at-16.34.48-1.jpeg 1536w\" sizes=\"auto, (max-width: 225px) 100vw, 225px\" \/><figcaption class=\"wp-element-caption\"><strong>Presenter:<\/strong> Gulsah Turk (UAB, Universitat Aut\u00f2noma de Barcelona)<\/figcaption><\/figure>\n\n\n\n<figure class=\"wp-block-image size-medium\"><img loading=\"lazy\" decoding=\"async\" width=\"300\" height=\"225\" src=\"https:\/\/webs.uab.cat\/enifalpo\/wp-content\/uploads\/sites\/86\/2022\/12\/WhatsApp-Image-2022-11-28-at-17.18.55-3-300x225.jpeg\" alt=\"\" class=\"wp-image-535\" srcset=\"https:\/\/webs.uab.cat\/enifalpo\/wp-content\/uploads\/sites\/86\/2022\/12\/WhatsApp-Image-2022-11-28-at-17.18.55-3-300x225.jpeg 300w, https:\/\/webs.uab.cat\/enifalpo\/wp-content\/uploads\/sites\/86\/2022\/12\/WhatsApp-Image-2022-11-28-at-17.18.55-3-1024x768.jpeg 1024w, https:\/\/webs.uab.cat\/enifalpo\/wp-content\/uploads\/sites\/86\/2022\/12\/WhatsApp-Image-2022-11-28-at-17.18.55-3-768x576.jpeg 768w, https:\/\/webs.uab.cat\/enifalpo\/wp-content\/uploads\/sites\/86\/2022\/12\/WhatsApp-Image-2022-11-28-at-17.18.55-3-1536x1152.jpeg 1536w, https:\/\/webs.uab.cat\/enifalpo\/wp-content\/uploads\/sites\/86\/2022\/12\/WhatsApp-Image-2022-11-28-at-17.18.55-3-1200x900.jpeg 1200w, https:\/\/webs.uab.cat\/enifalpo\/wp-content\/uploads\/sites\/86\/2022\/12\/WhatsApp-Image-2022-11-28-at-17.18.55-3-1980x1485.jpeg 1980w, https:\/\/webs.uab.cat\/enifalpo\/wp-content\/uploads\/sites\/86\/2022\/12\/WhatsApp-Image-2022-11-28-at-17.18.55-3.jpeg 2048w\" sizes=\"auto, (max-width: 300px) 100vw, 300px\" \/><figcaption class=\"wp-element-caption\"><strong>Presenters:<\/strong> Eva Cod\u00f3 &amp; Maria Rosa Garrido Sard\u00e0 (UAB, Universitat Aut\u00f2noma de Barcelona)<\/figcaption><\/figure>\n\n\n\n<figure class=\"wp-block-image size-medium\"><img loading=\"lazy\" decoding=\"async\" width=\"300\" height=\"225\" src=\"https:\/\/webs.uab.cat\/enifalpo\/wp-content\/uploads\/sites\/86\/2022\/12\/WhatsApp-Image-2022-11-28-at-17.38.09-2-300x225.jpeg\" alt=\"\" class=\"wp-image-536\" srcset=\"https:\/\/webs.uab.cat\/enifalpo\/wp-content\/uploads\/sites\/86\/2022\/12\/WhatsApp-Image-2022-11-28-at-17.38.09-2-300x225.jpeg 300w, https:\/\/webs.uab.cat\/enifalpo\/wp-content\/uploads\/sites\/86\/2022\/12\/WhatsApp-Image-2022-11-28-at-17.38.09-2-1024x768.jpeg 1024w, https:\/\/webs.uab.cat\/enifalpo\/wp-content\/uploads\/sites\/86\/2022\/12\/WhatsApp-Image-2022-11-28-at-17.38.09-2-768x576.jpeg 768w, https:\/\/webs.uab.cat\/enifalpo\/wp-content\/uploads\/sites\/86\/2022\/12\/WhatsApp-Image-2022-11-28-at-17.38.09-2-1536x1152.jpeg 1536w, https:\/\/webs.uab.cat\/enifalpo\/wp-content\/uploads\/sites\/86\/2022\/12\/WhatsApp-Image-2022-11-28-at-17.38.09-2-1200x900.jpeg 1200w, https:\/\/webs.uab.cat\/enifalpo\/wp-content\/uploads\/sites\/86\/2022\/12\/WhatsApp-Image-2022-11-28-at-17.38.09-2-1980x1485.jpeg 1980w, https:\/\/webs.uab.cat\/enifalpo\/wp-content\/uploads\/sites\/86\/2022\/12\/WhatsApp-Image-2022-11-28-at-17.38.09-2.jpeg 2048w\" sizes=\"auto, (max-width: 300px) 100vw, 300px\" \/><figcaption class=\"wp-element-caption\"><strong>Presenter:<\/strong> Jessica McDaid (UAB, Universitat Aut\u00f2noma de Barcelona)<\/figcaption><\/figure>\n\n\n\n<figure class=\"wp-block-image size-medium\"><img loading=\"lazy\" decoding=\"async\" width=\"300\" height=\"225\" src=\"https:\/\/webs.uab.cat\/enifalpo\/wp-content\/uploads\/sites\/86\/2022\/12\/WhatsApp-Image-2022-11-28-at-17.38.14-1-300x225.jpeg\" alt=\"\" class=\"wp-image-537\" srcset=\"https:\/\/webs.uab.cat\/enifalpo\/wp-content\/uploads\/sites\/86\/2022\/12\/WhatsApp-Image-2022-11-28-at-17.38.14-1-300x225.jpeg 300w, https:\/\/webs.uab.cat\/enifalpo\/wp-content\/uploads\/sites\/86\/2022\/12\/WhatsApp-Image-2022-11-28-at-17.38.14-1-1024x768.jpeg 1024w, https:\/\/webs.uab.cat\/enifalpo\/wp-content\/uploads\/sites\/86\/2022\/12\/WhatsApp-Image-2022-11-28-at-17.38.14-1-768x576.jpeg 768w, https:\/\/webs.uab.cat\/enifalpo\/wp-content\/uploads\/sites\/86\/2022\/12\/WhatsApp-Image-2022-11-28-at-17.38.14-1-1536x1152.jpeg 1536w, https:\/\/webs.uab.cat\/enifalpo\/wp-content\/uploads\/sites\/86\/2022\/12\/WhatsApp-Image-2022-11-28-at-17.38.14-1-1200x900.jpeg 1200w, https:\/\/webs.uab.cat\/enifalpo\/wp-content\/uploads\/sites\/86\/2022\/12\/WhatsApp-Image-2022-11-28-at-17.38.14-1-1980x1485.jpeg 1980w, https:\/\/webs.uab.cat\/enifalpo\/wp-content\/uploads\/sites\/86\/2022\/12\/WhatsApp-Image-2022-11-28-at-17.38.14-1.jpeg 2048w\" sizes=\"auto, (max-width: 300px) 100vw, 300px\" \/><figcaption class=\"wp-element-caption\"><strong>Presenter: <\/strong>Andrea Sunyol (UAB, Universitat Aut\u00f2noma de Barcelona)<\/figcaption><\/figure>\n\n\n\n<h2 class=\"wp-block-heading\"><strong><span style=\"color: #000080\">Jornadas Jean Monnet de Difusi\u00f3n del Multiling\u00fcismo en Familia, UCLM, in situ and online, October 27-28th, 2021<\/span><\/strong><\/h2>\n\n\n\n<p><a href=\"https:\/\/webs.uab.cat\/enifalpo\/wp-content\/uploads\/sites\/86\/2022\/04\/JornadasMultilinguismoOCt2728.pdf\">JornadasMultilinguismoOCt2728<\/a><\/p>\n\n\n\n<p>Workshop organised by the UCLM team.<\/p>\n\n\n\n<p>CONTRIBUTIONS BY:<\/p>\n\n\n\n<p><strong>Dr Esther Nieto Moreno de Diezmas &amp; Ana Bel\u00e9n Alarc\u00f3n<\/strong> (round table: &#8220;Pol\u00edticas ling\u00fc\u00edsticas de promoci\u00f3n del ingl\u00e9s en familias monoling\u00fces) <\/p>\n\n\n\n<p><strong>Kateryna Mikelita<\/strong> (round table &#8220;multiculturalidad y multiling\u00fcismo en Castilla-La Mancha en el \u00e1mbito familiar&#8221;)<\/p>\n\n\n<div class=\"wp-block-image\">\n<figure class=\"aligncenter is-resized\"><img loading=\"lazy\" decoding=\"async\" width=\"300\" height=\"238\" src=\"https:\/\/webs.uab.cat\/enifalpo\/wp-content\/uploads\/sites\/86\/2022\/04\/foto-uclm-2-300x238.png\" alt=\"\" class=\"wp-image-424\" style=\"width:370px;height:294px\" srcset=\"https:\/\/webs.uab.cat\/enifalpo\/wp-content\/uploads\/sites\/86\/2022\/04\/foto-uclm-2-300x238.png 300w, https:\/\/webs.uab.cat\/enifalpo\/wp-content\/uploads\/sites\/86\/2022\/04\/foto-uclm-2-1024x811.png 1024w, https:\/\/webs.uab.cat\/enifalpo\/wp-content\/uploads\/sites\/86\/2022\/04\/foto-uclm-2-768x608.png 768w, https:\/\/webs.uab.cat\/enifalpo\/wp-content\/uploads\/sites\/86\/2022\/04\/foto-uclm-2-1536x1216.png 1536w, https:\/\/webs.uab.cat\/enifalpo\/wp-content\/uploads\/sites\/86\/2022\/04\/foto-uclm-2-1200x950.png 1200w, https:\/\/webs.uab.cat\/enifalpo\/wp-content\/uploads\/sites\/86\/2022\/04\/foto-uclm-2.png 1710w\" sizes=\"auto, (max-width: 300px) 100vw, 300px\" \/><\/figure>\n<\/div>\n\n\n<p><strong>Dr Andrea Sunyol and Jessica McDaid<\/strong> (paper\/workshop:<strong>&nbsp;<\/strong>\u201cWho is responsible for English? How families plan for language learning in Catalonia\u201d)<\/p>\n\n\n\n<p><strong>Dr Ana M. Rela\u00f1o, Esther Nieto, Alicia Fern\u00e1ndez &amp; Helena Aikin<\/strong> (round table: &#8220;English immersion in family contexts: Perspectives and strategies in Castilla-La Mancha)<\/p>\n","protected":false},"excerpt":{"rendered":"<p>Final International Seminar: Exploring New Directions in Family Language Policy, UCLM, 18-19 January 2024 Research visit and workshop with Dr Kevin Petit Cahill (U. Clermont Auvergne), UAB, Nov 28th-Dec 2nd, 2022 Workshop organised by the UAB team. Dr Kevin Petit Cahill (Universit\u00e9 Clermont Auvergne) visited the ENIFALPO CAT team at Universitat Aut\u00f2noma de Barcelona (November [&hellip;]<\/p>\n","protected":false},"author":66,"featured_media":0,"parent":0,"menu_order":5,"comment_status":"closed","ping_status":"closed","template":"","meta":{"footnotes":""},"class_list":["post-426","page","type-page","status-publish","hentry"],"_links":{"self":[{"href":"https:\/\/webs.uab.cat\/enifalpo\/wp-json\/wp\/v2\/pages\/426","targetHints":{"allow":["GET"]}}],"collection":[{"href":"https:\/\/webs.uab.cat\/enifalpo\/wp-json\/wp\/v2\/pages"}],"about":[{"href":"https:\/\/webs.uab.cat\/enifalpo\/wp-json\/wp\/v2\/types\/page"}],"author":[{"embeddable":true,"href":"https:\/\/webs.uab.cat\/enifalpo\/wp-json\/wp\/v2\/users\/66"}],"replies":[{"embeddable":true,"href":"https:\/\/webs.uab.cat\/enifalpo\/wp-json\/wp\/v2\/comments?post=426"}],"version-history":[{"count":18,"href":"https:\/\/webs.uab.cat\/enifalpo\/wp-json\/wp\/v2\/pages\/426\/revisions"}],"predecessor-version":[{"id":658,"href":"https:\/\/webs.uab.cat\/enifalpo\/wp-json\/wp\/v2\/pages\/426\/revisions\/658"}],"wp:attachment":[{"href":"https:\/\/webs.uab.cat\/enifalpo\/wp-json\/wp\/v2\/media?parent=426"}],"curies":[{"name":"wp","href":"https:\/\/api.w.org\/{rel}","templated":true}]}}