{"id":96,"date":"2024-03-25T14:52:44","date_gmt":"2024-03-25T12:52:44","guid":{"rendered":"https:\/\/webs.uab.cat\/epsim2024\/?page_id=96"},"modified":"2024-04-03T09:04:11","modified_gmt":"2024-04-03T07:04:11","slug":"comisiones","status":"publish","type":"page","link":"https:\/\/webs.uab.cat\/epsim2024\/comisiones\/","title":{"rendered":"Comisiones"},"content":{"rendered":"\n<h4 class=\"wp-block-heading\">EMPL &#8211; Comisi\u00f3n de Empleo y Asuntos Sociales<\/h4>\n\n\n\n<div class=\"wp-block-buttons is-layout-flex wp-block-buttons-is-layout-flex\">\n<div class=\"wp-block-button is-style-outline is-style-outline--1\"><a class=\"wp-block-button__link has-text-align-left wp-element-button\">Propuesta de DIRECTIVA DEL PARLAMENTO EUROPEO Y DEL CONSEJO relativa a la conciliaci\u00f3n de la vida familiar y la vida profesional de los progenitores y los cuidadores, y por la que se deroga la Directiva 2010\/18\/UE del Consejo &#8211; COM\/2017\/0253 final &#8211; 2017\/085 (COD) <\/a><\/div>\n<\/div>\n\n\n\n<blockquote class=\"wp-block-quote is-layout-flow wp-block-quote-is-layout-flow\">\n<p><a href=\"https:\/\/eur-lex.europa.eu\/legal-content\/ES\/TXT\/?uri=CELEX:52017PC0253\" data-type=\"link\" data-id=\"https:\/\/eur-lex.europa.eu\/legal-content\/ES\/TXT\/?uri=CELEX:52017PC0253\" target=\"_blank\" rel=\"noreferrer noopener\">Propuesta legislativa<\/a><\/p>\n\n\n\n<p><a href=\"https:\/\/www.europarl.europa.eu\/legislative-train\/theme-employment-and-social-affairs-empl\/file-working-time-(refit)\" data-type=\"link\" data-id=\"https:\/\/www.europarl.europa.eu\/legislative-train\/theme-employment-and-social-affairs-empl\/file-working-time-(refit)\" target=\"_blank\" rel=\"noreferrer noopener\">Legislative Train Schedule<\/a><\/p>\n\n\n\n<p><a href=\"https:\/\/www.europarl.europa.eu\/committees\/es\/empl\/home\/highlights\" data-type=\"link\" data-id=\"https:\/\/www.europarl.europa.eu\/committees\/es\/empl\/home\/highlights\" target=\"_blank\" rel=\"noreferrer noopener\">Comisi\u00f3n EMPL<\/a><\/p>\n\n\n\n<p><a href=\"https:\/\/www.diigo.com\/user\/cde_uab?query=%23familia+%23igualtat_genere\" data-type=\"link\" data-id=\"https:\/\/www.diigo.com\/user\/cde_uab?query=%23familia+%23igualtat_genere\" target=\"_blank\" rel=\"noreferrer noopener\">Recursos complementarios<\/a><\/p>\n\n\n\n<p><\/p>\n<\/blockquote>\n\n\n\n<h4 class=\"wp-block-heading\">LIBE &#8211; Comisi\u00f3n de Libertades Civiles, Justicia y Asuntos de Interior<\/h4>\n\n\n\n<div class=\"wp-block-buttons is-layout-flex wp-block-buttons-is-layout-flex\">\n<div class=\"wp-block-button is-style-outline is-style-outline--2\"><a class=\"wp-block-button__link has-text-align-left wp-element-button\"><strong>Propuesta de DIRECTIVA DEL CONSEJO por la que se modifica la Directiva (UE) 2015\/637, sobre las medidas de coordinaci\u00f3n y cooperaci\u00f3n para facilitar la protecci\u00f3n consular de ciudadanos de la Uni\u00f3n no representados en terceros pa\u00edses, y la Directiva (UE) 2019\/997, por la que se establece un documento provisional de viaje de la UE<\/strong> &#8211; COM\/2023\/930 final<\/a><\/div>\n<\/div>\n\n\n\n<blockquote class=\"wp-block-quote is-layout-flow wp-block-quote-is-layout-flow\">\n<p><a href=\"https:\/\/eur-lex.europa.eu\/legal-content\/ES\/ALL\/?uri=CELEX:52023PC0930\" data-type=\"link\" data-id=\"https:\/\/eur-lex.europa.eu\/legal-content\/ES\/ALL\/?uri=CELEX:52023PC0930\" target=\"_blank\" rel=\"noreferrer noopener\">Propuesta legislativa<\/a><\/p>\n\n\n\n<p><a href=\"https:\/\/www.europarl.europa.eu\/legislative-train\/theme-promoting-our-european-way-of-life\/file-review-eu-rules-on-consular-protection\" data-type=\"link\" data-id=\"https:\/\/www.europarl.europa.eu\/legislative-train\/theme-promoting-our-european-way-of-life\/file-review-eu-rules-on-consular-protection\" target=\"_blank\" rel=\"noreferrer noopener\">Legislative Train Schedule<\/a><\/p>\n\n\n\n<p><a href=\"https:\/\/www.europarl.europa.eu\/committees\/es\/libe\/home\/highlights\" data-type=\"link\" data-id=\"https:\/\/www.europarl.europa.eu\/committees\/es\/libe\/home\/highlights\" target=\"_blank\" rel=\"noreferrer noopener\">Comisi\u00f3n LIBE<\/a><\/p>\n\n\n\n<p><a href=\"https:\/\/www.diigo.com\/user\/cde_uab\/?query=%23Proteccio_consular\" data-type=\"link\" data-id=\"https:\/\/www.diigo.com\/user\/cde_uab\/?query=%23Proteccio_consular\" target=\"_blank\" rel=\"noreferrer noopener\">Recursos complementarios<\/a><\/p>\n<\/blockquote>\n\n\n\n<h4 class=\"wp-block-heading\">IMCO &#8211; Committee on the Internal Market and Consumer Protection<\/h4>\n\n\n\n<div class=\"wp-block-buttons is-layout-flex wp-block-buttons-is-layout-flex\">\n<div class=\"wp-block-button is-style-outline is-style-outline--3\"><a class=\"wp-block-button__link has-text-align-left wp-element-button\">Proposal for a REGULATION OF THE EUROPEAN PARLIAMENT AND OF THE COUNCIL on a Single Market For Digital Services (Digital Services Act) and amending Directive 2000\/31\/EC &#8211; COM\/2020\/825 final<\/a><\/div>\n<\/div>\n\n\n\n<blockquote class=\"wp-block-quote is-layout-flow wp-block-quote-is-layout-flow\">\n<p><a href=\"https:\/\/eur-lex.europa.eu\/legal-content\/EN\/TXT\/?uri=CELEX%3A52020PC0825\" data-type=\"link\" data-id=\"https:\/\/eur-lex.europa.eu\/legal-content\/EN\/TXT\/?uri=CELEX%3A52020PC0825\" target=\"_blank\" rel=\"noreferrer noopener\">Legislative proposal<\/a><\/p>\n\n\n\n<p><a href=\"https:\/\/www.europarl.europa.eu\/legislative-train\/theme-a-europe-fit-for-the-digital-age\/file-digital-services-act-commercial-and-civil-law-rules\" data-type=\"link\" data-id=\"https:\/\/www.europarl.europa.eu\/legislative-train\/theme-a-europe-fit-for-the-digital-age\/file-digital-services-act-commercial-and-civil-law-rules\" target=\"_blank\" rel=\"noreferrer noopener\">Legislative Train Schedule<\/a><\/p>\n\n\n\n<p><a href=\"https:\/\/www.europarl.europa.eu\/committees\/en\/imco\/home\/highlights\" data-type=\"link\" data-id=\"https:\/\/www.europarl.europa.eu\/committees\/en\/imco\/home\/highlights\" target=\"_blank\" rel=\"noreferrer noopener\">Comittee IMCO<\/a><\/p>\n\n\n\n<p><a href=\"https:\/\/www.diigo.com\/user\/cde_uab\/?query=%23Mercat_unic_digital\" data-type=\"link\" data-id=\"https:\/\/www.diigo.com\/user\/cde_uab\/?query=%23Mercat_unic_digital\" target=\"_blank\" rel=\"noreferrer noopener\">Complementary resources<\/a><\/p>\n<\/blockquote>\n\n\n\n<h4 class=\"wp-block-heading\">TRAN &#8211; Committee on Transport and Tourism<\/h4>\n\n\n\n<div class=\"wp-block-buttons is-layout-flex wp-container-core-buttons-is-layout-132b0da8 wp-block-buttons-is-layout-flex\">\n<div class=\"wp-block-button is-style-outline is-style-outline--4\"><a class=\"wp-block-button__link has-text-align-left wp-element-button\"><strong>Proposal for a DIRECTIVE OF THE EUROPEAN PARLIAMENT AND OF THE COUNCIL on driving licences, amending Directive (EU) 2022\/2561 of the European Parliament and of the Council, Regulation (EU) 2018\/1724 of the European Parliament and of the Council and repealing Directive 2006\/126\/EC of the European Parliament and of the Council and Commission Regulation (EU) No 383\/2012<\/strong> &#8211; COM\/2023\/127 final<\/a><\/div>\n<\/div>\n\n\n\n<blockquote class=\"wp-block-quote is-layout-flow wp-block-quote-is-layout-flow\">\n<p><a href=\"https:\/\/eur-lex.europa.eu\/legal-content\/EN\/TXT\/?uri=CELEX:52023PC0127\" data-type=\"link\" data-id=\"https:\/\/eur-lex.europa.eu\/legal-content\/EN\/TXT\/?uri=CELEX:52023PC0127\" target=\"_blank\" rel=\"noreferrer noopener\">Legislative proposal<\/a><\/p>\n\n\n\n<p><a href=\"https:\/\/www.europarl.europa.eu\/legislative-train\/theme-a-new-push-for-european-democracy\/file-revision-of-the-directive-on-driving-licences\" data-type=\"link\" data-id=\"https:\/\/www.europarl.europa.eu\/legislative-train\/theme-a-new-push-for-european-democracy\/file-revision-of-the-directive-on-driving-licences\" target=\"_blank\" rel=\"noreferrer noopener\">Legislative Train Schedule<\/a><\/p>\n\n\n\n<p><a href=\"https:\/\/www.europarl.europa.eu\/committees\/en\/tran\/home\/highlights\" data-type=\"link\" data-id=\"https:\/\/www.europarl.europa.eu\/committees\/en\/tran\/home\/highlights\" target=\"_blank\" rel=\"noreferrer noopener\">Committee TRAN<\/a><\/p>\n\n\n\n<p><a href=\"https:\/\/www.diigo.com\/user\/cde_uab\/?query=%23Seguretat_viaria\" data-type=\"link\" data-id=\"https:\/\/www.diigo.com\/user\/cde_uab\/?query=%23Seguretat_viaria\" target=\"_blank\" rel=\"noreferrer noopener\">Complementary resources<\/a><\/p>\n<\/blockquote>\n","protected":false},"excerpt":{"rendered":"<p>EMPL &#8211; Comisi\u00f3n de Empleo y Asuntos Sociales Propuesta legislativa Legislative Train Schedule Comisi\u00f3n EMPL Recursos complementarios LIBE &#8211; Comisi\u00f3n de Libertades Civiles, Justicia y Asuntos de Interior Propuesta legislativa Legislative Train Schedule Comisi\u00f3n LIBE Recursos complementarios IMCO &#8211; Committee on the Internal Market and Consumer Protection Legislative proposal Legislative Train Schedule Comittee IMCO Complementary [&hellip;]<\/p>\n","protected":false},"author":50,"featured_media":0,"parent":0,"menu_order":4,"comment_status":"closed","ping_status":"closed","template":"","meta":{"footnotes":""},"class_list":["post-96","page","type-page","status-publish","hentry"],"_links":{"self":[{"href":"https:\/\/webs.uab.cat\/epsim2024\/wp-json\/wp\/v2\/pages\/96","targetHints":{"allow":["GET"]}}],"collection":[{"href":"https:\/\/webs.uab.cat\/epsim2024\/wp-json\/wp\/v2\/pages"}],"about":[{"href":"https:\/\/webs.uab.cat\/epsim2024\/wp-json\/wp\/v2\/types\/page"}],"author":[{"embeddable":true,"href":"https:\/\/webs.uab.cat\/epsim2024\/wp-json\/wp\/v2\/users\/50"}],"replies":[{"embeddable":true,"href":"https:\/\/webs.uab.cat\/epsim2024\/wp-json\/wp\/v2\/comments?post=96"}],"version-history":[{"count":48,"href":"https:\/\/webs.uab.cat\/epsim2024\/wp-json\/wp\/v2\/pages\/96\/revisions"}],"predecessor-version":[{"id":320,"href":"https:\/\/webs.uab.cat\/epsim2024\/wp-json\/wp\/v2\/pages\/96\/revisions\/320"}],"wp:attachment":[{"href":"https:\/\/webs.uab.cat\/epsim2024\/wp-json\/wp\/v2\/media?parent=96"}],"curies":[{"name":"wp","href":"https:\/\/api.w.org\/{rel}","templated":true}]}}

<h4 class="wp-block-heading">EMPL &#8211; Comisión de Empleo y Asuntos Sociales</h4>



<div class="wp-block-buttons is-layout-flex wp-block-buttons-is-layout-flex">
<div class="wp-block-button is-style-outline is-style-outline--1"><a class="wp-block-button__link has-text-align-left wp-element-button">Propuesta de DIRECTIVA DEL PARLAMENTO EUROPEO Y DEL CONSEJO relativa a la conciliación de la vida familiar y la vida profesional de los progenitores y los cuidadores, y por la que se deroga la Directiva 2010/18/UE del Consejo &#8211; COM/2017/0253 final &#8211; 2017/085 (COD) </a></div>
</div>



<blockquote class="wp-block-quote is-layout-flow wp-block-quote-is-layout-flow">
<p><a href="https://eur-lex.europa.eu/legal-content/ES/TXT/?uri=CELEX:52017PC0253" data-type="link" data-id="https://eur-lex.europa.eu/legal-content/ES/TXT/?uri=CELEX:52017PC0253" target="_blank" rel="noreferrer noopener">Propuesta legislativa</a></p>



<p><a href="https://www.europarl.europa.eu/legislative-train/theme-employment-and-social-affairs-empl/file-working-time-(refit)" data-type="link" data-id="https://www.europarl.europa.eu/legislative-train/theme-employment-and-social-affairs-empl/file-working-time-(refit)" target="_blank" rel="noreferrer noopener">Legislative Train Schedule</a></p>



<p><a href="https://www.europarl.europa.eu/committees/es/empl/home/highlights" data-type="link" data-id="https://www.europarl.europa.eu/committees/es/empl/home/highlights" target="_blank" rel="noreferrer noopener">Comisión EMPL</a></p>



<p><a href="https://www.diigo.com/user/cde_uab?query=%23familia+%23igualtat_genere" data-type="link" data-id="https://www.diigo.com/user/cde_uab?query=%23familia+%23igualtat_genere" target="_blank" rel="noreferrer noopener">Recursos complementarios</a></p>



<p></p>
</blockquote>



<h4 class="wp-block-heading">LIBE &#8211; Comisión de Libertades Civiles, Justicia y Asuntos de Interior</h4>



<div class="wp-block-buttons is-layout-flex wp-block-buttons-is-layout-flex">
<div class="wp-block-button is-style-outline is-style-outline--2"><a class="wp-block-button__link has-text-align-left wp-element-button"><strong>Propuesta de DIRECTIVA DEL CONSEJO por la que se modifica la Directiva (UE) 2015/637, sobre las medidas de coordinación y cooperación para facilitar la protección consular de ciudadanos de la Unión no representados en terceros países, y la Directiva (UE) 2019/997, por la que se establece un documento provisional de viaje de la UE</strong> &#8211; COM/2023/930 final</a></div>
</div>



<blockquote class="wp-block-quote is-layout-flow wp-block-quote-is-layout-flow">
<p><a href="https://eur-lex.europa.eu/legal-content/ES/ALL/?uri=CELEX:52023PC0930" data-type="link" data-id="https://eur-lex.europa.eu/legal-content/ES/ALL/?uri=CELEX:52023PC0930" target="_blank" rel="noreferrer noopener">Propuesta legislativa</a></p>



<p><a href="https://www.europarl.europa.eu/legislative-train/theme-promoting-our-european-way-of-life/file-review-eu-rules-on-consular-protection" data-type="link" data-id="https://www.europarl.europa.eu/legislative-train/theme-promoting-our-european-way-of-life/file-review-eu-rules-on-consular-protection" target="_blank" rel="noreferrer noopener">Legislative Train Schedule</a></p>



<p><a href="https://www.europarl.europa.eu/committees/es/libe/home/highlights" data-type="link" data-id="https://www.europarl.europa.eu/committees/es/libe/home/highlights" target="_blank" rel="noreferrer noopener">Comisión LIBE</a></p>



<p><a href="https://www.diigo.com/user/cde_uab/?query=%23Proteccio_consular" data-type="link" data-id="https://www.diigo.com/user/cde_uab/?query=%23Proteccio_consular" target="_blank" rel="noreferrer noopener">Recursos complementarios</a></p>
</blockquote>



<h4 class="wp-block-heading">IMCO &#8211; Committee on the Internal Market and Consumer Protection</h4>



<div class="wp-block-buttons is-layout-flex wp-block-buttons-is-layout-flex">
<div class="wp-block-button is-style-outline is-style-outline--3"><a class="wp-block-button__link has-text-align-left wp-element-button">Proposal for a REGULATION OF THE EUROPEAN PARLIAMENT AND OF THE COUNCIL on a Single Market For Digital Services (Digital Services Act) and amending Directive 2000/31/EC &#8211; COM/2020/825 final</a></div>
</div>



<blockquote class="wp-block-quote is-layout-flow wp-block-quote-is-layout-flow">
<p><a href="https://eur-lex.europa.eu/legal-content/EN/TXT/?uri=CELEX%3A52020PC0825" data-type="link" data-id="https://eur-lex.europa.eu/legal-content/EN/TXT/?uri=CELEX%3A52020PC0825" target="_blank" rel="noreferrer noopener">Legislative proposal</a></p>



<p><a href="https://www.europarl.europa.eu/legislative-train/theme-a-europe-fit-for-the-digital-age/file-digital-services-act-commercial-and-civil-law-rules" data-type="link" data-id="https://www.europarl.europa.eu/legislative-train/theme-a-europe-fit-for-the-digital-age/file-digital-services-act-commercial-and-civil-law-rules" target="_blank" rel="noreferrer noopener">Legislative Train Schedule</a></p>



<p><a href="https://www.europarl.europa.eu/committees/en/imco/home/highlights" data-type="link" data-id="https://www.europarl.europa.eu/committees/en/imco/home/highlights" target="_blank" rel="noreferrer noopener">Comittee IMCO</a></p>



<p><a href="https://www.diigo.com/user/cde_uab/?query=%23Mercat_unic_digital" data-type="link" data-id="https://www.diigo.com/user/cde_uab/?query=%23Mercat_unic_digital" target="_blank" rel="noreferrer noopener">Complementary resources</a></p>
</blockquote>



<h4 class="wp-block-heading">TRAN &#8211; Committee on Transport and Tourism</h4>



<div class="wp-block-buttons is-layout-flex wp-container-core-buttons-is-layout-132b0da8 wp-block-buttons-is-layout-flex">
<div class="wp-block-button is-style-outline is-style-outline--4"><a class="wp-block-button__link has-text-align-left wp-element-button"><strong>Proposal for a DIRECTIVE OF THE EUROPEAN PARLIAMENT AND OF THE COUNCIL on driving licences, amending Directive (EU) 2022/2561 of the European Parliament and of the Council, Regulation (EU) 2018/1724 of the European Parliament and of the Council and repealing Directive 2006/126/EC of the European Parliament and of the Council and Commission Regulation (EU) No 383/2012</strong> &#8211; COM/2023/127 final</a></div>
</div>



<blockquote class="wp-block-quote is-layout-flow wp-block-quote-is-layout-flow">
<p><a href="https://eur-lex.europa.eu/legal-content/EN/TXT/?uri=CELEX:52023PC0127" data-type="link" data-id="https://eur-lex.europa.eu/legal-content/EN/TXT/?uri=CELEX:52023PC0127" target="_blank" rel="noreferrer noopener">Legislative proposal</a></p>



<p><a href="https://www.europarl.europa.eu/legislative-train/theme-a-new-push-for-european-democracy/file-revision-of-the-directive-on-driving-licences" data-type="link" data-id="https://www.europarl.europa.eu/legislative-train/theme-a-new-push-for-european-democracy/file-revision-of-the-directive-on-driving-licences" target="_blank" rel="noreferrer noopener">Legislative Train Schedule</a></p>



<p><a href="https://www.europarl.europa.eu/committees/en/tran/home/highlights" data-type="link" data-id="https://www.europarl.europa.eu/committees/en/tran/home/highlights" target="_blank" rel="noreferrer noopener">Committee TRAN</a></p>



<p><a href="https://www.diigo.com/user/cde_uab/?query=%23Seguretat_viaria" data-type="link" data-id="https://www.diigo.com/user/cde_uab/?query=%23Seguretat_viaria" target="_blank" rel="noreferrer noopener">Complementary resources</a></p>
</blockquote>

<p>EMPL &#8211; Comisión de Empleo y Asuntos Sociales Propuesta legislativa Legislative Train Schedule Comisión EMPL Recursos complementarios LIBE &#8211; Comisión de Libertades Civiles, Justicia y Asuntos de Interior Propuesta legislativa Legislative Train Schedule Comisión LIBE Recursos complementarios IMCO &#8211; Committee on the Internal Market and Consumer Protection Legislative proposal Legislative Train Schedule Comittee IMCO Complementary [&hellip;]</p>
