{"id":90,"date":"2024-01-26T13:18:46","date_gmt":"2024-01-26T11:18:46","guid":{"rendered":"https:\/\/webs.uab.cat\/eqep\/?page_id=90"},"modified":"2025-04-30T14:36:30","modified_gmt":"2025-04-30T12:36:30","slug":"divulgacio","status":"publish","type":"page","link":"https:\/\/webs.uab.cat\/eqep\/divulgacio\/","title":{"rendered":"Publicacions"},"content":{"rendered":"\n<p>Gelabert, E. (2024). Advances in Clinical Psychology (Vol. 4). Adaptaci\u00f3n cultural de una intervenci\u00f3n cultural de una intervenci\u00f3n para prevenir trastornos emocionales posparto en maderes primerizas en Catalu\u00f1a.<em> Advances in Clinical Psychology<\/em> , <em>4<\/em>, 16. <\/p>\n\n\n\n<p><\/p>\n","protected":false},"excerpt":{"rendered":"<p>Gelabert, E. (2024). Advances in Clinical Psychology (Vol. 4). Adaptaci\u00f3n cultural de una intervenci\u00f3n cultural de una intervenci\u00f3n para prevenir trastornos emocionales posparto en maderes primerizas en Catalu\u00f1a. Advances in Clinical Psychology , 4, 16.<\/p>\n","protected":false},"author":2603,"featured_media":0,"parent":0,"menu_order":8,"comment_status":"closed","ping_status":"closed","template":"","meta":{"footnotes":""},"class_list":["post-90","page","type-page","status-publish","hentry"],"_links":{"self":[{"href":"https:\/\/webs.uab.cat\/eqep\/wp-json\/wp\/v2\/pages\/90","targetHints":{"allow":["GET"]}}],"collection":[{"href":"https:\/\/webs.uab.cat\/eqep\/wp-json\/wp\/v2\/pages"}],"about":[{"href":"https:\/\/webs.uab.cat\/eqep\/wp-json\/wp\/v2\/types\/page"}],"author":[{"embeddable":true,"href":"https:\/\/webs.uab.cat\/eqep\/wp-json\/wp\/v2\/users\/2603"}],"replies":[{"embeddable":true,"href":"https:\/\/webs.uab.cat\/eqep\/wp-json\/wp\/v2\/comments?post=90"}],"version-history":[{"count":26,"href":"https:\/\/webs.uab.cat\/eqep\/wp-json\/wp\/v2\/pages\/90\/revisions"}],"predecessor-version":[{"id":716,"href":"https:\/\/webs.uab.cat\/eqep\/wp-json\/wp\/v2\/pages\/90\/revisions\/716"}],"wp:attachment":[{"href":"https:\/\/webs.uab.cat\/eqep\/wp-json\/wp\/v2\/media?parent=90"}],"curies":[{"name":"wp","href":"https:\/\/api.w.org\/{rel}","templated":true}]}}