{"id":99,"date":"2024-01-26T13:24:34","date_gmt":"2024-01-26T11:24:34","guid":{"rendered":"https:\/\/webs.uab.cat\/eqep\/?page_id=99"},"modified":"2025-04-28T11:32:16","modified_gmt":"2025-04-28T09:32:16","slug":"la-salut-mental-perinatal","status":"publish","type":"page","link":"https:\/\/webs.uab.cat\/eqep\/la-salut-mental-perinatal\/","title":{"rendered":"SMP"},"content":{"rendered":"\n<p>La <strong>Salut Mental Perinatal<\/strong> (SMP) es refereix a la salut mental d\u2019una persona durant el <strong>peri\u0301ode perinatal<\/strong>, que inclou: l&#8217;embar\u00e0s,&nbsp;el part&nbsp;i el primer any postpart.&nbsp;<\/p>\n\n\n\n<p>La <strong>depressi\u00f3 postpart i els trastorns d\u2019ansietat<\/strong> s\u00f3n els trastorns mentals perinatals m\u00e9s freq\u00fcents i acostumen a ser com\u00f2rbids.&nbsp;<\/p>\n\n\n\n<div class=\"wp-block-columns is-layout-flex wp-container-core-columns-is-layout-9d6595d7 wp-block-columns-is-layout-flex\">\n<div class=\"wp-block-column is-layout-flow wp-block-column-is-layout-flow\">\n<figure class=\"wp-block-image size-full\"><img loading=\"lazy\" decoding=\"async\" width=\"629\" height=\"231\" src=\"https:\/\/webs.uab.cat\/eqep\/wp-content\/uploads\/sites\/539\/2024\/02\/globitos-removebg-preview.png\" alt=\"\" class=\"wp-image-671\" srcset=\"https:\/\/webs.uab.cat\/eqep\/wp-content\/uploads\/sites\/539\/2024\/02\/globitos-removebg-preview.png 629w, https:\/\/webs.uab.cat\/eqep\/wp-content\/uploads\/sites\/539\/2024\/02\/globitos-removebg-preview-300x110.png 300w\" sizes=\"auto, (max-width: 629px) 100vw, 629px\" \/><\/figure>\n<\/div>\n<\/div>\n\n\n\n<p>Els trastorns mentals poden afectar a qualsevol dona, algunes d&#8217;elles amb antecedents de trastorn mental, i per altres ser\u00e0 la primera vegada que el pateixen.<\/p>\n\n\n\n<p>L<strong>\u2019impacte de l\u2019ansietat i la depressi\u00f3 perinatals<\/strong> ha estat ben establert, no sols en la <strong>salut materna<\/strong> sin\u00f3 tamb\u00e9 en el <strong>desenvolupament de l\u2019infant<\/strong>. Per aquest motiu la millora de la salut mental perinatal forma part dels <strong>Objectius de Desenvolupament del Mil\u00b7lenni de l&#8217;OMS. <\/strong><\/p>\n\n\n\n<p>En el nostre pa\u00eds no existeixen programes de prevenci\u00f3 efica\u00e7os integrats en l\u2019atenci\u00f3 postpart, i per aix\u00f2 l\u2019estudi de la seva efectivitat i implementaci\u00f3 est\u00e0 justificat.&nbsp;&nbsp;Per tant, la<strong> implementaci\u00f3 de mesures preventives <\/strong>en els serveis comunitaris universals universal haurien de ser una<strong> prioritat <\/strong>pels prove\u00efdors de salut.&nbsp;&nbsp;<\/p>\n\n\n\n<h2 class=\"wp-block-heading\">Per qu\u00e8 \u00e9s important?<\/h2>\n\n\n\n<p>Tot i la<strong> import\u00e0ncia de la salut mental perinatal<\/strong>, \u00e9s molt <strong>dif\u00edcil<\/strong> (no nom\u00e9s per a les mares, sin\u00f3 tamb\u00e9 per a la fam\u00edlia i pels propis professionals)<strong> detectar<\/strong> la depressi\u00f3 o l&#8217;ansietat en aquest per\u00edode. Probablement, la base d&#8217;aquesta infradetecci\u00f3 \u00e9s atribu\u00efble a l&#8217;estigma associat als trastorns mentals i als estereotips de g\u00e8nere relacionats amb la maternitat.<\/p>\n\n\n\n<div class=\"wp-block-group is-nowrap is-layout-flex wp-container-core-group-is-layout-ad2f72ca wp-block-group-is-layout-flex\">\n<p>Diversos estudis han demostrat que <strong>la depressi\u00f3 i\/o ansietat perinatal no tractada <\/strong>t\u00e9 un <strong>impacte negatiu<\/strong> en la salut de la <strong>dona<\/strong>, del<strong> nad\u00f3<\/strong> i de tota la <strong>familia<\/strong> (parella, altres fills\/es) i en <strong>l\u2019economia<\/strong> i el <strong>sistema de salut.<\/strong>&nbsp;&nbsp;<\/p>\n<\/div>\n\n\n<div class=\"wp-block-image\">\n<figure class=\"aligncenter size-full is-resized\"><img loading=\"lazy\" decoding=\"async\" width=\"732\" height=\"300\" src=\"https:\/\/webs.uab.cat\/eqep\/wp-content\/uploads\/sites\/539\/2025\/04\/image-4.png\" alt=\"\" class=\"wp-image-785\" style=\"width:556px;height:auto\" srcset=\"https:\/\/webs.uab.cat\/eqep\/wp-content\/uploads\/sites\/539\/2025\/04\/image-4.png 732w, https:\/\/webs.uab.cat\/eqep\/wp-content\/uploads\/sites\/539\/2025\/04\/image-4-300x123.png 300w\" sizes=\"auto, (max-width: 732px) 100vw, 732px\" \/><\/figure>\n<\/div>\n\n\n<h2 class=\"wp-block-heading\">Qu\u00e8 es necessita?<\/h2>\n\n\n\n<p>Les dones amb problemes de salut mental perinatal necessiten serveis que proporcionin una<strong> atenci\u00f3 i tractament especialitzats<\/strong> amb una <strong>visi\u00f3 integrada<\/strong> de la diada (mare-nad\u00f3),<strong> perspectiva de g\u00e8nere<\/strong> i<strong> consideraci\u00f3 de les prefer\u00e8ncies<\/strong> i <strong>necessitats<\/strong> de la pacient.<\/p>\n\n\n\n<p>Tamb\u00e9 \u00e9s important poder trobar <strong>intervencions eficaces<\/strong> per a prevenir l&#8217;aparici\u00f3 de trastorns mentals i aix\u00ed <strong>evitar el patiment<\/strong> i l&#8217;<strong>impacte negatiu<\/strong> que produeixen sobre la dona i els seus familiars.&nbsp;<\/p>\n\n\n\n<figure class=\"wp-block-image size-large\"><img loading=\"lazy\" decoding=\"async\" width=\"1024\" height=\"296\" src=\"https:\/\/webs.uab.cat\/eqep\/wp-content\/uploads\/sites\/539\/2025\/04\/image-5-1024x296.png\" alt=\"\" class=\"wp-image-790\" srcset=\"https:\/\/webs.uab.cat\/eqep\/wp-content\/uploads\/sites\/539\/2025\/04\/image-5-1024x296.png 1024w, https:\/\/webs.uab.cat\/eqep\/wp-content\/uploads\/sites\/539\/2025\/04\/image-5-300x87.png 300w, https:\/\/webs.uab.cat\/eqep\/wp-content\/uploads\/sites\/539\/2025\/04\/image-5-768x222.png 768w, https:\/\/webs.uab.cat\/eqep\/wp-content\/uploads\/sites\/539\/2025\/04\/image-5.png 1154w\" sizes=\"auto, (max-width: 1024px) 100vw, 1024px\" \/><\/figure>\n","protected":false},"excerpt":{"rendered":"<p>La Salut Mental Perinatal (SMP) es refereix a la salut mental d\u2019una persona durant el peri\u0301ode perinatal, que inclou: l&#8217;embar\u00e0s,&nbsp;el part&nbsp;i el primer any postpart.&nbsp; La depressi\u00f3 postpart i els trastorns d\u2019ansietat s\u00f3n els trastorns mentals perinatals m\u00e9s freq\u00fcents i acostumen a ser com\u00f2rbids.&nbsp; Els trastorns mentals poden afectar a qualsevol dona, algunes d&#8217;elles amb [&hellip;]<\/p>\n","protected":false},"author":2603,"featured_media":0,"parent":0,"menu_order":2,"comment_status":"closed","ping_status":"closed","template":"","meta":{"footnotes":""},"class_list":["post-99","page","type-page","status-publish","hentry"],"_links":{"self":[{"href":"https:\/\/webs.uab.cat\/eqep\/wp-json\/wp\/v2\/pages\/99","targetHints":{"allow":["GET"]}}],"collection":[{"href":"https:\/\/webs.uab.cat\/eqep\/wp-json\/wp\/v2\/pages"}],"about":[{"href":"https:\/\/webs.uab.cat\/eqep\/wp-json\/wp\/v2\/types\/page"}],"author":[{"embeddable":true,"href":"https:\/\/webs.uab.cat\/eqep\/wp-json\/wp\/v2\/users\/2603"}],"replies":[{"embeddable":true,"href":"https:\/\/webs.uab.cat\/eqep\/wp-json\/wp\/v2\/comments?post=99"}],"version-history":[{"count":46,"href":"https:\/\/webs.uab.cat\/eqep\/wp-json\/wp\/v2\/pages\/99\/revisions"}],"predecessor-version":[{"id":791,"href":"https:\/\/webs.uab.cat\/eqep\/wp-json\/wp\/v2\/pages\/99\/revisions\/791"}],"wp:attachment":[{"href":"https:\/\/webs.uab.cat\/eqep\/wp-json\/wp\/v2\/media?parent=99"}],"curies":[{"name":"wp","href":"https:\/\/api.w.org\/{rel}","templated":true}]}}