{"id":81,"date":"2020-03-06T21:47:49","date_gmt":"2020-03-06T19:47:49","guid":{"rendered":"http:\/\/blogs.uab.cat\/equipice-a-project\/?page_id=81"},"modified":"2020-03-06T21:47:49","modified_gmt":"2020-03-06T19:47:49","slug":"2018-2019","status":"publish","type":"page","link":"https:\/\/webs.uab.cat\/equipice-a-project\/team-members\/2018-2019\/","title":{"rendered":"2018-2019"},"content":{"rendered":"<h5><img loading=\"lazy\" decoding=\"async\" class=\"size-medium wp-image-58 alignleft\" src=\"http:\/\/blogs.uab.cat\/equipice-a-project\/files\/2020\/03\/APROJECT-team-17-18-300x224.png\" alt=\"\" width=\"300\" height=\"224\" srcset=\"https:\/\/webs.uab.cat\/equipice-a-project\/wp-content\/uploads\/sites\/294\/2020\/03\/APROJECT-team-17-18-300x224.png 300w, https:\/\/webs.uab.cat\/equipice-a-project\/wp-content\/uploads\/sites\/294\/2020\/03\/APROJECT-team-17-18.png 483w\" sizes=\"auto, (max-width: 300px) 100vw, 300px\" \/><\/h5>\n<h5><\/h5>\n<p>During academic year 2018-2019 the team was composed of 18 members.<\/p>\n<p>(From left to right; and from top to bottom): Maria Mont (co-leader), Dolors Masats (co-leader), Helena Polo, Teresa Casas, Aina Obiols, Maribel Gom\u00e1riz, Xavier N\u00fa\u00f1ez, M\u00f2nica L\u00f3pez, Esther Serrami\u00e0, Goretti Blanch, Carol Barriuso and Mariona Huguet.<\/p>\n<p>Not in the picture: Yolanda \u00c1lvarez, David L\u00f3pez, Lola P\u00e9rez, \u00cdngrid Picola, Cristina Rodr\u00edguez G\u00f3mez and Cristina Rodr\u00edguez Polo.<\/p>\n","protected":false},"excerpt":{"rendered":"<p>During academic year 2018-2019 the team was composed of 18 members. (From left to right; and from top to bottom): Maria Mont (co-leader), Dolors Masats (co-leader), Helena Polo, Teresa Casas, Aina Obiols, Maribel Gom\u00e1riz, Xavier N\u00fa\u00f1ez, M\u00f2nica L\u00f3pez, Esther Serrami\u00e0, Goretti Blanch, Carol Barriuso and Mariona Huguet. Not in the picture: Yolanda \u00c1lvarez, David L\u00f3pez, [&hellip;]<\/p>\n","protected":false},"author":1792,"featured_media":0,"parent":12,"menu_order":4,"comment_status":"closed","ping_status":"closed","template":"template-fullwidth.php","meta":{"footnotes":""},"class_list":["post-81","page","type-page","status-publish","hentry"],"_links":{"self":[{"href":"https:\/\/webs.uab.cat\/equipice-a-project\/wp-json\/wp\/v2\/pages\/81","targetHints":{"allow":["GET"]}}],"collection":[{"href":"https:\/\/webs.uab.cat\/equipice-a-project\/wp-json\/wp\/v2\/pages"}],"about":[{"href":"https:\/\/webs.uab.cat\/equipice-a-project\/wp-json\/wp\/v2\/types\/page"}],"author":[{"embeddable":true,"href":"https:\/\/webs.uab.cat\/equipice-a-project\/wp-json\/wp\/v2\/users\/1792"}],"replies":[{"embeddable":true,"href":"https:\/\/webs.uab.cat\/equipice-a-project\/wp-json\/wp\/v2\/comments?post=81"}],"version-history":[{"count":0,"href":"https:\/\/webs.uab.cat\/equipice-a-project\/wp-json\/wp\/v2\/pages\/81\/revisions"}],"up":[{"embeddable":true,"href":"https:\/\/webs.uab.cat\/equipice-a-project\/wp-json\/wp\/v2\/pages\/12"}],"wp:attachment":[{"href":"https:\/\/webs.uab.cat\/equipice-a-project\/wp-json\/wp\/v2\/media?parent=81"}],"curies":[{"name":"wp","href":"https:\/\/api.w.org\/{rel}","templated":true}]}}