{"id":34,"date":"2020-11-26T19:31:00","date_gmt":"2020-11-26T17:31:00","guid":{"rendered":"https:\/\/blogs.uab.cat\/equipice-coeducacio\/?page_id=34"},"modified":"2020-11-26T19:31:00","modified_gmt":"2020-11-26T17:31:00","slug":"educacio-infantil","status":"publish","type":"page","link":"https:\/\/webs.uab.cat\/equipice-coeducacio\/educacio-infantil\/","title":{"rendered":"ALTRES MATERIALS PER EDATS"},"content":{"rendered":"<ul>\n<li>RECURSOS D&#8217;EDUCACI\u00d3 INFANTIL: <a style=\"font-size: 1.5em\" href=\"https:\/\/webs.uab.cat\/equipice-coeducacio\/wp-content\/uploads\/sites\/292\/2021\/04\/Materials-infantil.pdf\">Materials infantil<\/a><\/li>\n<li>RECURSOS DE 6 A 12 ANYS<\/li>\n<\/ul>\n<p><a href=\"\/Users\/blanc\/OneDrive\/Desktop\/Materials%20moodle%20coeducacio\/Contes\/La_cenicienta_que_no_queria_comer_perdices.pdf\"><img loading=\"lazy\" decoding=\"async\" class=\"size-medium wp-image-311 aligncenter\" src=\"https:\/\/webs.uab.cat\/equipice-coeducacio\/wp-content\/uploads\/sites\/292\/2021\/04\/la-cenicienta-que-no-queria-comer-perdices-255x300.jpg\" alt=\"\" width=\"255\" height=\"300\" srcset=\"https:\/\/webs.uab.cat\/equipice-coeducacio\/wp-content\/uploads\/sites\/292\/2021\/04\/la-cenicienta-que-no-queria-comer-perdices-255x300.jpg 255w, https:\/\/webs.uab.cat\/equipice-coeducacio\/wp-content\/uploads\/sites\/292\/2021\/04\/la-cenicienta-que-no-queria-comer-perdices.jpg 494w\" sizes=\"auto, (max-width: 255px) 100vw, 255px\" \/><\/a><\/p>\n<ul>\n<li style=\"list-style-type: none\">\n<ul>\n<li style=\"list-style-type: none\">\n<ul>\n<li style=\"list-style-type: none\">\n<ul>\n<li style=\"text-align: left\"><a href=\"https:\/\/webs.uab.cat\/equipice-coeducacio\/wp-content\/uploads\/sites\/292\/2021\/05\/lacenicientaquenoqueriacomerperdices-1.pdf\" target=\"_blank\" rel=\"noopener\">La Cenicienta que no quer\u00eda comer perdices<\/a><\/li>\n<li style=\"text-align: left\"><a href=\"https:\/\/webs.uab.cat\/equipice-coeducacio\/wp-content\/uploads\/sites\/292\/2021\/06\/Afectivitat_i_sexualitat._Son_educables.pdf\">Afectivitat i sexualitat. Son educables?<\/a><\/li>\n<li style=\"text-align: left\"><a href=\"https:\/\/webs.uab.cat\/equipice-coeducacio\/wp-content\/uploads\/sites\/292\/2021\/06\/AGRESION_SUMISION_ASERCION.doc.pdf\">Agresi\u00f3n_Sumisi\u00f3n_Aserci\u00f3n<\/a><\/li>\n<li style=\"text-align: left\"><a href=\"https:\/\/webs.uab.cat\/equipice-coeducacio\/wp-content\/uploads\/sites\/292\/2021\/06\/ASERTIVIDAD_Y_PODER.doc.pdf\">Asertividad y poder<\/a><\/li>\n<li style=\"text-align: left\"><a href=\"https:\/\/webs.uab.cat\/equipice-coeducacio\/wp-content\/uploads\/sites\/292\/2021\/06\/DESIGUALDADES_Y_DISCRIMINACIONES.doc.pdf\">Desigualdades y discriminaciones<\/a><\/li>\n<li style=\"text-align: left\"><a href=\"https:\/\/webs.uab.cat\/equipice-coeducacio\/wp-content\/uploads\/sites\/292\/2021\/06\/Educacion_Afectivo-Sexual_en_la_Educacion_Primaria.pdf\">Educaci\u00f3n afectivo-sexual en la Educaci\u00f3n Primaria<\/a><\/li>\n<li style=\"text-align: left\"><a href=\"https:\/\/webs.uab.cat\/equipice-coeducacio\/wp-content\/uploads\/sites\/292\/2021\/06\/El_patio_de_juegos.doc.pdf\">El patio de juegos<\/a><\/li>\n<li style=\"text-align: left\"><a href=\"https:\/\/webs.uab.cat\/equipice-coeducacio\/wp-content\/uploads\/sites\/292\/2021\/06\/Guia_de_recursos_en_Educacio_afectiva_i_sexual.pdf\">Guia de recursos en Educaci\u00f3n afectiva i sexual<\/a><\/li>\n<li><a href=\"https:\/\/webs.uab.cat\/equipice-coeducacio\/wp-content\/uploads\/sites\/292\/2021\/06\/Parlem-ne_No_et_tallis_.pdf\">Parlem-ne. No et tallis<\/a><\/li>\n<\/ul>\n<\/li>\n<\/ul>\n<\/li>\n<\/ul>\n<\/li>\n<\/ul>\n<p>&nbsp;<\/p>\n<ul>\n<li>RECURSOS DE 12 A 16 ANYS:\n<ul>\n<li style=\"list-style-type: none\">\n<ul>\n<li style=\"list-style-type: none\">\n<ul>\n<li><a href=\"https:\/\/webs.uab.cat\/equipice-coeducacio\/wp-content\/uploads\/sites\/292\/2021\/04\/Aprendre_a_estimar_sense_prejudicis.pdf\">Aprendre_a_estimar_sense_prejudicis<\/a><\/li>\n<li><a href=\"https:\/\/webs.uab.cat\/equipice-coeducacio\/wp-content\/uploads\/sites\/292\/2021\/05\/guia_no_ogros_ni_princesas1069-1.pdf\">Guia <em>Ni ogros ni princesas<\/em><\/a><\/li>\n<li><a href=\"https:\/\/webs.uab.cat\/equipice-coeducacio\/wp-content\/uploads\/sites\/292\/2021\/05\/Atencio_a_la_diversitat_a_l_ESO.pdf\">Atenci\u00f3 a la di<\/a><a href=\"https:\/\/webs.uab.cat\/equipice-coeducacio\/wp-content\/uploads\/sites\/292\/2021\/05\/Atencio_a_la_diversitat_a_l_ESO.pdf\">versitat a l&#8217;ESO<\/a><\/li>\n<li><a href=\"https:\/\/webs.uab.cat\/equipice-coeducacio\/wp-content\/uploads\/sites\/292\/2021\/05\/Eso.pdf\">Orientacions per a l\u2019educaci\u00f3 afectiva i sexual a segon cicle d\u2019ESO<\/a><\/li>\n<\/ul>\n<\/li>\n<\/ul>\n<\/li>\n<\/ul>\n<\/li>\n<\/ul>\n<p>&nbsp;<\/p>\n<p>&nbsp;<\/p>\n<p>&nbsp;<\/p>\n","protected":false},"excerpt":{"rendered":"<p>RECURSOS D&#8217;EDUCACI\u00d3 INFANTIL: Materials infantil RECURSOS DE 6 A 12 ANYS La Cenicienta que no quer\u00eda comer perdices Afectivitat i sexualitat. Son educables? Agresi\u00f3n_Sumisi\u00f3n_Aserci\u00f3n Asertividad y poder Desigualdades y discriminaciones Educaci\u00f3n afectivo-sexual en la Educaci\u00f3n Primaria El patio de juegos Guia de recursos en Educaci\u00f3n afectiva i sexual Parlem-ne. No et tallis &nbsp; RECURSOS DE [&hellip;]<\/p>\n","protected":false},"author":1313,"featured_media":0,"parent":0,"menu_order":0,"comment_status":"closed","ping_status":"closed","template":"","meta":{"footnotes":""},"class_list":["post-34","page","type-page","status-publish","hentry"],"_links":{"self":[{"href":"https:\/\/webs.uab.cat\/equipice-coeducacio\/wp-json\/wp\/v2\/pages\/34","targetHints":{"allow":["GET"]}}],"collection":[{"href":"https:\/\/webs.uab.cat\/equipice-coeducacio\/wp-json\/wp\/v2\/pages"}],"about":[{"href":"https:\/\/webs.uab.cat\/equipice-coeducacio\/wp-json\/wp\/v2\/types\/page"}],"author":[{"embeddable":true,"href":"https:\/\/webs.uab.cat\/equipice-coeducacio\/wp-json\/wp\/v2\/users\/1313"}],"replies":[{"embeddable":true,"href":"https:\/\/webs.uab.cat\/equipice-coeducacio\/wp-json\/wp\/v2\/comments?post=34"}],"version-history":[{"count":0,"href":"https:\/\/webs.uab.cat\/equipice-coeducacio\/wp-json\/wp\/v2\/pages\/34\/revisions"}],"wp:attachment":[{"href":"https:\/\/webs.uab.cat\/equipice-coeducacio\/wp-json\/wp\/v2\/media?parent=34"}],"curies":[{"name":"wp","href":"https:\/\/api.w.org\/{rel}","templated":true}]}}