{"id":47,"date":"2020-11-26T19:34:51","date_gmt":"2020-11-26T17:34:51","guid":{"rendered":"https:\/\/blogs.uab.cat\/equipice-coeducacio\/?page_id=47"},"modified":"2023-05-04T18:28:16","modified_gmt":"2023-05-04T16:28:16","slug":"prevencio","status":"publish","type":"page","link":"https:\/\/webs.uab.cat\/equipice-coeducacio\/tematiques\/prevencio\/","title":{"rendered":"PREVENCI\u00d3 DE L&#8217;AB\u00daS SEXUAL INFANTIL"},"content":{"rendered":"<p><img loading=\"lazy\" decoding=\"async\" class=\"wp-image-243 aligncenter\" src=\"https:\/\/webs.uab.cat\/equipice-coeducacio\/wp-content\/uploads\/sites\/292\/2021\/04\/images.jpg\" alt=\"\" width=\"334\" height=\"334\" srcset=\"https:\/\/webs.uab.cat\/equipice-coeducacio\/wp-content\/uploads\/sites\/292\/2021\/04\/images.jpg 225w, https:\/\/webs.uab.cat\/equipice-coeducacio\/wp-content\/uploads\/sites\/292\/2021\/04\/images-150x150.jpg 150w\" sizes=\"auto, (max-width: 334px) 100vw, 334px\" \/><\/p>\n<p><strong>La prevenci\u00f3 de maltractaments i abusos sexuals \u00e9s una tasca complexa que ha d\u2019implicar tota la societat i, especialment, els principals agents educatius: fam\u00edlia i escola. Aquesta prevenci\u00f3 ha d\u2019oferir pautes per als propis infants i adolescents que els ajudin a fer front i\/o evitar possibles maltractaments i abusos sexuals, i per als adults que els acompanyen en el seu proc\u00e9s de desenvolupament.<\/strong> (DGAIA)<\/p>\n<div class=\"forceimagewrap\">\n<p>L\u2019ab\u00fas infantil es defineix com l\u2019acci\u00f3 d\u2019un adult o innacci\u00f3 del mateix que es tradueix en l\u2019ab\u00fas f\u00edsic, sexual o emocional, la neglig\u00e8ncia en la cura dels infants que pot ser un risc pel nen o la nena. L\u2019ab\u00fas emocional \u00e9s el m\u00e9s com\u00fa i pot tenir efectes per a tota la vida, afectant la capacitat dels nens a sentir-se segurs i estimats i perpetuant actituds relacionades amb la baixa autoestima. L\u2019any 2000, l\u2019organitzaci\u00f3 Women\u2019s World Summit Foundation (WWSF) va celebrar per primer cop el <strong>Dia Mundial per la prevenci\u00f3 contra l\u2019ab\u00fas infantil<\/strong>&nbsp;implicant tamb\u00e9 altres organitzacions dedicades al m\u00f3n de la inf\u00e0ncia i de la dona.<\/p>\n<\/div>\n<div class=\"forceimagewrap\">\n<div class=\"wysiwyg\">\n<p>S<strong>egons la revista&nbsp;<a href=\"http:\/\/www.elcritic.cat\/reportatges\/els-abusos-sexuals-infantils-una-realitat-oculta-i-menystinguda-26304\" target=\"_blank\" rel=\"noopener\">Sentit Cr\u00edtic<\/a>, a Catalunya les dades s\u00f3n molt significatives: gaireb\u00e9 1 de cada 5 persones ha patit algun tipus d\u2019ab\u00fas durant la seva infantesa;&nbsp;8 de cada 10 abusadors s\u00f3n de l\u2019entorn de la fam\u00edlia o de confian\u00e7a proper a l\u2019infant.&nbsp;<\/strong>Des de l\u2019organitzaci\u00f3&nbsp;<a href=\"https:\/\/www.savethechildren.es\/actualidad\/rompo-el-silencio\" target=\"_blank\" rel=\"noopener\">SaveTheChildren<\/a>&nbsp;han llan\u00e7at la campanya \u201cRompo el Silencio\u201d per reivindicar que s\u2019accelerin els procediments per a l\u2019aprovaci\u00f3 urgent de la Llei Org\u00e0nica per l\u2019Erradicaci\u00f3 de la Viol\u00e8ncia contra la Inf\u00e0ncia.<\/p>\n<p>https:\/\/www.diesinternacionals.cat\/calendari\/dia-mundial-per-la-prevencio-contra-labus-infantil\/2023-11-19\/<\/p>\n<p><iframe loading=\"lazy\" title=\"#AbusoFueraDeJuego | Stop al acoso en el deporte\" width=\"580\" height=\"326\" src=\"https:\/\/www.youtube.com\/embed\/o5sVJsTznxc?feature=oembed\" frameborder=\"0\" allow=\"accelerometer; autoplay; clipboard-write; encrypted-media; gyroscope; picture-in-picture; web-share\" referrerpolicy=\"strict-origin-when-cross-origin\" allowfullscreen><\/iframe><\/p>\n<\/div>\n<\/div>\n<p>&nbsp;<\/p>\n<h3>Guies, p\u00e0gines, articles, recursos&nbsp; i protocols:<\/h3>\n<ul>\n<li><a href=\"https:\/\/webs.uab.cat\/equipice-coeducacio\/wp-content\/uploads\/sites\/292\/2021\/04\/Protocol_de_Prevencio_Abusos_Sexuals_ambit_lleure.pdf\">Protocol_de_Prevencio_Abusos_Sexuals_ambit_lleure<\/a> <a href=\"https:\/\/webs.uab.cat\/equipice-coeducacio\/wp-content\/uploads\/sites\/292\/2021\/04\/guiasentir_ca_acc_2_0.pdf\">guiasentir_ca_acc_2_0<\/a><\/li>\n<li><a href=\"https:\/\/webs.uab.cat\/equipice-coeducacio\/wp-content\/uploads\/sites\/292\/2021\/04\/guiasentir_ca_acc_2_0.pdf\">guiasentir_ca_acc_2_0<\/a><\/li>\n<li><a href=\"https:\/\/webs.uab.cat\/equipice-coeducacio\/wp-content\/uploads\/sites\/292\/2021\/04\/on_joc_sacaba_rosa_royo_vdef.pdf\">on_joc_sacaba_rosa_royo_vdef<\/a><\/li>\n<li><a href=\"https:\/\/webs.uab.cat\/equipice-coeducacio\/wp-content\/uploads\/sites\/292\/2021\/04\/ep-Guia-pedagogica-escoles.pdf\">ep Guia pedagogica escoles<\/a><\/li>\n<li><a href=\"https:\/\/webs.uab.cat\/equipice-coeducacio\/wp-content\/uploads\/sites\/292\/2021\/04\/Guia_basica_prevencion_del_abuso_sexual_1.pdf\">Guia_basica_prevencion_del_abuso_sexual_1<\/a><\/li>\n<li><a href=\"https:\/\/webs.uab.cat\/equipice-coeducacio\/wp-content\/uploads\/sites\/292\/2021\/04\/prevencio-abus-sexual-primaria.pdf\">prevencio-abus-sexual-primaria<\/a><\/li>\n<li><a href=\"http:\/\/bibarnabloc.cat\/2020\/10\/30\/el-teu-cos-es-teu-abus-sexual-infantil-llibres-per-infants\/\">http:\/\/bibarnabloc.cat\/2020\/10\/30\/el-teu-cos-es-teu-abus-sexual-infantil-llibres-per-infants\/<\/a><\/li>\n<\/ul>\n<p>&nbsp;<\/p>\n<p><img loading=\"lazy\" decoding=\"async\" class=\"wp-image-242 aligncenter\" src=\"https:\/\/webs.uab.cat\/equipice-coeducacio\/wp-content\/uploads\/sites\/292\/2021\/04\/00-5-600x585-1-300x293.jpg\" alt=\"\" width=\"375\" height=\"366\" srcset=\"https:\/\/webs.uab.cat\/equipice-coeducacio\/wp-content\/uploads\/sites\/292\/2021\/04\/00-5-600x585-1-300x293.jpg 300w, https:\/\/webs.uab.cat\/equipice-coeducacio\/wp-content\/uploads\/sites\/292\/2021\/04\/00-5-600x585-1.jpg 600w\" sizes=\"auto, (max-width: 375px) 100vw, 375px\" \/><\/p>\n<h3><strong>Associacions i espais de suport:<\/strong><\/h3>\n<table>\n<tbody>\n<tr>\n<td>Associaci\u00f3 Catalana per la Inf\u00e0ncia Maltractada (ACIM)<\/td>\n<\/tr>\n<tr>\n<td>Associaci\u00f3 d\u2019Assist\u00e8ncia a Dones Agredides Sexualment (AADAS)<\/td>\n<\/tr>\n<tr>\n<td>Fundaci\u00f3 Concepci\u00f3 Juvanteny<\/td>\n<\/tr>\n<tr>\n<td>Fundaci\u00f3 Vicki Bernadet <a href=\"https:\/\/www.fbernadet.org\/cursos\/prevencio-deteccio-abus-sexual-infantil\/\">https:\/\/www.fbernadet.org\/cursos\/prevencio-deteccio-abus-sexual-infantil\/<\/a><\/td>\n<\/tr>\n<tr>\n<td>Institut de Psicologia Forense (IPF)<\/td>\n<\/tr>\n<tr>\n<td>Intress<\/td>\n<\/tr>\n<tr>\n<td>Ires<\/td>\n<\/tr>\n<tr>\n<td>Mossos d\u2019Esquadra<\/td>\n<\/tr>\n<tr>\n<td>Tel\u00e8fon Europeu d\u2019Ajuda a la Inf\u00e0ncia \/ Inf\u00e0ncia Respon<\/td>\n<\/tr>\n<tr>\n<td>Unitat Funcional d\u2019Abusos a Menors (UFAM) \u2013 Hospital Universitari Sant Joan de D\u00e9u<\/p>\n<blockquote class=\"wp-embedded-content\" data-secret=\"TBkxIHT4IB\"><p><a href=\"https:\/\/prevensi.es\/ca\/sobre-prevensi\/\">Sobre PrevenSI<\/a><\/p><\/blockquote>\n<p><iframe loading=\"lazy\" class=\"wp-embedded-content\" sandbox=\"allow-scripts\" security=\"restricted\" style=\"position: absolute; visibility: hidden;\" title=\"&#8220;Sobre PrevenSI&#8221; &#8212; PrevenSi - Prevenci\u00f3 del ab\u00fas sexual infantil\" src=\"https:\/\/prevensi.es\/ca\/sobre-prevensi\/embed\/#?secret=9y21ScQi4x#?secret=TBkxIHT4IB\" data-secret=\"TBkxIHT4IB\" width=\"580\" height=\"327\" frameborder=\"0\" marginwidth=\"0\" marginheight=\"0\" scrolling=\"no\"><\/iframe><\/p>\n<p class=\"web\" style=\"line-height: 35.2px;font-family: 'Crimson Text', serif;font-size: 22px\"><a title=\"Mans petites\" href=\"http:\/\/www.manspetites.cat\/\" target=\"_blank\" rel=\"noopener\">http:\/\/www.manspetites.cat<\/a><\/p>\n<\/td>\n<\/tr>\n<\/tbody>\n<\/table>\n","protected":false},"excerpt":{"rendered":"<p>La prevenci\u00f3 de maltractaments i abusos sexuals \u00e9s una tasca complexa que ha d\u2019implicar tota la societat i, especialment, els principals agents educatius: fam\u00edlia i escola. Aquesta prevenci\u00f3 ha d\u2019oferir pautes per als propis infants i adolescents que els ajudin a fer front i\/o evitar possibles maltractaments i abusos sexuals, i per als adults que [&hellip;]<\/p>\n","protected":false},"author":1313,"featured_media":0,"parent":403,"menu_order":12,"comment_status":"closed","ping_status":"closed","template":"","meta":{"footnotes":""},"class_list":["post-47","page","type-page","status-publish","hentry"],"_links":{"self":[{"href":"https:\/\/webs.uab.cat\/equipice-coeducacio\/wp-json\/wp\/v2\/pages\/47","targetHints":{"allow":["GET"]}}],"collection":[{"href":"https:\/\/webs.uab.cat\/equipice-coeducacio\/wp-json\/wp\/v2\/pages"}],"about":[{"href":"https:\/\/webs.uab.cat\/equipice-coeducacio\/wp-json\/wp\/v2\/types\/page"}],"author":[{"embeddable":true,"href":"https:\/\/webs.uab.cat\/equipice-coeducacio\/wp-json\/wp\/v2\/users\/1313"}],"replies":[{"embeddable":true,"href":"https:\/\/webs.uab.cat\/equipice-coeducacio\/wp-json\/wp\/v2\/comments?post=47"}],"version-history":[{"count":1,"href":"https:\/\/webs.uab.cat\/equipice-coeducacio\/wp-json\/wp\/v2\/pages\/47\/revisions"}],"predecessor-version":[{"id":410,"href":"https:\/\/webs.uab.cat\/equipice-coeducacio\/wp-json\/wp\/v2\/pages\/47\/revisions\/410"}],"up":[{"embeddable":true,"href":"https:\/\/webs.uab.cat\/equipice-coeducacio\/wp-json\/wp\/v2\/pages\/403"}],"wp:attachment":[{"href":"https:\/\/webs.uab.cat\/equipice-coeducacio\/wp-json\/wp\/v2\/media?parent=47"}],"curies":[{"name":"wp","href":"https:\/\/api.w.org\/{rel}","templated":true}]}}

PREVENCIÓ DE L&#8217;ABÚS SEXUAL INFANTIL

<p><img loading="lazy" decoding="async" class="wp-image-243 aligncenter" src="https://webs.uab.cat/equipice-coeducacio/wp-content/uploads/sites/292/2021/04/images.jpg" alt="" width="334" height="334" srcset="https://webs.uab.cat/equipice-coeducacio/wp-content/uploads/sites/292/2021/04/images.jpg 225w, https://webs.uab.cat/equipice-coeducacio/wp-content/uploads/sites/292/2021/04/images-150x150.jpg 150w" sizes="auto, (max-width: 334px) 100vw, 334px" /></p>
<p><strong>La prevenció de maltractaments i abusos sexuals és una tasca complexa que ha d’implicar tota la societat i, especialment, els principals agents educatius: família i escola. Aquesta prevenció ha d’oferir pautes per als propis infants i adolescents que els ajudin a fer front i/o evitar possibles maltractaments i abusos sexuals, i per als adults que els acompanyen en el seu procés de desenvolupament.</strong> (DGAIA)</p>
<div class="forceimagewrap">
<p>L’abús infantil es defineix com l’acció d’un adult o innacció del mateix que es tradueix en l’abús físic, sexual o emocional, la negligència en la cura dels infants que pot ser un risc pel nen o la nena. L’abús emocional és el més comú i pot tenir efectes per a tota la vida, afectant la capacitat dels nens a sentir-se segurs i estimats i perpetuant actituds relacionades amb la baixa autoestima. L’any 2000, l’organització Women’s World Summit Foundation (WWSF) va celebrar per primer cop el <strong>Dia Mundial per la prevenció contra l’abús infantil</strong>&nbsp;implicant també altres organitzacions dedicades al món de la infància i de la dona.</p>
</div>
<div class="forceimagewrap">
<div class="wysiwyg">
<p>S<strong>egons la revista&nbsp;<a href="http://www.elcritic.cat/reportatges/els-abusos-sexuals-infantils-una-realitat-oculta-i-menystinguda-26304" target="_blank" rel="noopener">Sentit Crític</a>, a Catalunya les dades són molt significatives: gairebé 1 de cada 5 persones ha patit algun tipus d’abús durant la seva infantesa;&nbsp;8 de cada 10 abusadors són de l’entorn de la família o de confiança proper a l’infant.&nbsp;</strong>Des de l’organització&nbsp;<a href="https://www.savethechildren.es/actualidad/rompo-el-silencio" target="_blank" rel="noopener">SaveTheChildren</a>&nbsp;han llançat la campanya “Rompo el Silencio” per reivindicar que s’accelerin els procediments per a l’aprovació urgent de la Llei Orgànica per l’Erradicació de la Violència contra la Infància.</p>
<p>https://www.diesinternacionals.cat/calendari/dia-mundial-per-la-prevencio-contra-labus-infantil/2023-11-19/</p>
<p><iframe loading="lazy" title="#AbusoFueraDeJuego | Stop al acoso en el deporte" width="580" height="326" src="https://www.youtube.com/embed/o5sVJsTznxc?feature=oembed" frameborder="0" allow="accelerometer; autoplay; clipboard-write; encrypted-media; gyroscope; picture-in-picture; web-share" referrerpolicy="strict-origin-when-cross-origin" allowfullscreen></iframe></p>
</div>
</div>
<p>&nbsp;</p>
<h3>Guies, pàgines, articles, recursos&nbsp; i protocols:</h3>
<ul>
<li><a href="https://webs.uab.cat/equipice-coeducacio/wp-content/uploads/sites/292/2021/04/Protocol_de_Prevencio_Abusos_Sexuals_ambit_lleure.pdf">Protocol_de_Prevencio_Abusos_Sexuals_ambit_lleure</a> <a href="https://webs.uab.cat/equipice-coeducacio/wp-content/uploads/sites/292/2021/04/guiasentir_ca_acc_2_0.pdf">guiasentir_ca_acc_2_0</a></li>
<li><a href="https://webs.uab.cat/equipice-coeducacio/wp-content/uploads/sites/292/2021/04/guiasentir_ca_acc_2_0.pdf">guiasentir_ca_acc_2_0</a></li>
<li><a href="https://webs.uab.cat/equipice-coeducacio/wp-content/uploads/sites/292/2021/04/on_joc_sacaba_rosa_royo_vdef.pdf">on_joc_sacaba_rosa_royo_vdef</a></li>
<li><a href="https://webs.uab.cat/equipice-coeducacio/wp-content/uploads/sites/292/2021/04/ep-Guia-pedagogica-escoles.pdf">ep Guia pedagogica escoles</a></li>
<li><a href="https://webs.uab.cat/equipice-coeducacio/wp-content/uploads/sites/292/2021/04/Guia_basica_prevencion_del_abuso_sexual_1.pdf">Guia_basica_prevencion_del_abuso_sexual_1</a></li>
<li><a href="https://webs.uab.cat/equipice-coeducacio/wp-content/uploads/sites/292/2021/04/prevencio-abus-sexual-primaria.pdf">prevencio-abus-sexual-primaria</a></li>
<li><a href="http://bibarnabloc.cat/2020/10/30/el-teu-cos-es-teu-abus-sexual-infantil-llibres-per-infants/">http://bibarnabloc.cat/2020/10/30/el-teu-cos-es-teu-abus-sexual-infantil-llibres-per-infants/</a></li>
</ul>
<p>&nbsp;</p>
<p><img loading="lazy" decoding="async" class="wp-image-242 aligncenter" src="https://webs.uab.cat/equipice-coeducacio/wp-content/uploads/sites/292/2021/04/00-5-600x585-1-300x293.jpg" alt="" width="375" height="366" srcset="https://webs.uab.cat/equipice-coeducacio/wp-content/uploads/sites/292/2021/04/00-5-600x585-1-300x293.jpg 300w, https://webs.uab.cat/equipice-coeducacio/wp-content/uploads/sites/292/2021/04/00-5-600x585-1.jpg 600w" sizes="auto, (max-width: 375px) 100vw, 375px" /></p>
<h3><strong>Associacions i espais de suport:</strong></h3>
<table>
<tbody>
<tr>
<td>Associació Catalana per la Infància Maltractada (ACIM)</td>
</tr>
<tr>
<td>Associació d’Assistència a Dones Agredides Sexualment (AADAS)</td>
</tr>
<tr>
<td>Fundació Concepció Juvanteny</td>
</tr>
<tr>
<td>Fundació Vicki Bernadet <a href="https://www.fbernadet.org/cursos/prevencio-deteccio-abus-sexual-infantil/">https://www.fbernadet.org/cursos/prevencio-deteccio-abus-sexual-infantil/</a></td>
</tr>
<tr>
<td>Institut de Psicologia Forense (IPF)</td>
</tr>
<tr>
<td>Intress</td>
</tr>
<tr>
<td>Ires</td>
</tr>
<tr>
<td>Mossos d’Esquadra</td>
</tr>
<tr>
<td>Telèfon Europeu d’Ajuda a la Infància / Infància Respon</td>
</tr>
<tr>
<td>Unitat Funcional d’Abusos a Menors (UFAM) – Hospital Universitari Sant Joan de Déu</p>
<blockquote class="wp-embedded-content" data-secret="TBkxIHT4IB"><p><a href="https://prevensi.es/ca/sobre-prevensi/">Sobre PrevenSI</a></p></blockquote>
<p><iframe loading="lazy" class="wp-embedded-content" sandbox="allow-scripts" security="restricted" style="position: absolute; visibility: hidden;" title="&#8220;Sobre PrevenSI&#8221; &#8212; PrevenSi - Prevenció del abús sexual infantil" src="https://prevensi.es/ca/sobre-prevensi/embed/#?secret=9y21ScQi4x#?secret=TBkxIHT4IB" data-secret="TBkxIHT4IB" width="580" height="327" frameborder="0" marginwidth="0" marginheight="0" scrolling="no"></iframe></p>
<p class="web" style="line-height: 35.2px;font-family: 'Crimson Text', serif;font-size: 22px"><a title="Mans petites" href="http://www.manspetites.cat/" target="_blank" rel="noopener">http://www.manspetites.cat</a></p>
</td>
</tr>
</tbody>
</table>

<p>La prevenció de maltractaments i abusos sexuals és una tasca complexa que ha d’implicar tota la societat i, especialment, els principals agents educatius: família i escola. Aquesta prevenció ha d’oferir pautes per als propis infants i adolescents que els ajudin a fer front i/o evitar possibles maltractaments i abusos sexuals, i per als adults que [&hellip;]</p>
