{"id":55,"date":"2020-11-26T19:37:20","date_gmt":"2020-11-26T17:37:20","guid":{"rendered":"https:\/\/blogs.uab.cat\/equipice-coeducacio\/?page_id=55"},"modified":"2023-05-04T18:20:18","modified_gmt":"2023-05-04T16:20:18","slug":"qui-som-2","status":"publish","type":"page","link":"https:\/\/webs.uab.cat\/equipice-coeducacio\/qui-som-2\/","title":{"rendered":"QUI SOM?"},"content":{"rendered":"<p><i><span style=\"font-weight: 400\">Som el grup de treball de coeducaci\u00f3 de l\u2019ICE de la UAB centrem la nostra tasca en la reflexi\u00f3, el debat, la recerca i formaci\u00f3 relacionades amb l<\/span><\/i><i><span style=\"font-weight: 400\">a posada en pr\u00e0ctica d\u2019iniciatives de coeducaci\u00f3.<\/span><\/i><\/p>\n<p><i><span style=\"font-weight: 400\">Ens vam constituir com a grup de treball\u00a0 <\/span><\/i><i><span style=\"font-weight: 400\">l\u2019any 2006, amb educadores, mestres i professores de diferents nivells educatius preocupades per les desigualtats de g\u00e8nere presents a la nostra societat i en l\u2019educaci\u00f3.<\/span><\/i><\/p>\n<p><i><span style=\"font-weight: 400\">Hem realitzat i dissenyat treballs de recerca i materials d&#8217;aula, aix\u00ed com recursos educatius classificats i seq\u00fcenciats per poder treballar als diferents nivells educatius, des de l\u2019escola bressol fins a secund\u00e0ria. <\/span><\/i><\/p>\n<p><strong><i>Creiem en la coeducaci\u00f3 com a una poderosa\u00a0<\/i><\/strong><strong><i>\u00a0eina de transformaci\u00f3!<\/i><\/strong><\/p>\n<p style=\"line-height: 35.2px\"><img loading=\"lazy\" decoding=\"async\" class=\"alignnone  wp-image-379 aligncenter\" src=\"https:\/\/webs.uab.cat\/equipice-coeducacio\/wp-content\/uploads\/sites\/292\/2023\/05\/IMG-20220514-WA0004-300x225.jpg\" alt=\"\" width=\"416\" height=\"312\" srcset=\"https:\/\/webs.uab.cat\/equipice-coeducacio\/wp-content\/uploads\/sites\/292\/2023\/05\/IMG-20220514-WA0004-300x225.jpg 300w, https:\/\/webs.uab.cat\/equipice-coeducacio\/wp-content\/uploads\/sites\/292\/2023\/05\/IMG-20220514-WA0004-768x576.jpg 768w, https:\/\/webs.uab.cat\/equipice-coeducacio\/wp-content\/uploads\/sites\/292\/2023\/05\/IMG-20220514-WA0004.jpg 1024w\" sizes=\"auto, (max-width: 416px) 100vw, 416px\" \/><\/p>\n","protected":false},"excerpt":{"rendered":"<p>Som el grup de treball de coeducaci\u00f3 de l\u2019ICE de la UAB centrem la nostra tasca en la reflexi\u00f3, el debat, la recerca i formaci\u00f3 relacionades amb la posada en pr\u00e0ctica d\u2019iniciatives de coeducaci\u00f3. Ens vam constituir com a grup de treball\u00a0 l\u2019any 2006, amb educadores, mestres i professores de diferents nivells educatius preocupades per [&hellip;]<\/p>\n","protected":false},"author":1313,"featured_media":0,"parent":0,"menu_order":1,"comment_status":"closed","ping_status":"closed","template":"","meta":{"footnotes":""},"class_list":["post-55","page","type-page","status-publish","hentry"],"_links":{"self":[{"href":"https:\/\/webs.uab.cat\/equipice-coeducacio\/wp-json\/wp\/v2\/pages\/55","targetHints":{"allow":["GET"]}}],"collection":[{"href":"https:\/\/webs.uab.cat\/equipice-coeducacio\/wp-json\/wp\/v2\/pages"}],"about":[{"href":"https:\/\/webs.uab.cat\/equipice-coeducacio\/wp-json\/wp\/v2\/types\/page"}],"author":[{"embeddable":true,"href":"https:\/\/webs.uab.cat\/equipice-coeducacio\/wp-json\/wp\/v2\/users\/1313"}],"replies":[{"embeddable":true,"href":"https:\/\/webs.uab.cat\/equipice-coeducacio\/wp-json\/wp\/v2\/comments?post=55"}],"version-history":[{"count":3,"href":"https:\/\/webs.uab.cat\/equipice-coeducacio\/wp-json\/wp\/v2\/pages\/55\/revisions"}],"predecessor-version":[{"id":401,"href":"https:\/\/webs.uab.cat\/equipice-coeducacio\/wp-json\/wp\/v2\/pages\/55\/revisions\/401"}],"wp:attachment":[{"href":"https:\/\/webs.uab.cat\/equipice-coeducacio\/wp-json\/wp\/v2\/media?parent=55"}],"curies":[{"name":"wp","href":"https:\/\/api.w.org\/{rel}","templated":true}]}}