{"id":166,"date":"2009-05-25T13:31:33","date_gmt":"2009-05-25T11:31:33","guid":{"rendered":"https:\/\/webs.uab.cat\/erife\/que-hacemos\/"},"modified":"2010-01-21T13:41:41","modified_gmt":"2010-01-21T11:41:41","slug":"que-hacemos","status":"publish","type":"page","link":"https:\/\/webs.uab.cat\/erife\/es\/que-hacemos\/","title":{"rendered":"Qu\u00e9 hacemos"},"content":{"rendered":"<p><strong>Qu\u00e9 hacemos<\/strong><\/p>\n<p>Objetivos de investigaci\u00f3n que configuran su raz\u00f3n de ser<\/p>\n<p>Los objetivos de investigaci\u00f3n hacen referencia l estudio y comprensi\u00f3n de:<\/p>\n<ul>\n<li>Las necesidades generadas a las familias a partir de los cambios sociales y profesionales. En este sentido se analizar\u00e1n estrategias para acompa\u00f1ar los cambios en las estructuras, din\u00e1micas y crianza de las familias contempor\u00e1neas.<\/li>\n<\/ul>\n<p><!--more--><\/p>\n<p><strong>Qu\u00e9 hacemos<\/strong><\/p>\n<p>Objetivos de investigaci\u00f3n que configuran su raz\u00f3n de ser<\/p>\n<p>Los objetivos de investigaci\u00f3n hacen referencia al estudio y la comprensi\u00f3n de:<\/p>\n<p>-Las necesidades generadas en las familias a ra\u00edz de los cambios sociales y profesionales. En este sentido se analizar\u00e1n estrategias para acompa\u00f1ar los cambios en las estructuras, din\u00e1micas y crianza de las familias contempor\u00e1neas.<\/p>\n<p>-Los aspectos educativos del trabajo con la primera infancia y sus familias tanto en los contextos escolares como en los contextos generados por otros tipos de servicios psicosocioeducativos.<\/p>\n<p>-Las instituciones que desarrollan servicios y programas para familias con ni\u00f1os. En ocasiones se olvida que los ni\u00f1os y sus familias necesitan una red que los acoja para facilitarles el crecimiento en la crianza. &nbsp;Los Espacios Familiares o los grupos de parentalidad\/crianza son algunos ejemplos de este tipo de servicios y programas que a pesar de su buena proyecci\u00f3n y presencia en el territorio carecen de b\u00fasquedas que los avalen o los ayuden a progresar.<\/p>\n<p>-La infancia en el marco de su familia. Observamos una gran producci\u00f3n cient\u00edfica sobre el origen y la huella que la familia deja sobre los individuos que la componen: la familia constituida, pero al mismo tiempo observamos la necesidad de abordar el estudio de la huella que deja en las personas la familia que ellos mismos construyen: la familia constituyente.<\/p>\n<p>-La vinculaci\u00f3n entre la investigaci\u00f3n y los contenidos de las asignaturas que algunos de nosotros impartimos como profesores universitarios. Esta vinculaci\u00f3n permitir\u00e1 mejorar la formaci\u00f3n inicial y permanente de los maestros y profesionales que se formamos en el marco del Grado de Educaci\u00f3n Infantil, cursos de postgrado y maestr\u00edas.<\/p>\n<p>-Vincular los estudiantes de la universidad en proyectos de Aprendizaje Servicio (ApS) para mejorar la pr\u00e1ctica educativa del Grado y la responsabilidad social con los centros educativos.<\/p>\n<p>&nbsp;<\/p>\n","protected":false},"excerpt":{"rendered":"<p>Qu\u00e9 hacemos Objetivos de investigaci\u00f3n que configuran su raz\u00f3n de ser Los objetivos de investigaci\u00f3n hacen referencia l estudio y comprensi\u00f3n de: Las necesidades generadas a las familias a partir de los cambios sociales y profesionales. En este sentido se analizar\u00e1n estrategias para acompa\u00f1ar los cambios en las estructuras, din\u00e1micas y crianza de las familias [&hellip;]<\/p>\n","protected":false},"author":20,"featured_media":0,"parent":0,"menu_order":0,"comment_status":"closed","ping_status":"closed","template":"","meta":{"footnotes":""},"class_list":["post-166","page","type-page","status-publish","hentry"],"_links":{"self":[{"href":"https:\/\/webs.uab.cat\/erife\/es\/wp-json\/wp\/v2\/pages\/166","targetHints":{"allow":["GET"]}}],"collection":[{"href":"https:\/\/webs.uab.cat\/erife\/es\/wp-json\/wp\/v2\/pages"}],"about":[{"href":"https:\/\/webs.uab.cat\/erife\/es\/wp-json\/wp\/v2\/types\/page"}],"author":[{"embeddable":true,"href":"https:\/\/webs.uab.cat\/erife\/es\/wp-json\/wp\/v2\/users\/20"}],"replies":[{"embeddable":true,"href":"https:\/\/webs.uab.cat\/erife\/es\/wp-json\/wp\/v2\/comments?post=166"}],"version-history":[{"count":0,"href":"https:\/\/webs.uab.cat\/erife\/es\/wp-json\/wp\/v2\/pages\/166\/revisions"}],"wp:attachment":[{"href":"https:\/\/webs.uab.cat\/erife\/es\/wp-json\/wp\/v2\/media?parent=166"}],"curies":[{"name":"wp","href":"https:\/\/api.w.org\/{rel}","templated":true}]}}

Qué hacemos

<p><strong>Qué hacemos</strong></p>
<p>Objetivos de investigación que configuran su razón de ser</p>
<p>Los objetivos de investigación hacen referencia l estudio y comprensión de:</p>
<ul>
<li>Las necesidades generadas a las familias a partir de los cambios sociales y profesionales. En este sentido se analizarán estrategias para acompañar los cambios en las estructuras, dinámicas y crianza de las familias contemporáneas.</li>
</ul>
<p><!--more--></p>
<p><strong>Qué hacemos</strong></p>
<p>Objetivos de investigación que configuran su razón de ser</p>
<p>Los objetivos de investigación hacen referencia al estudio y la comprensión de:</p>
<p>-Las necesidades generadas en las familias a raíz de los cambios sociales y profesionales. En este sentido se analizarán estrategias para acompañar los cambios en las estructuras, dinámicas y crianza de las familias contemporáneas.</p>
<p>-Los aspectos educativos del trabajo con la primera infancia y sus familias tanto en los contextos escolares como en los contextos generados por otros tipos de servicios psicosocioeducativos.</p>
<p>-Las instituciones que desarrollan servicios y programas para familias con niños. En ocasiones se olvida que los niños y sus familias necesitan una red que los acoja para facilitarles el crecimiento en la crianza. &nbsp;Los Espacios Familiares o los grupos de parentalidad/crianza son algunos ejemplos de este tipo de servicios y programas que a pesar de su buena proyección y presencia en el territorio carecen de búsquedas que los avalen o los ayuden a progresar.</p>
<p>-La infancia en el marco de su familia. Observamos una gran producción científica sobre el origen y la huella que la familia deja sobre los individuos que la componen: la familia constituida, pero al mismo tiempo observamos la necesidad de abordar el estudio de la huella que deja en las personas la familia que ellos mismos construyen: la familia constituyente.</p>
<p>-La vinculación entre la investigación y los contenidos de las asignaturas que algunos de nosotros impartimos como profesores universitarios. Esta vinculación permitirá mejorar la formación inicial y permanente de los maestros y profesionales que se formamos en el marco del Grado de Educación Infantil, cursos de postgrado y maestrías.</p>
<p>-Vincular los estudiantes de la universidad en proyectos de Aprendizaje Servicio (ApS) para mejorar la práctica educativa del Grado y la responsabilidad social con los centros educativos.</p>
<p>&nbsp;</p>

<p>Qué hacemos Objetivos de investigación que configuran su razón de ser Los objetivos de investigación hacen referencia l estudio y comprensión de: Las necesidades generadas a las familias a partir de los cambios sociales y profesionales. En este sentido se analizarán estrategias para acompañar los cambios en las estructuras, dinámicas y crianza de las familias [&hellip;]</p>
