{"id":168,"date":"2009-05-25T14:05:25","date_gmt":"2009-05-25T12:05:25","guid":{"rendered":"https:\/\/webs.uab.cat\/erife\/donde-encontrarnos\/"},"modified":"2010-01-21T13:42:30","modified_gmt":"2010-01-21T11:42:30","slug":"donde-encontrarnos","status":"publish","type":"page","link":"https:\/\/webs.uab.cat\/erife\/es\/donde-encontrarnos\/","title":{"rendered":"D\u00f3nde encontrarnos"},"content":{"rendered":"<p>D\u00f3nde encontrarnos<\/p>\n<p dir=\"ltr\">Facultad de ciencias de la educaci\u00f3n<\/p>\n<p dir=\"ltr\">Edificio G6. 2a planta.<\/p>\n<p dir=\"ltr\">Campus Bellaterra. 08193<\/p>\n<p dir=\"ltr\">Universidad Aut\u00f3noma de Barcelona<\/p>\n<p dir=\"ltr\">Barcelona<\/p>\n<p>&nbsp;<\/p>\n<p>S\u00edlvia Blanch. Despacho 251<\/p>\n<p><a href=\"mailto:Silvia.Blanch@uab.cat\">Silvia.Blanch@uab.cat<\/a><\/p>\n<p>Ana Maria Forestello. Despacho 251<\/p>\n<p><a href=\"mailto:xavier.gimeno@uab.cat\">anamaria.forestello@uab.cat<\/a><\/p>\n<p>&nbsp;<\/p>\n<p><strong>C\u00f3mo llegar<\/strong><\/p>\n<p><a href=\"https:\/\/www.uab.cat\/web\/coneix-la-facultat\/accesos-i-planols-1345703202136.html\">https:\/\/www.uab.cat\/web\/coneix-la-facultat\/accesos-i-planols-1345703202136.html<\/a><\/p>\n<p>&nbsp;<\/p>\n<p>&nbsp;&nbsp;&nbsp;&nbsp;&nbsp;&nbsp;&nbsp;&nbsp;&nbsp;&nbsp;&nbsp;&nbsp;&nbsp;&nbsp;&nbsp;&nbsp;&nbsp;&nbsp;&nbsp;&nbsp;&nbsp;&nbsp;&nbsp;&nbsp;&nbsp;&nbsp;&nbsp;&nbsp;&nbsp;&nbsp;&nbsp;&nbsp; &nbsp; &nbsp; &nbsp; &nbsp; &nbsp; &nbsp; &nbsp; &nbsp; &nbsp; &nbsp; &nbsp; &nbsp; &nbsp; &nbsp; &nbsp; &nbsp;&nbsp; <img decoding=\"async\" alt=\"Com Arribo\" src=\"http:\/\/www.uab.cat\/Imatge\/950\/684\/pantallacentralmobilitat,0.jpg\" \/><\/p>\n<p>&nbsp;<\/p>\n","protected":false},"excerpt":{"rendered":"<p>D\u00f3nde encontrarnos Facultad de ciencias de la educaci\u00f3n Edificio G6. 2a planta. Campus Bellaterra. 08193 Universidad Aut\u00f3noma de Barcelona Barcelona &nbsp; S\u00edlvia Blanch. Despacho 251 Silvia.Blanch@uab.cat Ana Maria Forestello. Despacho 251 anamaria.forestello@uab.cat &nbsp; C\u00f3mo llegar https:\/\/www.uab.cat\/web\/coneix-la-facultat\/accesos-i-planols-1345703202136.html &nbsp; &nbsp;&nbsp;&nbsp;&nbsp;&nbsp;&nbsp;&nbsp;&nbsp;&nbsp;&nbsp;&nbsp;&nbsp;&nbsp;&nbsp;&nbsp;&nbsp;&nbsp;&nbsp;&nbsp;&nbsp;&nbsp;&nbsp;&nbsp;&nbsp;&nbsp;&nbsp;&nbsp;&nbsp;&nbsp;&nbsp;&nbsp;&nbsp; &nbsp; &nbsp; &nbsp; &nbsp; &nbsp; &nbsp; &nbsp; &nbsp; &nbsp; &nbsp; &nbsp; &nbsp; &nbsp; &nbsp; &nbsp; &nbsp;&nbsp; &nbsp;<\/p>\n","protected":false},"author":20,"featured_media":0,"parent":0,"menu_order":0,"comment_status":"closed","ping_status":"closed","template":"","meta":{"footnotes":""},"class_list":["post-168","page","type-page","status-publish","hentry"],"_links":{"self":[{"href":"https:\/\/webs.uab.cat\/erife\/es\/wp-json\/wp\/v2\/pages\/168","targetHints":{"allow":["GET"]}}],"collection":[{"href":"https:\/\/webs.uab.cat\/erife\/es\/wp-json\/wp\/v2\/pages"}],"about":[{"href":"https:\/\/webs.uab.cat\/erife\/es\/wp-json\/wp\/v2\/types\/page"}],"author":[{"embeddable":true,"href":"https:\/\/webs.uab.cat\/erife\/es\/wp-json\/wp\/v2\/users\/20"}],"replies":[{"embeddable":true,"href":"https:\/\/webs.uab.cat\/erife\/es\/wp-json\/wp\/v2\/comments?post=168"}],"version-history":[{"count":0,"href":"https:\/\/webs.uab.cat\/erife\/es\/wp-json\/wp\/v2\/pages\/168\/revisions"}],"wp:attachment":[{"href":"https:\/\/webs.uab.cat\/erife\/es\/wp-json\/wp\/v2\/media?parent=168"}],"curies":[{"name":"wp","href":"https:\/\/api.w.org\/{rel}","templated":true}]}}

Dónde encontrarnos

<p>Dónde encontrarnos</p>
<p dir="ltr">Facultad de ciencias de la educación</p>
<p dir="ltr">Edificio G6. 2a planta.</p>
<p dir="ltr">Campus Bellaterra. 08193</p>
<p dir="ltr">Universidad Autónoma de Barcelona</p>
<p dir="ltr">Barcelona</p>
<p>&nbsp;</p>
<p>Sílvia Blanch. Despacho 251</p>
<p><a href="mailto:Silvia.Blanch@uab.cat">Silvia.Blanch@uab.cat</a></p>
<p>Ana Maria Forestello. Despacho 251</p>
<p><a href="mailto:xavier.gimeno@uab.cat">anamaria.forestello@uab.cat</a></p>
<p>&nbsp;</p>
<p><strong>Cómo llegar</strong></p>
<p><a href="https://www.uab.cat/web/coneix-la-facultat/accesos-i-planols-1345703202136.html">https://www.uab.cat/web/coneix-la-facultat/accesos-i-planols-1345703202136.html</a></p>
<p>&nbsp;</p>
<p>&nbsp;&nbsp;&nbsp;&nbsp;&nbsp;&nbsp;&nbsp;&nbsp;&nbsp;&nbsp;&nbsp;&nbsp;&nbsp;&nbsp;&nbsp;&nbsp;&nbsp;&nbsp;&nbsp;&nbsp;&nbsp;&nbsp;&nbsp;&nbsp;&nbsp;&nbsp;&nbsp;&nbsp;&nbsp;&nbsp;&nbsp;&nbsp; &nbsp; &nbsp; &nbsp; &nbsp; &nbsp; &nbsp; &nbsp; &nbsp; &nbsp; &nbsp; &nbsp; &nbsp; &nbsp; &nbsp; &nbsp; &nbsp;&nbsp; <img decoding="async" alt="Com Arribo" src="http://www.uab.cat/Imatge/950/684/pantallacentralmobilitat,0.jpg" /></p>
<p>&nbsp;</p>

<p>Dónde encontrarnos Facultad de ciencias de la educación Edificio G6. 2a planta. Campus Bellaterra. 08193 Universidad Autónoma de Barcelona Barcelona &nbsp; Sílvia Blanch. Despacho 251 Silvia.Blanch@uab.cat Ana Maria Forestello. Despacho 251 anamaria.forestello@uab.cat &nbsp; Cómo llegar https://www.uab.cat/web/coneix-la-facultat/accesos-i-planols-1345703202136.html &nbsp; &nbsp;&nbsp;&nbsp;&nbsp;&nbsp;&nbsp;&nbsp;&nbsp;&nbsp;&nbsp;&nbsp;&nbsp;&nbsp;&nbsp;&nbsp;&nbsp;&nbsp;&nbsp;&nbsp;&nbsp;&nbsp;&nbsp;&nbsp;&nbsp;&nbsp;&nbsp;&nbsp;&nbsp;&nbsp;&nbsp;&nbsp;&nbsp; &nbsp; &nbsp; &nbsp; &nbsp; &nbsp; &nbsp; &nbsp; &nbsp; &nbsp; &nbsp; &nbsp; &nbsp; &nbsp; &nbsp; &nbsp; &nbsp;&nbsp; &nbsp;</p>
