{"id":170,"date":"2009-05-25T13:07:54","date_gmt":"2009-05-25T11:07:54","guid":{"rendered":"https:\/\/webs.uab.cat\/erife\/inici-2\/"},"modified":"2010-01-21T13:43:49","modified_gmt":"2010-01-21T11:43:49","slug":"inici-2","status":"publish","type":"page","link":"https:\/\/webs.uab.cat\/erife\/es\/","title":{"rendered":"Inicio"},"content":{"rendered":"<p><P>ERIFE (Equipo de investigaci\u00f3n sobre Infancia, Familia y Educaci\u00f3n)&nbsp;se constituye como equipo de investigaci\u00f3n con el fin de comprender los aspectos psicosocioeducativos de la atenci\u00f3n a la primera infancia y sus familias; tanto en los contextos escolares, como en los contextos generados por otros tipos de servicios psicoeducativos. La constituci\u00f3n como equipo formalizado ayuda a visibilizar la investigaci\u00f3n en la universidad en este \u00e1mbito de conocimiento y tambi\u00e9n a acceder a participar en posibles convocatorias p\u00fablicas o privadas de financiamiento y\/o colaborar en recercas competitivas a nivel catal\u00e1n, estatal e internacional.<\/P><br \/>\n<DIV>&nbsp;<\/DIV><\/p>\n","protected":false},"excerpt":{"rendered":"<p>ERIFE (Equipo de investigaci\u00f3n sobre Infancia, Familia y Educaci\u00f3n)&nbsp;se constituye como equipo de investigaci\u00f3n con el fin de comprender los aspectos psicosocioeducativos de la atenci\u00f3n a la primera infancia y sus familias; tanto en los contextos escolares, como en los contextos generados por otros tipos de servicios psicoeducativos. La constituci\u00f3n como equipo formalizado ayuda a [&hellip;]<\/p>\n","protected":false},"author":20,"featured_media":0,"parent":0,"menu_order":0,"comment_status":"closed","ping_status":"closed","template":"","meta":{"footnotes":""},"class_list":["post-170","page","type-page","status-publish","hentry"],"_links":{"self":[{"href":"https:\/\/webs.uab.cat\/erife\/es\/wp-json\/wp\/v2\/pages\/170","targetHints":{"allow":["GET"]}}],"collection":[{"href":"https:\/\/webs.uab.cat\/erife\/es\/wp-json\/wp\/v2\/pages"}],"about":[{"href":"https:\/\/webs.uab.cat\/erife\/es\/wp-json\/wp\/v2\/types\/page"}],"author":[{"embeddable":true,"href":"https:\/\/webs.uab.cat\/erife\/es\/wp-json\/wp\/v2\/users\/20"}],"replies":[{"embeddable":true,"href":"https:\/\/webs.uab.cat\/erife\/es\/wp-json\/wp\/v2\/comments?post=170"}],"version-history":[{"count":0,"href":"https:\/\/webs.uab.cat\/erife\/es\/wp-json\/wp\/v2\/pages\/170\/revisions"}],"wp:attachment":[{"href":"https:\/\/webs.uab.cat\/erife\/es\/wp-json\/wp\/v2\/media?parent=170"}],"curies":[{"name":"wp","href":"https:\/\/api.w.org\/{rel}","templated":true}]}}

<p><P>ERIFE (Equipo de investigación sobre Infancia, Familia y Educación)&nbsp;se constituye como equipo de investigación con el fin de comprender los aspectos psicosocioeducativos de la atención a la primera infancia y sus familias; tanto en los contextos escolares, como en los contextos generados por otros tipos de servicios psicoeducativos. La constitución como equipo formalizado ayuda a visibilizar la investigación en la universidad en este ámbito de conocimiento y también a acceder a participar en posibles convocatorias públicas o privadas de financiamiento y/o colaborar en recercas competitivas a nivel catalán, estatal e internacional.</P><br />
<DIV>&nbsp;</DIV></p>

<p>ERIFE (Equipo de investigación sobre Infancia, Familia y Educación)&nbsp;se constituye como equipo de investigación con el fin de comprender los aspectos psicosocioeducativos de la atención a la primera infancia y sus familias; tanto en los contextos escolares, como en los contextos generados por otros tipos de servicios psicoeducativos. La constitución como equipo formalizado ayuda a [&hellip;]</p>
