{"id":172,"date":"2009-05-25T13:20:37","date_gmt":"2009-05-25T11:20:37","guid":{"rendered":"https:\/\/webs.uab.cat\/erife\/investigacion\/"},"modified":"2010-01-21T13:44:51","modified_gmt":"2010-01-21T11:44:51","slug":"investigacion","status":"publish","type":"page","link":"https:\/\/webs.uab.cat\/erife\/es\/investigacion\/","title":{"rendered":"Investigaci\u00f3n"},"content":{"rendered":"<p>El grupo centra su investigaci\u00f3n en diferentes linias relacionadas con la ni\u00f1os y ni\u00f1as, familias y Espacios Familiares en el &nbsp;\u00e0mbito de la educaci\u00f3n.<\/p>\n<p>La investigaci\u00f3n actual se centra en:&nbsp;<\/p>\n<p>-El rol de los profesionales de los Espacios Familiares.&nbsp;<\/p>\n<p>Esta investigaci\u00f3n &nbsp;de \u00e1mbito internacional &nbsp;analiza los profesionales de serveicios de Italia, Pavia y Florencia, Baleares y Catalunya.<\/p>\n","protected":false},"excerpt":{"rendered":"<p>El grupo centra su investigaci\u00f3n en diferentes linias relacionadas con la ni\u00f1os y ni\u00f1as, familias y Espacios Familiares en el &nbsp;\u00e0mbito de la educaci\u00f3n. La investigaci\u00f3n actual se centra en:&nbsp; -El rol de los profesionales de los Espacios Familiares.&nbsp; Esta investigaci\u00f3n &nbsp;de \u00e1mbito internacional &nbsp;analiza los profesionales de serveicios de Italia, Pavia y Florencia, Baleares [&hellip;]<\/p>\n","protected":false},"author":20,"featured_media":0,"parent":0,"menu_order":0,"comment_status":"closed","ping_status":"closed","template":"","meta":{"footnotes":""},"class_list":["post-172","page","type-page","status-publish","hentry"],"_links":{"self":[{"href":"https:\/\/webs.uab.cat\/erife\/es\/wp-json\/wp\/v2\/pages\/172","targetHints":{"allow":["GET"]}}],"collection":[{"href":"https:\/\/webs.uab.cat\/erife\/es\/wp-json\/wp\/v2\/pages"}],"about":[{"href":"https:\/\/webs.uab.cat\/erife\/es\/wp-json\/wp\/v2\/types\/page"}],"author":[{"embeddable":true,"href":"https:\/\/webs.uab.cat\/erife\/es\/wp-json\/wp\/v2\/users\/20"}],"replies":[{"embeddable":true,"href":"https:\/\/webs.uab.cat\/erife\/es\/wp-json\/wp\/v2\/comments?post=172"}],"version-history":[{"count":0,"href":"https:\/\/webs.uab.cat\/erife\/es\/wp-json\/wp\/v2\/pages\/172\/revisions"}],"wp:attachment":[{"href":"https:\/\/webs.uab.cat\/erife\/es\/wp-json\/wp\/v2\/media?parent=172"}],"curies":[{"name":"wp","href":"https:\/\/api.w.org\/{rel}","templated":true}]}}

Investigación

<p>El grupo centra su investigación en diferentes linias relacionadas con la niños y niñas, familias y Espacios Familiares en el &nbsp;àmbito de la educación.</p>
<p>La investigación actual se centra en:&nbsp;</p>
<p>-El rol de los profesionales de los Espacios Familiares.&nbsp;</p>
<p>Esta investigación &nbsp;de ámbito internacional &nbsp;analiza los profesionales de serveicios de Italia, Pavia y Florencia, Baleares y Catalunya.</p>

<p>El grupo centra su investigación en diferentes linias relacionadas con la niños y niñas, familias y Espacios Familiares en el &nbsp;àmbito de la educación. La investigación actual se centra en:&nbsp; -El rol de los profesionales de los Espacios Familiares.&nbsp; Esta investigación &nbsp;de ámbito internacional &nbsp;analiza los profesionales de serveicios de Italia, Pavia y Florencia, Baleares [&hellip;]</p>
