{"id":154,"date":"2009-05-25T13:31:33","date_gmt":"2009-05-25T11:31:33","guid":{"rendered":"https:\/\/webs.uab.cat\/erife\/que-fem\/"},"modified":"2023-03-14T08:27:02","modified_gmt":"2023-03-14T06:27:02","slug":"que-fem","status":"publish","type":"page","link":"https:\/\/webs.uab.cat\/erife\/que-fem\/","title":{"rendered":"Qu\u00e8 fem?"},"content":{"rendered":"\n<h2 class=\"wp-block-heading\">ERIFE: Equip de Recerca sobre Inf\u00e0ncia, Fam\u00edlia i Educaci\u00f3<\/h2>\n\n\n\n<p><strong>Objectius de recerca que configuren la seva ra\u00f3 de ser<\/strong><\/p>\n\n\n\n<p>Els objectius d\u2019investigaci\u00f3 fan refer\u00e8ncia a l\u2019estudi i la comprensi\u00f3 de:<\/p>\n\n\n\n<ul class=\"wp-block-list\"><li>Les necessitats generades a les <strong>fam\u00edlies <\/strong>arran dels canvis socials i professionals. En aquest sentit s\u2019analitzaran <strong>estrat\u00e8gies<\/strong> per acompanyar els canvis en les estructures, din\u00e0miques i crian\u00e7a de les fam\u00edlies contempor\u00e0nies.<\/li><li>Els aspectes educatius del treball amb la<strong> primera inf\u00e0ncia <\/strong>i les seves fam\u00edlies tant en els <strong>contextos escolars <\/strong>com en els contextos generats per altres tipus de <strong>serveis psicosocioeducatius<\/strong>.<\/li><li>Les <strong>institucions <\/strong>que desenvolupen serveis i programes per a fam\u00edlies amb infants. En ocasions s\u2019oblida que els infants i les seves fam\u00edlies necessiten una <strong>xarxa que els aculli <\/strong>per facilitar-los el creixement en la crian\u00e7a. Els <strong>Espais Familiars <\/strong>o els <strong>grups de parentalitat\/crian\u00e7a <\/strong>s\u00f3n alguns exemples d\u2019aquests tipus de serveis i programes que malgrat la seva bona projecci\u00f3 i pres\u00e8ncia en el territori estan mancats de recerques que els avalin o els ajudin a progressar.<\/li><li>La inf\u00e0ncia en el marc de la seva fam\u00edlia. Observem una gran <strong>producci\u00f3 cient\u00edfica <\/strong>sobre l\u2019origen i l\u2019empremta que la fam\u00edlia deixa sobre els individus que la composen: la<strong> fam\u00edlia constitu\u00efda<\/strong>, per\u00f2 al mateix temps observem la necessitat d\u2019abordar l\u2019estudi de l\u2019empremta que deixa en les persones la fam\u00edlia que ells mateixos construeixen:<strong> la fam\u00edlia constituent<\/strong>.<\/li><li>La vinculaci\u00f3 entre la recerca i els <strong>continguts de les assignatures <\/strong>que alguns de nosaltres impartim com a professors universitaris. Aquesta vinculaci\u00f3 permetr\u00e0 <strong>millorar la formaci\u00f3 inicial i permanent dels mestres i professionals <\/strong>que es formem en el marc del Grau d\u2019Educaci\u00f3 Infantil, cursos de postgrau i mestratges.<\/li><li>Vincular els estudiants de la universitat en projectes d&#8217;aprenetatge i servei (ApS) per a millorar la pr\u00e0ctica educativa del Grau i la responsabilitat social amb els centres educatius.<\/li><\/ul>\n","protected":false},"excerpt":{"rendered":"<p>ERIFE: Equip de Recerca sobre Inf\u00e0ncia, Fam\u00edlia i Educaci\u00f3 Objectius de recerca que configuren la seva ra\u00f3 de ser Els objectius d\u2019investigaci\u00f3 fan refer\u00e8ncia a l\u2019estudi i la comprensi\u00f3 de: Les necessitats generades a les fam\u00edlies arran dels canvis socials i professionals. En aquest sentit s\u2019analitzaran estrat\u00e8gies per acompanyar els canvis en les estructures, din\u00e0miques [&hellip;]<\/p>\n","protected":false},"author":20,"featured_media":0,"parent":0,"menu_order":0,"comment_status":"closed","ping_status":"closed","template":"","meta":{"footnotes":""},"class_list":["post-154","page","type-page","status-publish","hentry"],"_links":{"self":[{"href":"https:\/\/webs.uab.cat\/erife\/wp-json\/wp\/v2\/pages\/154","targetHints":{"allow":["GET"]}}],"collection":[{"href":"https:\/\/webs.uab.cat\/erife\/wp-json\/wp\/v2\/pages"}],"about":[{"href":"https:\/\/webs.uab.cat\/erife\/wp-json\/wp\/v2\/types\/page"}],"author":[{"embeddable":true,"href":"https:\/\/webs.uab.cat\/erife\/wp-json\/wp\/v2\/users\/20"}],"replies":[{"embeddable":true,"href":"https:\/\/webs.uab.cat\/erife\/wp-json\/wp\/v2\/comments?post=154"}],"version-history":[{"count":1,"href":"https:\/\/webs.uab.cat\/erife\/wp-json\/wp\/v2\/pages\/154\/revisions"}],"predecessor-version":[{"id":613,"href":"https:\/\/webs.uab.cat\/erife\/wp-json\/wp\/v2\/pages\/154\/revisions\/613"}],"wp:attachment":[{"href":"https:\/\/webs.uab.cat\/erife\/wp-json\/wp\/v2\/media?parent=154"}],"curies":[{"name":"wp","href":"https:\/\/api.w.org\/{rel}","templated":true}]}}

Què fem?

<h2 class="wp-block-heading">ERIFE: Equip de Recerca sobre Infància, Família i Educació</h2>



<p><strong>Objectius de recerca que configuren la seva raó de ser</strong></p>



<p>Els objectius d’investigació fan referència a l’estudi i la comprensió de:</p>



<ul class="wp-block-list"><li>Les necessitats generades a les <strong>famílies </strong>arran dels canvis socials i professionals. En aquest sentit s’analitzaran <strong>estratègies</strong> per acompanyar els canvis en les estructures, dinàmiques i criança de les famílies contemporànies.</li><li>Els aspectes educatius del treball amb la<strong> primera infància </strong>i les seves famílies tant en els <strong>contextos escolars </strong>com en els contextos generats per altres tipus de <strong>serveis psicosocioeducatius</strong>.</li><li>Les <strong>institucions </strong>que desenvolupen serveis i programes per a famílies amb infants. En ocasions s’oblida que els infants i les seves famílies necessiten una <strong>xarxa que els aculli </strong>per facilitar-los el creixement en la criança. Els <strong>Espais Familiars </strong>o els <strong>grups de parentalitat/criança </strong>són alguns exemples d’aquests tipus de serveis i programes que malgrat la seva bona projecció i presència en el territori estan mancats de recerques que els avalin o els ajudin a progressar.</li><li>La infància en el marc de la seva família. Observem una gran <strong>producció científica </strong>sobre l’origen i l’empremta que la família deixa sobre els individus que la composen: la<strong> família constituïda</strong>, però al mateix temps observem la necessitat d’abordar l’estudi de l’empremta que deixa en les persones la família que ells mateixos construeixen:<strong> la família constituent</strong>.</li><li>La vinculació entre la recerca i els <strong>continguts de les assignatures </strong>que alguns de nosaltres impartim com a professors universitaris. Aquesta vinculació permetrà <strong>millorar la formació inicial i permanent dels mestres i professionals </strong>que es formem en el marc del Grau d’Educació Infantil, cursos de postgrau i mestratges.</li><li>Vincular els estudiants de la universitat en projectes d&#8217;aprenetatge i servei (ApS) per a millorar la pràctica educativa del Grau i la responsabilitat social amb els centres educatius.</li></ul>

<p>ERIFE: Equip de Recerca sobre Infància, Família i Educació Objectius de recerca que configuren la seva raó de ser Els objectius d’investigació fan referència a l’estudi i la comprensió de: Les necessitats generades a les famílies arran dels canvis socials i professionals. En aquest sentit s’analitzaran estratègies per acompanyar els canvis en les estructures, dinàmiques [&hellip;]</p>
