{"id":186,"date":"2014-02-02T19:54:30","date_gmt":"2014-02-02T17:54:30","guid":{"rendered":"https:\/\/webs.uab.cat\/erife\/silvia-blanch-gelabert-0\/"},"modified":"2014-02-02T19:54:30","modified_gmt":"2014-02-02T17:54:30","slug":"silvia-blanch-gelabert-0","status":"publish","type":"page","link":"https:\/\/webs.uab.cat\/erife\/silvia-blanch-gelabert-0\/","title":{"rendered":"S\u00edlvia Blanch Gelabert"},"content":{"rendered":"<p><strong><img loading=\"lazy\" decoding=\"async\" class=\" size-full wp-image-183\" alt=\"\" height=\"293\" src=\"https:\/\/webs.uab.cat\/erife\/wp-content\/uploads\/sites\/388\/2014\/02\/SBlanch.jpg\" style=\"float:left\" width=\"245\" \/><\/strong><\/p>\n<p><strong>&nbsp;<\/strong><\/p>\n<p>&nbsp;<\/p>\n<p><strong>S\u00edlvia Blanch Gelabert <\/strong><\/p>\n<p>Doctora en Psicologia. Actualment professora del Departament de Psicologia B\u00e0sica, Evolutiva i de l\u2019Educaci\u00f3 de la facultat de Ci\u00e8ncies de l\u2019Educaci\u00f3 de la&nbsp; Universitat Aut\u00f2noma de Barcelona. Psic\u00f2loga al gabinet d\u2019 assessorament psicopedag\u00f2gic. Membre del <em>grup d\u2019infantil de l\u2019ICE<\/em> de la UAB, del grup <em>Tot fam\u00edlia, GRAI i SINTE<\/em>. Ha fet formaci\u00f3 de professorat sobre&nbsp; fam\u00edlies, espais familiars, treball en xarxa i aprenentatge cooperatiu. &nbsp;<\/p>\n<p>silvia.blanch@uab.cat<\/p>\n","protected":false},"excerpt":{"rendered":"<p>&nbsp; &nbsp; S\u00edlvia Blanch Gelabert Doctora en Psicologia. Actualment professora del Departament de Psicologia B\u00e0sica, Evolutiva i de l\u2019Educaci\u00f3 de la facultat de Ci\u00e8ncies de l\u2019Educaci\u00f3 de la&nbsp; Universitat Aut\u00f2noma de Barcelona. Psic\u00f2loga al gabinet d\u2019 assessorament psicopedag\u00f2gic. Membre del grup d\u2019infantil de l\u2019ICE de la UAB, del grup Tot fam\u00edlia, GRAI i SINTE. Ha [&hellip;]<\/p>\n","protected":false},"author":20,"featured_media":183,"parent":0,"menu_order":0,"comment_status":"closed","ping_status":"closed","template":"","meta":{"footnotes":""},"class_list":["post-186","page","type-page","status-publish","has-post-thumbnail","hentry"],"_links":{"self":[{"href":"https:\/\/webs.uab.cat\/erife\/wp-json\/wp\/v2\/pages\/186","targetHints":{"allow":["GET"]}}],"collection":[{"href":"https:\/\/webs.uab.cat\/erife\/wp-json\/wp\/v2\/pages"}],"about":[{"href":"https:\/\/webs.uab.cat\/erife\/wp-json\/wp\/v2\/types\/page"}],"author":[{"embeddable":true,"href":"https:\/\/webs.uab.cat\/erife\/wp-json\/wp\/v2\/users\/20"}],"replies":[{"embeddable":true,"href":"https:\/\/webs.uab.cat\/erife\/wp-json\/wp\/v2\/comments?post=186"}],"version-history":[{"count":0,"href":"https:\/\/webs.uab.cat\/erife\/wp-json\/wp\/v2\/pages\/186\/revisions"}],"wp:featuredmedia":[{"embeddable":true,"href":"https:\/\/webs.uab.cat\/erife\/wp-json\/wp\/v2\/media\/183"}],"wp:attachment":[{"href":"https:\/\/webs.uab.cat\/erife\/wp-json\/wp\/v2\/media?parent=186"}],"curies":[{"name":"wp","href":"https:\/\/api.w.org\/{rel}","templated":true}]}}

Sílvia Blanch Gelabert

<p><strong><img loading="lazy" decoding="async" class=" size-full wp-image-183" alt="" height="293" src="https://webs.uab.cat/erife/wp-content/uploads/sites/388/2014/02/SBlanch.jpg" style="float:left" width="245" /></strong></p>
<p><strong>&nbsp;</strong></p>
<p>&nbsp;</p>
<p><strong>Sílvia Blanch Gelabert </strong></p>
<p>Doctora en Psicologia. Actualment professora del Departament de Psicologia Bàsica, Evolutiva i de l’Educació de la facultat de Ciències de l’Educació de la&nbsp; Universitat Autònoma de Barcelona. Psicòloga al gabinet d’ assessorament psicopedagògic. Membre del <em>grup d’infantil de l’ICE</em> de la UAB, del grup <em>Tot família, GRAI i SINTE</em>. Ha fet formació de professorat sobre&nbsp; famílies, espais familiars, treball en xarxa i aprenentatge cooperatiu. &nbsp;</p>
<p>silvia.blanch@uab.cat</p>

<p>&nbsp; &nbsp; Sílvia Blanch Gelabert Doctora en Psicologia. Actualment professora del Departament de Psicologia Bàsica, Evolutiva i de l’Educació de la facultat de Ciències de l’Educació de la&nbsp; Universitat Autònoma de Barcelona. Psicòloga al gabinet d’ assessorament psicopedagògic. Membre del grup d’infantil de l’ICE de la UAB, del grup Tot família, GRAI i SINTE. Ha [&hellip;]</p>
