{"id":240,"date":"2014-10-30T17:05:54","date_gmt":"2014-10-30T15:05:54","guid":{"rendered":"https:\/\/webs.uab.cat\/erife\/revistes\/"},"modified":"2023-03-14T08:36:13","modified_gmt":"2023-03-14T06:36:13","slug":"revistes","status":"publish","type":"page","link":"https:\/\/webs.uab.cat\/erife\/revistes\/","title":{"rendered":"Revistes"},"content":{"rendered":"\n<p><strong>La revista degana de l\u2019Educaci\u00f3 Infantil<\/strong>: al nostre territori editada per l\u2019Associaci\u00f3 de Mestres \u201cRosa Sensat\u201d. Hi ha una edici\u00f3n en catal\u00e0, una altra en espanyol amb uns altres continguts i una altra en catal\u00e0 i en espanyol amb continguts de car\u00e1cter europeu. Darrerament hi ha una quarta edici\u00f3n amb continguts llatinoamericans editada en espanyol i brasiler.<\/p>\n\n\n\n<p><a href=\"http:\/\/www.revistainfancia.org\/\">http:\/\/www.revistainfancia.org\/<\/a><\/p>\n\n\n\n<p><strong>La revista especialitzada en l\u2019etapa d\u2019Educaci\u00f3 Infantil que l\u2019editorial Gra\u00f3 fa en llengua catalana<\/strong>. Amb la marca gen\u00e8rica de GRA\u00d3 s\u2019engloba l\u2019activitat que, des de l\u2019any 1977, duu a terme un col\u2022lectiu de professionals de l\u2019educaci\u00f3 amb l\u2019objectiu de participar en la millora de la qualitat de l\u2019ensenyament. Actualment, aquesta activitat es realitza a trav\u00e9s de l\u2019Institut de Recursos i Investigaci\u00f3 per a la Formaci\u00f3 (IRIF). Aquest projecte editorial va n\u00e9ixer amb la vocaci\u00f3 de ser una plataforma d\u2019intercanvi del professorat on conflu\u00efssin aquelles tend\u00e8ncies susceptibles de millorar la pr\u00e0ctica educativa. L\u2019objectiu principal de GRA\u00d3 \u00e9s el de contribuir a la formaci\u00f3 inicial i permanent del professorat i d\u2019altres educadors i educadores, individualment o a trav\u00e9s de les institucions de les quals formen part<\/p>\n\n\n\n<p><a href=\"http:\/\/guixinfantil.grao.com\/\">http:\/\/guixinfantil.grao.com\/<\/a><\/p>\n\n\n\n<p><strong>EECERAJ<\/strong> (European Early Chilhood Education Association Journal). Revista de l&#8217;associaci\u00f3 Europea de recerca sobre la primera inf\u00e0ncia.<\/p>\n\n\n\n<figure class=\"wp-block-embed\"><div class=\"wp-block-embed__wrapper\">\nhttps:\/\/www.tandfonline.com\/toc\/recr20\/current\n<\/div><\/figure>\n\n\n\n<p><strong><strong>La revista<\/strong><\/strong><strong> viure en fam\u00edlia<strong><strong>:<\/strong><\/strong><\/strong> pret\u00e9n proporcionar informaci\u00f3 \u00fatil i de qualitat sobre tot all\u00f2 que interessa a les fam\u00edlies i a tothom qui viu amb nens i nenes de qualsevol edat, des de l&#8217;embar\u00e0s fins als 8 anys aproximadament: salut, alimentaci\u00f3, educaci\u00f3, psicologia, lleure, cultura. Tamb\u00e9 promoure una crian\u00e7a respectuosa amb els ritmes propis i necessitats f\u00edsiques, psicol\u00f2giques i educatives dels nens i nenes. Finalment proporcionar idees i recursos per redescobrir la vida saludable, natural i solid\u00e0ria, aprofitant l&#8217;experi\u00e8ncia de viure amb nens i nenes<\/p>\n\n\n\n<p><a href=\"http:\/\/viureenfamilia.grao.com\/\">http:\/\/viureenfamilia.grao.com\/<\/a><\/p>\n","protected":false},"excerpt":{"rendered":"<p>La revista degana de l\u2019Educaci\u00f3 Infantil: al nostre territori editada per l\u2019Associaci\u00f3 de Mestres \u201cRosa Sensat\u201d. Hi ha una edici\u00f3n en catal\u00e0, una altra en espanyol amb uns altres continguts i una altra en catal\u00e0 i en espanyol amb continguts de car\u00e1cter europeu. Darrerament hi ha una quarta edici\u00f3n amb continguts llatinoamericans editada en espanyol [&hellip;]<\/p>\n","protected":false},"author":20,"featured_media":0,"parent":0,"menu_order":0,"comment_status":"closed","ping_status":"closed","template":"","meta":{"footnotes":""},"class_list":["post-240","page","type-page","status-publish","hentry"],"_links":{"self":[{"href":"https:\/\/webs.uab.cat\/erife\/wp-json\/wp\/v2\/pages\/240","targetHints":{"allow":["GET"]}}],"collection":[{"href":"https:\/\/webs.uab.cat\/erife\/wp-json\/wp\/v2\/pages"}],"about":[{"href":"https:\/\/webs.uab.cat\/erife\/wp-json\/wp\/v2\/types\/page"}],"author":[{"embeddable":true,"href":"https:\/\/webs.uab.cat\/erife\/wp-json\/wp\/v2\/users\/20"}],"replies":[{"embeddable":true,"href":"https:\/\/webs.uab.cat\/erife\/wp-json\/wp\/v2\/comments?post=240"}],"version-history":[{"count":1,"href":"https:\/\/webs.uab.cat\/erife\/wp-json\/wp\/v2\/pages\/240\/revisions"}],"predecessor-version":[{"id":624,"href":"https:\/\/webs.uab.cat\/erife\/wp-json\/wp\/v2\/pages\/240\/revisions\/624"}],"wp:attachment":[{"href":"https:\/\/webs.uab.cat\/erife\/wp-json\/wp\/v2\/media?parent=240"}],"curies":[{"name":"wp","href":"https:\/\/api.w.org\/{rel}","templated":true}]}}