{"id":21,"date":"2024-11-05T14:29:45","date_gmt":"2024-11-05T12:29:45","guid":{"rendered":"https:\/\/webs.uab.cat\/esarts2025\/?page_id=21"},"modified":"2025-07-24T20:00:58","modified_gmt":"2025-07-24T18:00:58","slug":"general-information","status":"publish","type":"page","link":"https:\/\/webs.uab.cat\/esarts2025\/general-information\/","title":{"rendered":"GENERAL INFORMATION"},"content":{"rendered":"\n<h2 class=\"wp-block-heading has-verd-tropic-color has-text-color has-link-color has-normal-font-size wp-elements-2574c267ca742033dac4990476952e25\"><strong>IMPORTANT DATES<\/strong><\/h2>\n\n\n\n<ul class=\"wp-block-list\">\n<li class=\"has-small-font-size\"><strong>Registration opens<\/strong>: April 1, 2025<\/li>\n\n\n\n<li class=\"has-small-font-size\"><strong>Early Bird deadline<\/strong>: June 1, 2025<\/li>\n\n\n\n<li class=\"has-small-font-size\"><strong>Final registration deadline<\/strong>: July 15, 2025<\/li>\n\n\n\n<li class=\"has-small-font-size\"><strong>Conference dates<\/strong>: September 8\u20139, 2025<\/li>\n\n\n\n<li class=\"has-small-font-size\"><strong>Optional social visit<\/strong>: September 10, 2025 \u2013 Fundaci\u00f3 Joan Mir\u00f3 (registration required)<\/li>\n<\/ul>\n\n\n\n<h2 class=\"wp-block-heading has-verd-tropic-color has-text-color has-link-color has-normal-font-size wp-elements-e548d24497a72b310ac20b630f056331\"><br><strong>REGISTRATION &amp; FEES<\/strong><\/h2>\n\n\n\n<p class=\"has-small-font-size\">All participants (presenters, chairs, discussants, roundtable members, board members, etc.) must register via the official form.<br>See below the registration categories and fees<\/p>\n\n\n\n<figure class=\"wp-block-image size-full is-resized\"><img loading=\"lazy\" decoding=\"async\" width=\"1200\" height=\"400\" src=\"https:\/\/webs.uab.cat\/esarts2025\/wp-content\/uploads\/sites\/599\/2025\/05\/Diseno-sin-titulo-9.png\" alt=\"\" class=\"wp-image-277\" style=\"width:700px;height:auto\" srcset=\"https:\/\/webs.uab.cat\/esarts2025\/wp-content\/uploads\/sites\/599\/2025\/05\/Diseno-sin-titulo-9.png 1200w, https:\/\/webs.uab.cat\/esarts2025\/wp-content\/uploads\/sites\/599\/2025\/05\/Diseno-sin-titulo-9-300x100.png 300w, https:\/\/webs.uab.cat\/esarts2025\/wp-content\/uploads\/sites\/599\/2025\/05\/Diseno-sin-titulo-9-1024x341.png 1024w, https:\/\/webs.uab.cat\/esarts2025\/wp-content\/uploads\/sites\/599\/2025\/05\/Diseno-sin-titulo-9-768x256.png 768w\" sizes=\"auto, (max-width: 1200px) 100vw, 1200px\" \/><\/figure>\n\n\n\n<blockquote class=\"wp-block-quote is-layout-flow wp-block-quote-is-layout-flow\">\n<p class=\"has-negre-eben-color has-text-color has-link-color wp-elements-b0cc984335705fe2712513673d857729\"><\/p>\n<\/blockquote>\n\n\n\n<h2 class=\"wp-block-heading has-verd-tropic-color has-text-color has-link-color has-normal-font-size wp-elements-17d703d00802688569ad2cd79b3a8816\"><strong>CONFERENCE VENUES<\/strong><\/h2>\n\n\n\n<p class=\"has-small-font-size\">The 13th Midterm Conference of the European Sociological Association (ESA) \u2013 Research Network Sociology of the Arts \u2013 will take place in three key locations in and around Barcelona:<\/p>\n\n\n\n<ul class=\"wp-block-list\">\n<li class=\"has-small-font-size\">The Universitat Aut\u00f2noma de Barcelona (UAB), in Bellaterra (Cerdanyola del Vall\u00e8s)<\/li>\n\n\n\n<li class=\"has-small-font-size\">The SGAE Headquarters, in the heart of Barcelona<\/li>\n\n\n\n<li class=\"has-small-font-size\">The Fundaci\u00f3 Joan Mir\u00f3, on Montju\u00efc hill with panoramic city views<\/li>\n<\/ul>\n\n\n\n<p class=\"has-small-font-size\">These venues bring together academic, cultural and artistic environments, reflecting the interdisciplinary nature of the conference.<\/p>\n\n\n\n<blockquote class=\"wp-block-quote is-layout-flow wp-block-quote-is-layout-flow\">\n<p class=\"has-small-font-size\">\ud83d\udc49 <strong>For full details, visit the <a href=\"https:\/\/webs.uab.cat\/esarts2025\/venue\/\">VENUE <\/a>page.<\/strong><\/p>\n<\/blockquote>\n\n\n\n<h2 class=\"wp-block-heading has-verd-tropic-color has-text-color has-link-color has-normal-font-size wp-elements-480f788dd8bfc14b5419677dc879f6e2\"><strong>HOW TO GET TO UAB<\/strong><\/h2>\n\n\n\n<p class=\"has-small-font-size\">The UAB campus is located approximately 30 km from Barcelona city centre, in a natural area with green spaces and excellent infrastructure. It is well connected by train and road, making it easily accessible for all participants.<\/p>\n\n\n\n<div class=\"wp-block-columns is-layout-flex wp-container-core-columns-is-layout-9d6595d7 wp-block-columns-is-layout-flex\">\n<div class=\"wp-block-column is-layout-flow wp-block-column-is-layout-flow\"><div class=\"wp-block-image\">\n<figure class=\"aligncenter size-full is-resized\"><img loading=\"lazy\" decoding=\"async\" width=\"66\" height=\"66\" src=\"https:\/\/webs.uab.cat\/esarts2025\/wp-content\/uploads\/sites\/599\/2025\/05\/Diseno-sin-titulo-5.png\" alt=\"\" class=\"wp-image-263\" style=\"width:68px;height:auto\" \/><\/figure>\n<\/div>\n\n\n<p class=\"has-text-align-center has-verd-tropic-color has-text-color has-link-color wp-elements-1621b7a2c5a0aa251824806da9407b90\"><strong>By Train<\/strong><\/p>\n\n\n\n<p class=\"has-text-align-center has-small-font-size\">\u200b<strong>Ferrocarrils de la Generalitat de Catalunya (FGC)<\/strong><\/p>\n\n\n\n<p class=\"has-text-align-center has-small-font-size\"><strong>\u200b<\/strong>Line S2 Barcelona-Sabadell and line S6 Barcelona &#8211; Universitat Aut\u00f2noma.<\/p>\n\n\n\n<p class=\"has-text-align-center has-small-font-size\">Stop: Universitat Aut\u00f2noma Station<\/p>\n\n\n\n<p class=\"has-text-align-center has-small-font-size\">Timetables: <a href=\"https:\/\/www.fgc.cat\/en\/fgc-network\/l-barcelona-valles\/\">FGC website<\/a>&nbsp;<\/p>\n<\/div>\n\n\n\n<div class=\"wp-block-column is-layout-flow wp-block-column-is-layout-flow\"><div class=\"wp-block-image\">\n<figure class=\"aligncenter\"><img decoding=\"async\" src=\"https:\/\/static.wixstatic.com\/media\/f347a0_1f168d893786416fbbe3bbd297dbc20c~mv2.png\/v1\/fill\/w_66,h_66,al_c,q_85,usm_0.66_1.00_0.01,enc_auto\/Rodalies.png\" alt=\"Rodalies.png\" \/><\/figure>\n<\/div>\n\n\n<p class=\"has-text-align-center has-verd-tropic-color has-text-color has-link-color wp-elements-1621b7a2c5a0aa251824806da9407b90\"><strong>By Train<\/strong><\/p>\n\n\n\n<p class=\"has-text-align-center has-small-font-size\"><strong>RENFE<\/strong><\/p>\n\n\n\n<p class=\"has-text-align-center has-small-font-size\">Line R7 (Sant Andreu Arenal \u2013 Cerdanyola Universitat) and Line R8 (Martorell \u2013 Granollers).<\/p>\n\n\n\n<p class=\"has-text-align-center has-small-font-size\">Station is outside the campus but connected via bus<\/p>\n\n\n\n<p class=\"has-text-align-center has-small-font-size\">Timetables: <a href=\"http:\/\/www.renfe.es\">RENFE website<\/a><\/p>\n<\/div>\n\n\n\n<div class=\"wp-block-column is-layout-flow wp-block-column-is-layout-flow\"><div class=\"wp-block-image\">\n<figure class=\"aligncenter size-full\"><img loading=\"lazy\" decoding=\"async\" width=\"66\" height=\"66\" src=\"https:\/\/webs.uab.cat\/esarts2025\/wp-content\/uploads\/sites\/599\/2025\/05\/Diseno-sin-titulo-6.png\" alt=\"\" class=\"wp-image-264\" \/><\/figure>\n<\/div>\n\n\n<p class=\"has-text-align-center has-verd-tropic-color has-text-color has-link-color wp-elements-0adcb3762dc5af71ede38847a3c420e1\"><strong>Private vehicle<\/strong><\/p>\n\n\n\n<p class=\"has-text-align-center has-small-font-size\">Access by the AP7 motorway (from Tarragona\/Lleida or Girona\/Barcelona) or the C-58 (from Barcelona, Sabadell, Terrassa).<\/p>\n\n\n\n<p class=\"has-text-align-center has-small-font-size\">And other accesses to secondary roads that connect the municipalities closest to the UAB campus. &nbsp;<\/p>\n<\/div>\n<\/div>\n\n\n\n<h2 class=\"wp-block-heading has-verd-tropic-color has-text-color has-link-color has-normal-font-size wp-elements-b1751fa09bebd96910def506f5e6ac59\"><strong>ACCOMMODATION<\/strong><\/h2>\n\n\n\n<p class=\"has-small-font-size\">Please note that <strong>the organisation does not provide accommodation or travel grants<\/strong>. However, we recommend booking early, as Barcelona is a very popular destination in early September.<\/p>\n\n\n\n<p class=\"has-small-font-size\">There is <strong>one hotel located directly on the UAB Campus<\/strong>, which offers the most convenient access to the main conference venue:<\/p>\n\n\n\n<div class=\"wp-block-columns is-layout-flex wp-container-core-columns-is-layout-9d6595d7 wp-block-columns-is-layout-flex\">\n<div class=\"wp-block-column is-layout-flow wp-block-column-is-layout-flow\" style=\"flex-basis:33.33%\">\n<h2 class=\"wp-block-heading has-verd-tropic-color has-text-color has-link-color has-normal-font-size wp-elements-b5e0dd3e188bf82bee633035e7c28a26\"><strong>Hotel Exe Campus<\/strong><\/h2>\n\n\n\n<p class=\"has-small-font-size\"><em>Campus de la UAB, Cerdanyola del Vall\u00e8s<\/em><\/p>\n\n\n\n<p class=\"has-small-font-size\"><a href=\"https:\/\/www.exehotels.com\/exe-campus.html\"><em>Website<\/em><\/a><\/p>\n<\/div>\n\n\n\n<div class=\"wp-block-column is-layout-flow wp-block-column-is-layout-flow\" style=\"flex-basis:66.66%\"><div class=\"wp-block-image\">\n<figure class=\"aligncenter size-full is-resized\"><a href=\"https:\/\/www.exehotels.com\/exe-campus.html\"><img loading=\"lazy\" decoding=\"async\" width=\"300\" height=\"100\" src=\"https:\/\/webs.uab.cat\/esarts2025\/wp-content\/uploads\/sites\/599\/2025\/05\/Diseno-sin-titulo-7.png\" alt=\"\" class=\"wp-image-272\" style=\"width:443px;height:auto\" \/><\/a><\/figure>\n<\/div><\/div>\n<\/div>\n\n\n\n<p class=\"has-small-font-size\">Staying at this hotel facilitates participation in the conference activities held at the UAB.<br>Please take into account, however, that both the <strong>Evening Reception<\/strong> and the <strong>Social Dinner<\/strong> will take place in <strong>Barcelona city<\/strong>. The last train from central Barcelona to the UAB campus <strong>departs around midnight (00:00 h)<\/strong>. We encourage you to plan your evenings accordingly if you choose to stay on campus.<\/p>\n\n\n\n<p><\/p>\n\n\n\n<h2 class=\"wp-block-heading has-verd-tropic-color has-text-color has-link-color has-normal-font-size wp-elements-31ce22463c71a3b27ac496cb7a67dc72\"><br><strong>ADDITIONAL PRACTICAL INFO<\/strong><\/h2>\n\n\n\n<ul class=\"wp-block-list\">\n<li class=\"has-verd-tropic-color has-text-color has-link-color has-normal-font-size wp-elements-ed1952af6ac12e87caa778e30798aa18\"><strong>ABSTRACTS &amp; PROGRAMME<\/strong><\/li>\n<\/ul>\n\n\n\n<p class=\"has-small-font-size\">Accepted papers will be listed in the conference program and included in the <strong>Abstract Book<\/strong>,<\/p>\n\n\n\n<p class=\"has-small-font-size\">\ud83d\udcccPlease note:<\/p>\n\n\n\n<ul class=\"wp-block-list\">\n<li class=\"has-small-font-size\">At least one author per paper must register.<\/li>\n\n\n\n<li class=\"has-small-font-size\">Co-authors who wish to attend must also register.<\/li>\n\n\n\n<li class=\"has-small-font-size\">If a presenter is absent, the first author listed under &#8220;distributed papers&#8221; may be invited to present.<\/li>\n<\/ul>\n\n\n\n<ul class=\"wp-block-list\">\n<li class=\"has-verd-tropic-color has-text-color has-link-color has-normal-font-size wp-elements-d9b3b341e1e45600064c48800a8ba0c8\"><strong>ADDITIONAL NOTES<\/strong><br><\/li>\n\n\n\n<li class=\"has-small-font-size\">The conference organisers <strong>do not cover travel or accommodation expenses<\/strong>.<\/li>\n\n\n\n<li class=\"has-small-font-size\">We encourage participants to use <strong>sustainable transport<\/strong> whenever possible.<\/li>\n\n\n\n<li class=\"has-small-font-size\">Weather in Barcelona in early September is usually warm (25\u201330\u00baC), so dress comfortably.<\/li>\n<\/ul>\n\n\n\n<ul class=\"wp-block-list\">\n<li class=\"has-verd-tropic-color has-text-color has-link-color has-normal-font-size wp-elements-3be72ca4b6f475b8f85ed5dafa0e8ec4\"><strong>CONTACT<\/strong><\/li>\n<\/ul>\n\n\n\n<p class=\"has-small-font-size\">For any inquiries, please contact the organising team:<br>\ud83d\udce9 <strong><a class=\"\">cg.esarts2025@uab.cat<\/a><\/strong><\/p>\n","protected":false},"excerpt":{"rendered":"<p>IMPORTANT DATES REGISTRATION &amp; FEES All participants (presenters, chairs, discussants, roundtable members, board members, etc.) must register via the official form.See below the registration categories and fees CONFERENCE VENUES The 13th Midterm Conference of the European Sociological Association (ESA) \u2013 Research Network Sociology of the Arts \u2013 will take place in three key locations in [&hellip;]<\/p>\n","protected":false},"author":2648,"featured_media":0,"parent":0,"menu_order":7,"comment_status":"closed","ping_status":"closed","template":"","meta":{"footnotes":""},"class_list":["post-21","page","type-page","status-publish","hentry"],"_links":{"self":[{"href":"https:\/\/webs.uab.cat\/esarts2025\/wp-json\/wp\/v2\/pages\/21","targetHints":{"allow":["GET"]}}],"collection":[{"href":"https:\/\/webs.uab.cat\/esarts2025\/wp-json\/wp\/v2\/pages"}],"about":[{"href":"https:\/\/webs.uab.cat\/esarts2025\/wp-json\/wp\/v2\/types\/page"}],"author":[{"embeddable":true,"href":"https:\/\/webs.uab.cat\/esarts2025\/wp-json\/wp\/v2\/users\/2648"}],"replies":[{"embeddable":true,"href":"https:\/\/webs.uab.cat\/esarts2025\/wp-json\/wp\/v2\/comments?post=21"}],"version-history":[{"count":21,"href":"https:\/\/webs.uab.cat\/esarts2025\/wp-json\/wp\/v2\/pages\/21\/revisions"}],"predecessor-version":[{"id":402,"href":"https:\/\/webs.uab.cat\/esarts2025\/wp-json\/wp\/v2\/pages\/21\/revisions\/402"}],"wp:attachment":[{"href":"https:\/\/webs.uab.cat\/esarts2025\/wp-json\/wp\/v2\/media?parent=21"}],"curies":[{"name":"wp","href":"https:\/\/api.w.org\/{rel}","templated":true}]}}

<h2 class="wp-block-heading has-verd-tropic-color has-text-color has-link-color has-normal-font-size wp-elements-2574c267ca742033dac4990476952e25"><strong>IMPORTANT DATES</strong></h2>



<ul class="wp-block-list">
<li class="has-small-font-size"><strong>Registration opens</strong>: April 1, 2025</li>



<li class="has-small-font-size"><strong>Early Bird deadline</strong>: June 1, 2025</li>



<li class="has-small-font-size"><strong>Final registration deadline</strong>: July 15, 2025</li>



<li class="has-small-font-size"><strong>Conference dates</strong>: September 8–9, 2025</li>



<li class="has-small-font-size"><strong>Optional social visit</strong>: September 10, 2025 – Fundació Joan Miró (registration required)</li>
</ul>



<h2 class="wp-block-heading has-verd-tropic-color has-text-color has-link-color has-normal-font-size wp-elements-e548d24497a72b310ac20b630f056331"><br><strong>REGISTRATION &amp; FEES</strong></h2>



<p class="has-small-font-size">All participants (presenters, chairs, discussants, roundtable members, board members, etc.) must register via the official form.<br>See below the registration categories and fees</p>



<figure class="wp-block-image size-full is-resized"><img loading="lazy" decoding="async" width="1200" height="400" src="https://webs.uab.cat/esarts2025/wp-content/uploads/sites/599/2025/05/Diseno-sin-titulo-9.png" alt="" class="wp-image-277" style="width:700px;height:auto" srcset="https://webs.uab.cat/esarts2025/wp-content/uploads/sites/599/2025/05/Diseno-sin-titulo-9.png 1200w, https://webs.uab.cat/esarts2025/wp-content/uploads/sites/599/2025/05/Diseno-sin-titulo-9-300x100.png 300w, https://webs.uab.cat/esarts2025/wp-content/uploads/sites/599/2025/05/Diseno-sin-titulo-9-1024x341.png 1024w, https://webs.uab.cat/esarts2025/wp-content/uploads/sites/599/2025/05/Diseno-sin-titulo-9-768x256.png 768w" sizes="auto, (max-width: 1200px) 100vw, 1200px" /></figure>



<blockquote class="wp-block-quote is-layout-flow wp-block-quote-is-layout-flow">
<p class="has-negre-eben-color has-text-color has-link-color wp-elements-b0cc984335705fe2712513673d857729"></p>
</blockquote>



<h2 class="wp-block-heading has-verd-tropic-color has-text-color has-link-color has-normal-font-size wp-elements-17d703d00802688569ad2cd79b3a8816"><strong>CONFERENCE VENUES</strong></h2>



<p class="has-small-font-size">The 13th Midterm Conference of the European Sociological Association (ESA) – Research Network Sociology of the Arts – will take place in three key locations in and around Barcelona:</p>



<ul class="wp-block-list">
<li class="has-small-font-size">The Universitat Autònoma de Barcelona (UAB), in Bellaterra (Cerdanyola del Vallès)</li>



<li class="has-small-font-size">The SGAE Headquarters, in the heart of Barcelona</li>



<li class="has-small-font-size">The Fundació Joan Miró, on Montjuïc hill with panoramic city views</li>
</ul>



<p class="has-small-font-size">These venues bring together academic, cultural and artistic environments, reflecting the interdisciplinary nature of the conference.</p>



<blockquote class="wp-block-quote is-layout-flow wp-block-quote-is-layout-flow">
<p class="has-small-font-size">👉 <strong>For full details, visit the <a href="https://webs.uab.cat/esarts2025/venue/">VENUE </a>page.</strong></p>
</blockquote>



<h2 class="wp-block-heading has-verd-tropic-color has-text-color has-link-color has-normal-font-size wp-elements-480f788dd8bfc14b5419677dc879f6e2"><strong>HOW TO GET TO UAB</strong></h2>



<p class="has-small-font-size">The UAB campus is located approximately 30 km from Barcelona city centre, in a natural area with green spaces and excellent infrastructure. It is well connected by train and road, making it easily accessible for all participants.</p>



<div class="wp-block-columns is-layout-flex wp-container-core-columns-is-layout-9d6595d7 wp-block-columns-is-layout-flex">
<div class="wp-block-column is-layout-flow wp-block-column-is-layout-flow"><div class="wp-block-image">
<figure class="aligncenter size-full is-resized"><img loading="lazy" decoding="async" width="66" height="66" src="https://webs.uab.cat/esarts2025/wp-content/uploads/sites/599/2025/05/Diseno-sin-titulo-5.png" alt="" class="wp-image-263" style="width:68px;height:auto" /></figure>
</div>


<p class="has-text-align-center has-verd-tropic-color has-text-color has-link-color wp-elements-1621b7a2c5a0aa251824806da9407b90"><strong>By Train</strong></p>



<p class="has-text-align-center has-small-font-size">​<strong>Ferrocarrils de la Generalitat de Catalunya (FGC)</strong></p>



<p class="has-text-align-center has-small-font-size"><strong>​</strong>Line S2 Barcelona-Sabadell and line S6 Barcelona &#8211; Universitat Autònoma.</p>



<p class="has-text-align-center has-small-font-size">Stop: Universitat Autònoma Station</p>



<p class="has-text-align-center has-small-font-size">Timetables: <a href="https://www.fgc.cat/en/fgc-network/l-barcelona-valles/">FGC website</a>&nbsp;</p>
</div>



<div class="wp-block-column is-layout-flow wp-block-column-is-layout-flow"><div class="wp-block-image">
<figure class="aligncenter"><img decoding="async" src="https://static.wixstatic.com/media/f347a0_1f168d893786416fbbe3bbd297dbc20c~mv2.png/v1/fill/w_66,h_66,al_c,q_85,usm_0.66_1.00_0.01,enc_auto/Rodalies.png" alt="Rodalies.png" /></figure>
</div>


<p class="has-text-align-center has-verd-tropic-color has-text-color has-link-color wp-elements-1621b7a2c5a0aa251824806da9407b90"><strong>By Train</strong></p>



<p class="has-text-align-center has-small-font-size"><strong>RENFE</strong></p>



<p class="has-text-align-center has-small-font-size">Line R7 (Sant Andreu Arenal – Cerdanyola Universitat) and Line R8 (Martorell – Granollers).</p>



<p class="has-text-align-center has-small-font-size">Station is outside the campus but connected via bus</p>



<p class="has-text-align-center has-small-font-size">Timetables: <a href="http://www.renfe.es">RENFE website</a></p>
</div>



<div class="wp-block-column is-layout-flow wp-block-column-is-layout-flow"><div class="wp-block-image">
<figure class="aligncenter size-full"><img loading="lazy" decoding="async" width="66" height="66" src="https://webs.uab.cat/esarts2025/wp-content/uploads/sites/599/2025/05/Diseno-sin-titulo-6.png" alt="" class="wp-image-264" /></figure>
</div>


<p class="has-text-align-center has-verd-tropic-color has-text-color has-link-color wp-elements-0adcb3762dc5af71ede38847a3c420e1"><strong>Private vehicle</strong></p>



<p class="has-text-align-center has-small-font-size">Access by the AP7 motorway (from Tarragona/Lleida or Girona/Barcelona) or the C-58 (from Barcelona, Sabadell, Terrassa).</p>



<p class="has-text-align-center has-small-font-size">And other accesses to secondary roads that connect the municipalities closest to the UAB campus. &nbsp;</p>
</div>
</div>



<h2 class="wp-block-heading has-verd-tropic-color has-text-color has-link-color has-normal-font-size wp-elements-b1751fa09bebd96910def506f5e6ac59"><strong>ACCOMMODATION</strong></h2>



<p class="has-small-font-size">Please note that <strong>the organisation does not provide accommodation or travel grants</strong>. However, we recommend booking early, as Barcelona is a very popular destination in early September.</p>



<p class="has-small-font-size">There is <strong>one hotel located directly on the UAB Campus</strong>, which offers the most convenient access to the main conference venue:</p>



<div class="wp-block-columns is-layout-flex wp-container-core-columns-is-layout-9d6595d7 wp-block-columns-is-layout-flex">
<div class="wp-block-column is-layout-flow wp-block-column-is-layout-flow" style="flex-basis:33.33%">
<h2 class="wp-block-heading has-verd-tropic-color has-text-color has-link-color has-normal-font-size wp-elements-b5e0dd3e188bf82bee633035e7c28a26"><strong>Hotel Exe Campus</strong></h2>



<p class="has-small-font-size"><em>Campus de la UAB, Cerdanyola del Vallès</em></p>



<p class="has-small-font-size"><a href="https://www.exehotels.com/exe-campus.html"><em>Website</em></a></p>
</div>



<div class="wp-block-column is-layout-flow wp-block-column-is-layout-flow" style="flex-basis:66.66%"><div class="wp-block-image">
<figure class="aligncenter size-full is-resized"><a href="https://www.exehotels.com/exe-campus.html"><img loading="lazy" decoding="async" width="300" height="100" src="https://webs.uab.cat/esarts2025/wp-content/uploads/sites/599/2025/05/Diseno-sin-titulo-7.png" alt="" class="wp-image-272" style="width:443px;height:auto" /></a></figure>
</div></div>
</div>



<p class="has-small-font-size">Staying at this hotel facilitates participation in the conference activities held at the UAB.<br>Please take into account, however, that both the <strong>Evening Reception</strong> and the <strong>Social Dinner</strong> will take place in <strong>Barcelona city</strong>. The last train from central Barcelona to the UAB campus <strong>departs around midnight (00:00 h)</strong>. We encourage you to plan your evenings accordingly if you choose to stay on campus.</p>



<p></p>



<h2 class="wp-block-heading has-verd-tropic-color has-text-color has-link-color has-normal-font-size wp-elements-31ce22463c71a3b27ac496cb7a67dc72"><br><strong>ADDITIONAL PRACTICAL INFO</strong></h2>



<ul class="wp-block-list">
<li class="has-verd-tropic-color has-text-color has-link-color has-normal-font-size wp-elements-ed1952af6ac12e87caa778e30798aa18"><strong>ABSTRACTS &amp; PROGRAMME</strong></li>
</ul>



<p class="has-small-font-size">Accepted papers will be listed in the conference program and included in the <strong>Abstract Book</strong>,</p>



<p class="has-small-font-size">📌Please note:</p>



<ul class="wp-block-list">
<li class="has-small-font-size">At least one author per paper must register.</li>



<li class="has-small-font-size">Co-authors who wish to attend must also register.</li>



<li class="has-small-font-size">If a presenter is absent, the first author listed under &#8220;distributed papers&#8221; may be invited to present.</li>
</ul>



<ul class="wp-block-list">
<li class="has-verd-tropic-color has-text-color has-link-color has-normal-font-size wp-elements-d9b3b341e1e45600064c48800a8ba0c8"><strong>ADDITIONAL NOTES</strong><br></li>



<li class="has-small-font-size">The conference organisers <strong>do not cover travel or accommodation expenses</strong>.</li>



<li class="has-small-font-size">We encourage participants to use <strong>sustainable transport</strong> whenever possible.</li>



<li class="has-small-font-size">Weather in Barcelona in early September is usually warm (25–30ºC), so dress comfortably.</li>
</ul>



<ul class="wp-block-list">
<li class="has-verd-tropic-color has-text-color has-link-color has-normal-font-size wp-elements-3be72ca4b6f475b8f85ed5dafa0e8ec4"><strong>CONTACT</strong></li>
</ul>



<p class="has-small-font-size">For any inquiries, please contact the organising team:<br>📩 <strong><a class="">cg.esarts2025@uab.cat</a></strong></p>
