{"id":63,"date":"2024-11-06T12:37:30","date_gmt":"2024-11-06T10:37:30","guid":{"rendered":"https:\/\/webs.uab.cat\/esarts2025\/?page_id=63"},"modified":"2025-07-01T13:53:27","modified_gmt":"2025-07-01T11:53:27","slug":"venue","status":"publish","type":"page","link":"https:\/\/webs.uab.cat\/esarts2025\/venue\/","title":{"rendered":"VENUE"},"content":{"rendered":"\n<p class=\"has-small-font-size\">The <strong>13th Midterm Conference of the European Sociological Association (ESA)<\/strong> \u2013 Research Network Sociology of the Arts \u2013 will take place in <strong>three key locations in and around Barcelona<\/strong>:<\/p>\n\n\n\n<p class=\"has-small-font-size\">\ud83c\udfdb\ufe0f The <strong>Universitat Aut\u00f2noma de Barcelona (UAB)<\/strong>, in Bellaterra (Cerdanyola del Vall\u00e8s)<\/p>\n\n\n\n<p class=\"has-small-font-size\">\ud83c\udfb6 The <strong>SGAE Headquarters<\/strong>, in the heart of Barcelona<\/p>\n\n\n\n<p class=\"has-small-font-size\">\ud83c\udfa8 The <strong>Fundaci\u00f3 Joan Mir\u00f3<\/strong>, on Montju\u00efc hill with panoramic city views<\/p>\n\n\n\n<p class=\"has-small-font-size\">These venues bring together academic, cultural and artistic environments, reflecting the interdisciplinary nature of the conference.<\/p>\n\n\n\n<h2 class=\"wp-block-heading has-verd-tropic-color has-text-color has-link-color has-large-font-size wp-elements-09cc0af88052a9d5de39bba520da5591\"><br>\ud83c\udfdb\ufe0f<strong>Universitat Aut\u00f2noma de Barcelona &#8211; UAB<\/strong><\/h2>\n\n\n\n<p class=\"has-small-font-size\">The <strong>Universitat Aut\u00f2noma de Barcelona (UAB)<\/strong> is one of Spain\u2019s leading public universities. Its main campus covers 260 ha and hosts a wide range of research, teaching, cultural and service facilities. It is located in the Greater Barcelona Metropolitan Area, close to Sabadell and about 20 km from the city centre.<\/p>\n\n\n\n<p class=\"has-small-font-size\">The UAB campus is easily accessible from Barcelona by <strong>train (FGC)<\/strong> and <strong>highway<\/strong>.<\/p>\n\n\n\n<p class=\"has-small-font-size\"><strong>Congress venue<\/strong>:<br><em>Faculty of Social Sciences and Sociology<\/em><br>(<a class=\"\" href=\"https:\/\/www.uab.cat\">Campus UAB, Building B, Bellaterra<\/a>)<\/p>\n\n\n\n<p class=\"has-small-font-size\">\ud83e\udded <em>Accessible by FGC train lines S2 and S6 from Pla\u00e7a Catalunya.<\/em><\/p>\n\n\n<div class=\"wp-block-image\">\n<figure class=\"aligncenter size-full is-resized\"><img loading=\"lazy\" decoding=\"async\" width=\"480\" height=\"270\" src=\"https:\/\/webs.uab.cat\/esarts2025\/wp-content\/uploads\/sites\/599\/2024\/12\/Sociology-UAB.png\" alt=\"\" class=\"wp-image-156\" style=\"width:444px;height:auto\" srcset=\"https:\/\/webs.uab.cat\/esarts2025\/wp-content\/uploads\/sites\/599\/2024\/12\/Sociology-UAB.png 480w, https:\/\/webs.uab.cat\/esarts2025\/wp-content\/uploads\/sites\/599\/2024\/12\/Sociology-UAB-300x169.png 300w\" sizes=\"auto, (max-width: 480px) 100vw, 480px\" \/><\/figure>\n<\/div>\n\n\n<h2 class=\"wp-block-heading has-verd-tropic-color has-text-color has-link-color has-large-font-size wp-elements-71ac24a6f669763a3e0373f0863f9538\"><br><strong>\ud83c\udfb6 SGAE \u2013 Sociedad General de Autores y Editores<\/strong><\/h2>\n\n\n\n<p class=\"has-small-font-size\">The <strong>SGAE<\/strong> is the main collecting society for songwriters, composers and music publishers in Spain.<\/p>\n\n\n\n<p class=\"has-small-font-size\"><strong>Congress venue<\/strong>:<br><em>Sala Mompou<\/em><br><a class=\"\">SGAE Barcelona, Pg. de Colom, 6, Ciutat Vella, 08002 Barcelona<\/a><\/p>\n\n\n\n<p class=\"has-small-font-size\">\ud83e\udded <em>Located in the Gothic Quarter of Barcelona, easily reachable by metro (L3, Drassanes).<\/em><\/p>\n\n\n<div class=\"wp-block-image\">\n<figure class=\"aligncenter size-large is-resized\"><img loading=\"lazy\" decoding=\"async\" width=\"1024\" height=\"683\" src=\"https:\/\/webs.uab.cat\/esarts2025\/wp-content\/uploads\/sites\/599\/2024\/12\/sala-mompou-1024x683.jpg\" alt=\"\" class=\"wp-image-157\" style=\"width:439px;height:auto\" srcset=\"https:\/\/webs.uab.cat\/esarts2025\/wp-content\/uploads\/sites\/599\/2024\/12\/sala-mompou-1024x683.jpg 1024w, https:\/\/webs.uab.cat\/esarts2025\/wp-content\/uploads\/sites\/599\/2024\/12\/sala-mompou-300x200.jpg 300w, https:\/\/webs.uab.cat\/esarts2025\/wp-content\/uploads\/sites\/599\/2024\/12\/sala-mompou-768x512.jpg 768w, https:\/\/webs.uab.cat\/esarts2025\/wp-content\/uploads\/sites\/599\/2024\/12\/sala-mompou.jpg 1200w\" sizes=\"auto, (max-width: 1024px) 100vw, 1024px\" \/><\/figure>\n<\/div>\n\n\n<h2 class=\"wp-block-heading has-verd-tropic-color has-text-color has-link-color wp-elements-27b835fa372dc616847455951a36d76a\"><br>\ud83c\udf7d\ufe0f L\u2019Estaci\u00f3 \u2013 Espai Gastron\u00f2mic<\/h2>\n\n\n\n<p class=\"has-small-font-size\">\ud83d\udccd Location of the Social Dinner<\/p>\n\n\n\n<p class=\"has-small-font-size\">The <strong>Social Dinner<\/strong> of ESArts 2025 will take place at <strong>L\u2019Estaci\u00f3 \u2013 Espai Gastron\u00f2mic<\/strong>, a spectacular venue located inside the historic <strong>Estaci\u00f3 de Fran\u00e7a<\/strong> in the heart of Barcelona.<\/p>\n\n\n\n<p class=\"has-small-font-size\">With its majestic noucentista architecture by <strong>Duran i Reynals<\/strong>, the venue offers a wide and elegant space, richly adorned with marble, bronze and a large central clock, preserving the charm of the original station. It is one of the few large-capacity event venues in the <strong>Born district<\/strong>, making it a unique location for cultural gatherings.<\/p>\n\n\n\n<p class=\"has-small-font-size\"><strong>Address:<\/strong><br>Estaci\u00f3 de Fran\u00e7a<br>Av. del Marqu\u00e8s de l&#8217;Argentera, 6, 08003 Barcelona<\/p>\n\n\n\n<p class=\"has-small-font-size\">\ud83e\udded <em><em>Easily accessible by train, metro (L4 \u2013 Barceloneta \/ Jaume I) and several bus lines.<\/em><\/em><\/p>\n\n\n<div class=\"wp-block-image\">\n<figure class=\"aligncenter size-large\"><img loading=\"lazy\" decoding=\"async\" width=\"1024\" height=\"341\" src=\"https:\/\/webs.uab.cat\/esarts2025\/wp-content\/uploads\/sites\/599\/2025\/07\/espai-gastronomic-1-1024x341.png\" alt=\"\" class=\"wp-image-385\" srcset=\"https:\/\/webs.uab.cat\/esarts2025\/wp-content\/uploads\/sites\/599\/2025\/07\/espai-gastronomic-1-1024x341.png 1024w, https:\/\/webs.uab.cat\/esarts2025\/wp-content\/uploads\/sites\/599\/2025\/07\/espai-gastronomic-1-300x100.png 300w, https:\/\/webs.uab.cat\/esarts2025\/wp-content\/uploads\/sites\/599\/2025\/07\/espai-gastronomic-1-768x256.png 768w, https:\/\/webs.uab.cat\/esarts2025\/wp-content\/uploads\/sites\/599\/2025\/07\/espai-gastronomic-1.png 1200w\" sizes=\"auto, (max-width: 1024px) 100vw, 1024px\" \/><\/figure>\n<\/div>\n\n\n<p>\u200b\u200b<\/p>\n\n\n\n<h2 class=\"wp-block-heading has-verd-tropic-color has-text-color has-link-color has-large-font-size wp-elements-716bc43058ebe092a2e268cc39f96cbc\">\ud83c\udfa8<strong>Fundaci\u00f3 Joan Mir<\/strong>\u00f3<\/h2>\n\n\n\n<p class=\"has-small-font-size\">The <strong>Fundaci\u00f3 Joan Mir\u00f3<\/strong> was founded by Mir\u00f3 himself to host his private collection and promote international research and contemporary art. Opened in 1975, the Fundaci\u00f3 is today a dynamic cultural centre where Mir\u00f3\u2019s work coexists with avant-garde artistic expressions.<\/p>\n\n\n\n<p class=\"has-small-font-size\"><strong>Optional visit (Sept 10)<\/strong><br><a class=\"\">Parc de Montju\u00efc, 08038 Barcelona<\/a><\/p>\n\n\n\n<p class=\"has-small-font-size\">\ud83e\udded <em>Accessible by funicular, bus or taxi from central Barcelona.<\/em><\/p>\n\n\n<div class=\"wp-block-image\">\n<figure class=\"aligncenter size-large is-resized\"><img loading=\"lazy\" decoding=\"async\" width=\"1024\" height=\"765\" src=\"https:\/\/webs.uab.cat\/esarts2025\/wp-content\/uploads\/sites\/599\/2024\/12\/Fundacio_Joan_Miro_outdoors_view-1024x765.jpg\" alt=\"\" class=\"wp-image-158\" style=\"width:426px;height:auto\" srcset=\"https:\/\/webs.uab.cat\/esarts2025\/wp-content\/uploads\/sites\/599\/2024\/12\/Fundacio_Joan_Miro_outdoors_view-1024x765.jpg 1024w, https:\/\/webs.uab.cat\/esarts2025\/wp-content\/uploads\/sites\/599\/2024\/12\/Fundacio_Joan_Miro_outdoors_view-300x224.jpg 300w, https:\/\/webs.uab.cat\/esarts2025\/wp-content\/uploads\/sites\/599\/2024\/12\/Fundacio_Joan_Miro_outdoors_view-768x573.jpg 768w, https:\/\/webs.uab.cat\/esarts2025\/wp-content\/uploads\/sites\/599\/2024\/12\/Fundacio_Joan_Miro_outdoors_view.jpg 1200w\" sizes=\"auto, (max-width: 1024px) 100vw, 1024px\" \/><\/figure>\n<\/div>\n\n\n<p>\u200b\u200b<a href=\"\"><\/a><\/p>\n\n\n\n<p class=\"has-small-font-size\">\ud83d\udccc <em>All venues are accessible by public transport. Detailed travel instructions will be provided before the conference.<\/em><\/p>\n\n\n\n<p><\/p>\n","protected":false},"excerpt":{"rendered":"<p>The 13th Midterm Conference of the European Sociological Association (ESA) \u2013 Research Network Sociology of the Arts \u2013 will take place in three key locations in and around Barcelona: \ud83c\udfdb\ufe0f The Universitat Aut\u00f2noma de Barcelona (UAB), in Bellaterra (Cerdanyola del Vall\u00e8s) \ud83c\udfb6 The SGAE Headquarters, in the heart of Barcelona \ud83c\udfa8 The Fundaci\u00f3 Joan Mir\u00f3, [&hellip;]<\/p>\n","protected":false},"author":2648,"featured_media":0,"parent":0,"menu_order":6,"comment_status":"closed","ping_status":"closed","template":"","meta":{"footnotes":""},"class_list":["post-63","page","type-page","status-publish","hentry"],"_links":{"self":[{"href":"https:\/\/webs.uab.cat\/esarts2025\/wp-json\/wp\/v2\/pages\/63","targetHints":{"allow":["GET"]}}],"collection":[{"href":"https:\/\/webs.uab.cat\/esarts2025\/wp-json\/wp\/v2\/pages"}],"about":[{"href":"https:\/\/webs.uab.cat\/esarts2025\/wp-json\/wp\/v2\/types\/page"}],"author":[{"embeddable":true,"href":"https:\/\/webs.uab.cat\/esarts2025\/wp-json\/wp\/v2\/users\/2648"}],"replies":[{"embeddable":true,"href":"https:\/\/webs.uab.cat\/esarts2025\/wp-json\/wp\/v2\/comments?post=63"}],"version-history":[{"count":17,"href":"https:\/\/webs.uab.cat\/esarts2025\/wp-json\/wp\/v2\/pages\/63\/revisions"}],"predecessor-version":[{"id":386,"href":"https:\/\/webs.uab.cat\/esarts2025\/wp-json\/wp\/v2\/pages\/63\/revisions\/386"}],"wp:attachment":[{"href":"https:\/\/webs.uab.cat\/esarts2025\/wp-json\/wp\/v2\/media?parent=63"}],"curies":[{"name":"wp","href":"https:\/\/api.w.org\/{rel}","templated":true}]}}

<p class="has-small-font-size">The <strong>13th Midterm Conference of the European Sociological Association (ESA)</strong> – Research Network Sociology of the Arts – will take place in <strong>three key locations in and around Barcelona</strong>:</p>



<p class="has-small-font-size">🏛️ The <strong>Universitat Autònoma de Barcelona (UAB)</strong>, in Bellaterra (Cerdanyola del Vallès)</p>



<p class="has-small-font-size">🎶 The <strong>SGAE Headquarters</strong>, in the heart of Barcelona</p>



<p class="has-small-font-size">🎨 The <strong>Fundació Joan Miró</strong>, on Montjuïc hill with panoramic city views</p>



<p class="has-small-font-size">These venues bring together academic, cultural and artistic environments, reflecting the interdisciplinary nature of the conference.</p>



<h2 class="wp-block-heading has-verd-tropic-color has-text-color has-link-color has-large-font-size wp-elements-09cc0af88052a9d5de39bba520da5591"><br>🏛️<strong>Universitat Autònoma de Barcelona &#8211; UAB</strong></h2>



<p class="has-small-font-size">The <strong>Universitat Autònoma de Barcelona (UAB)</strong> is one of Spain’s leading public universities. Its main campus covers 260 ha and hosts a wide range of research, teaching, cultural and service facilities. It is located in the Greater Barcelona Metropolitan Area, close to Sabadell and about 20 km from the city centre.</p>



<p class="has-small-font-size">The UAB campus is easily accessible from Barcelona by <strong>train (FGC)</strong> and <strong>highway</strong>.</p>



<p class="has-small-font-size"><strong>Congress venue</strong>:<br><em>Faculty of Social Sciences and Sociology</em><br>(<a class="" href="https://www.uab.cat">Campus UAB, Building B, Bellaterra</a>)</p>



<p class="has-small-font-size">🧭 <em>Accessible by FGC train lines S2 and S6 from Plaça Catalunya.</em></p>


<div class="wp-block-image">
<figure class="aligncenter size-full is-resized"><img loading="lazy" decoding="async" width="480" height="270" src="https://webs.uab.cat/esarts2025/wp-content/uploads/sites/599/2024/12/Sociology-UAB.png" alt="" class="wp-image-156" style="width:444px;height:auto" srcset="https://webs.uab.cat/esarts2025/wp-content/uploads/sites/599/2024/12/Sociology-UAB.png 480w, https://webs.uab.cat/esarts2025/wp-content/uploads/sites/599/2024/12/Sociology-UAB-300x169.png 300w" sizes="auto, (max-width: 480px) 100vw, 480px" /></figure>
</div>


<h2 class="wp-block-heading has-verd-tropic-color has-text-color has-link-color has-large-font-size wp-elements-71ac24a6f669763a3e0373f0863f9538"><br><strong>🎶 SGAE – Sociedad General de Autores y Editores</strong></h2>



<p class="has-small-font-size">The <strong>SGAE</strong> is the main collecting society for songwriters, composers and music publishers in Spain.</p>



<p class="has-small-font-size"><strong>Congress venue</strong>:<br><em>Sala Mompou</em><br><a class="">SGAE Barcelona, Pg. de Colom, 6, Ciutat Vella, 08002 Barcelona</a></p>



<p class="has-small-font-size">🧭 <em>Located in the Gothic Quarter of Barcelona, easily reachable by metro (L3, Drassanes).</em></p>


<div class="wp-block-image">
<figure class="aligncenter size-large is-resized"><img loading="lazy" decoding="async" width="1024" height="683" src="https://webs.uab.cat/esarts2025/wp-content/uploads/sites/599/2024/12/sala-mompou-1024x683.jpg" alt="" class="wp-image-157" style="width:439px;height:auto" srcset="https://webs.uab.cat/esarts2025/wp-content/uploads/sites/599/2024/12/sala-mompou-1024x683.jpg 1024w, https://webs.uab.cat/esarts2025/wp-content/uploads/sites/599/2024/12/sala-mompou-300x200.jpg 300w, https://webs.uab.cat/esarts2025/wp-content/uploads/sites/599/2024/12/sala-mompou-768x512.jpg 768w, https://webs.uab.cat/esarts2025/wp-content/uploads/sites/599/2024/12/sala-mompou.jpg 1200w" sizes="auto, (max-width: 1024px) 100vw, 1024px" /></figure>
</div>


<h2 class="wp-block-heading has-verd-tropic-color has-text-color has-link-color wp-elements-27b835fa372dc616847455951a36d76a"><br>🍽️ L’Estació – Espai Gastronòmic</h2>



<p class="has-small-font-size">📍 Location of the Social Dinner</p>



<p class="has-small-font-size">The <strong>Social Dinner</strong> of ESArts 2025 will take place at <strong>L’Estació – Espai Gastronòmic</strong>, a spectacular venue located inside the historic <strong>Estació de França</strong> in the heart of Barcelona.</p>



<p class="has-small-font-size">With its majestic noucentista architecture by <strong>Duran i Reynals</strong>, the venue offers a wide and elegant space, richly adorned with marble, bronze and a large central clock, preserving the charm of the original station. It is one of the few large-capacity event venues in the <strong>Born district</strong>, making it a unique location for cultural gatherings.</p>



<p class="has-small-font-size"><strong>Address:</strong><br>Estació de França<br>Av. del Marquès de l&#8217;Argentera, 6, 08003 Barcelona</p>



<p class="has-small-font-size">🧭 <em><em>Easily accessible by train, metro (L4 – Barceloneta / Jaume I) and several bus lines.</em></em></p>


<div class="wp-block-image">
<figure class="aligncenter size-large"><img loading="lazy" decoding="async" width="1024" height="341" src="https://webs.uab.cat/esarts2025/wp-content/uploads/sites/599/2025/07/espai-gastronomic-1-1024x341.png" alt="" class="wp-image-385" srcset="https://webs.uab.cat/esarts2025/wp-content/uploads/sites/599/2025/07/espai-gastronomic-1-1024x341.png 1024w, https://webs.uab.cat/esarts2025/wp-content/uploads/sites/599/2025/07/espai-gastronomic-1-300x100.png 300w, https://webs.uab.cat/esarts2025/wp-content/uploads/sites/599/2025/07/espai-gastronomic-1-768x256.png 768w, https://webs.uab.cat/esarts2025/wp-content/uploads/sites/599/2025/07/espai-gastronomic-1.png 1200w" sizes="auto, (max-width: 1024px) 100vw, 1024px" /></figure>
</div>


<p>​​</p>



<h2 class="wp-block-heading has-verd-tropic-color has-text-color has-link-color has-large-font-size wp-elements-716bc43058ebe092a2e268cc39f96cbc">🎨<strong>Fundació Joan Mir</strong>ó</h2>



<p class="has-small-font-size">The <strong>Fundació Joan Miró</strong> was founded by Miró himself to host his private collection and promote international research and contemporary art. Opened in 1975, the Fundació is today a dynamic cultural centre where Miró’s work coexists with avant-garde artistic expressions.</p>



<p class="has-small-font-size"><strong>Optional visit (Sept 10)</strong><br><a class="">Parc de Montjuïc, 08038 Barcelona</a></p>



<p class="has-small-font-size">🧭 <em>Accessible by funicular, bus or taxi from central Barcelona.</em></p>


<div class="wp-block-image">
<figure class="aligncenter size-large is-resized"><img loading="lazy" decoding="async" width="1024" height="765" src="https://webs.uab.cat/esarts2025/wp-content/uploads/sites/599/2024/12/Fundacio_Joan_Miro_outdoors_view-1024x765.jpg" alt="" class="wp-image-158" style="width:426px;height:auto" srcset="https://webs.uab.cat/esarts2025/wp-content/uploads/sites/599/2024/12/Fundacio_Joan_Miro_outdoors_view-1024x765.jpg 1024w, https://webs.uab.cat/esarts2025/wp-content/uploads/sites/599/2024/12/Fundacio_Joan_Miro_outdoors_view-300x224.jpg 300w, https://webs.uab.cat/esarts2025/wp-content/uploads/sites/599/2024/12/Fundacio_Joan_Miro_outdoors_view-768x573.jpg 768w, https://webs.uab.cat/esarts2025/wp-content/uploads/sites/599/2024/12/Fundacio_Joan_Miro_outdoors_view.jpg 1200w" sizes="auto, (max-width: 1024px) 100vw, 1024px" /></figure>
</div>


<p>​​<a href=""></a></p>



<p class="has-small-font-size">📌 <em>All venues are accessible by public transport. Detailed travel instructions will be provided before the conference.</em></p>



<p></p>

<p>The 13th Midterm Conference of the European Sociological Association (ESA) – Research Network Sociology of the Arts – will take place in three key locations in and around Barcelona: 🏛️ The Universitat Autònoma de Barcelona (UAB), in Bellaterra (Cerdanyola del Vallès) 🎶 The SGAE Headquarters, in the heart of Barcelona 🎨 The Fundació Joan Miró, [&hellip;]</p>
