{"id":151,"date":"2013-02-04T09:42:46","date_gmt":"2013-02-04T09:42:46","guid":{"rendered":"https:\/\/webs.uab.cat\/escola-doctorat\/escola-destiu-de-doctorat-2012\/"},"modified":"2013-02-04T09:42:46","modified_gmt":"2013-02-04T09:42:46","slug":"escola-destiu-de-doctorat-2012","status":"publish","type":"page","link":"https:\/\/webs.uab.cat\/escola-doctorat\/escola-destiu-de-doctorat-2012\/","title":{"rendered":"Escola d\u2019estiu de doctorat 2012"},"content":{"rendered":"<table style=\"width: 862px;\" border=\"0\" cellspacing=\"0\" cellpadding=\"10\">\n<tbody>\n<tr>\n<td colspan=\"2\"><strong>Professors convidats<\/strong><\/td>\n<\/tr>\n<tr>\n<td width=\"15\">&nbsp;<\/td>\n<td width=\"807\">&nbsp;<strong>Dra. Claudia V. Angelleli.&nbsp;<\/strong>San Diego State University, Estats Units.<br \/> <em>Metodolog\u00eda de Investigaci\u00f3n con \u00e9nfasis en Interpretaci\u00f3n en Servicios P\u00fablicos<\/em>.<\/td>\n<\/tr>\n<tr>\n<td>&nbsp;<\/td>\n<td><strong>Dr. Ricardo Mu\u00f1oz Mart\u00edn.&nbsp;<\/strong>Universidad de Las Palmas de Gran Canaria. Espanya. <br \/> <em>Traductolog\u00eda cognitiva: fundamentos y m\u00e9todos.<\/em><\/td>\n<\/tr>\n<tr>\n<td>&nbsp;<\/td>\n<td><strong>Dr. Gregory Monroe Shreve. Institute for Applied Linguistics,&nbsp;<\/strong>University of Kent State, Ohio, Estats Units.&nbsp;<em><br \/> Knowing Translation: Cognitive Aspects of Competence and Expertise.<\/em><\/td>\n<\/tr>\n<tr>\n<td>&nbsp;<\/td>\n<td><strong>Dr. Ian Reader.&nbsp;<\/strong>University of Manchester, Regne Unit.<em>&nbsp;<br \/> The Problems of Religion in Contemporary Japan.<\/em><\/td>\n<\/tr>\n<tr>\n<td>&nbsp;<\/td>\n<td><strong>Dra. Zheng Yangwen,&nbsp;<\/strong>The University of Manchester, Regne Unit.<em><br \/> The Globalisation of China and the Chinese Body.<\/em><\/td>\n<\/tr>\n<tr>\n<td colspan=\"2\"><strong>Tallers oferts per personal de la UAB<\/strong><\/td>\n<\/tr>\n<tr>\n<td>&nbsp;<\/td>\n<td><strong>Dra. Amparo Hurtado, Dra. Sara Rovira<\/strong><br \/> Taller 1.<em> Difusi\u00f3n y evaluaci\u00f3n de la investigaci\u00f3n.<\/em><\/td>\n<\/tr>\n<tr>\n<td>&nbsp;<\/td>\n<td><strong>Dr. Wilhelm Neunzig<\/strong>&nbsp;<br \/> Taller 2.&nbsp;<em>En torno a la investigaci\u00f3n emp\u00edrica en traducci\u00f3n: cuestiones de m\u00e9todo.<\/em><\/td>\n<\/tr>\n<tr>\n<td>&nbsp;<\/td>\n<td><strong>Dra. Anna Gil-Bardaj\u00ed<\/strong><br \/> Taller 3.&nbsp;<em>C\u00f3mo escribir un art\u00edculo cient\u00edfico y triunfar en el intento.<\/em><\/td>\n<\/tr>\n<tr>\n<td>&nbsp;<\/td>\n<td><strong>Dra. Olga Torres-Hostench&nbsp;<\/strong><br \/> Taller 4.&nbsp;<em>C\u00f3mo presentar oralmente tu investigaci\u00f3n.<\/em><\/td>\n<\/tr>\n<tr>\n<td colspan=\"2\"><strong><span>Professors coordinadors de seminaris<\/span><\/strong><\/td>\n<\/tr>\n<tr>\n<td>&nbsp;<\/td>\n<td><strong>Dr. Blai Guarn\u00e9<br \/> Dr. Joaqu\u00edn Beltr\u00e1n<br \/> Dra. Marisa Presas<br \/> Dra. Marta Arum\u00ed<br \/> Dra. Stefanie Wimmer<br \/><\/strong><\/td>\n<\/tr>\n<\/tbody>\n<\/table>\n","protected":false},"excerpt":{"rendered":"<p>Professors convidats &nbsp; &nbsp;Dra. Claudia V. Angelleli.&nbsp;San Diego State University, Estats Units. Metodolog\u00eda de Investigaci\u00f3n con \u00e9nfasis en Interpretaci\u00f3n en Servicios P\u00fablicos. &nbsp; Dr. Ricardo Mu\u00f1oz Mart\u00edn.&nbsp;Universidad de Las Palmas de Gran Canaria. Espanya. Traductolog\u00eda cognitiva: fundamentos y m\u00e9todos. &nbsp; Dr. Gregory Monroe Shreve. Institute for Applied Linguistics,&nbsp;University of Kent State, Ohio, Estats Units.&nbsp; Knowing [&hellip;]<\/p>\n","protected":false},"author":20,"featured_media":0,"parent":0,"menu_order":0,"comment_status":"closed","ping_status":"closed","template":"","meta":{"footnotes":""},"class_list":["post-151","page","type-page","status-publish","hentry"],"_links":{"self":[{"href":"https:\/\/webs.uab.cat\/escola-doctorat\/wp-json\/wp\/v2\/pages\/151","targetHints":{"allow":["GET"]}}],"collection":[{"href":"https:\/\/webs.uab.cat\/escola-doctorat\/wp-json\/wp\/v2\/pages"}],"about":[{"href":"https:\/\/webs.uab.cat\/escola-doctorat\/wp-json\/wp\/v2\/types\/page"}],"author":[{"embeddable":true,"href":"https:\/\/webs.uab.cat\/escola-doctorat\/wp-json\/wp\/v2\/users\/20"}],"replies":[{"embeddable":true,"href":"https:\/\/webs.uab.cat\/escola-doctorat\/wp-json\/wp\/v2\/comments?post=151"}],"version-history":[{"count":0,"href":"https:\/\/webs.uab.cat\/escola-doctorat\/wp-json\/wp\/v2\/pages\/151\/revisions"}],"wp:attachment":[{"href":"https:\/\/webs.uab.cat\/escola-doctorat\/wp-json\/wp\/v2\/media?parent=151"}],"curies":[{"name":"wp","href":"https:\/\/api.w.org\/{rel}","templated":true}]}}