{"id":19,"date":"2009-05-14T10:38:30","date_gmt":"2009-05-14T10:38:30","guid":{"rendered":"https:\/\/webs.uab.cat\/escola-doctorat\/inici\/"},"modified":"2026-03-09T10:37:36","modified_gmt":"2026-03-09T10:37:36","slug":"inici","status":"publish","type":"page","link":"https:\/\/webs.uab.cat\/escola-doctorat\/","title":{"rendered":"Escola d\u2019Estiu de Doctorat"},"content":{"rendered":"<p>L&#8217;Escola d\u2019Estiu de Doctorat \u00e9s una iniciativa del Departament de Traducci\u00f3 i d&#8217;Interpretaci\u00f3 i d&#8217;Estudis de l&#8217;\u00c0sia Oriental de la Universitat Aut\u00f2noma de Barcelona que aquest any arriba a la dissetena edici\u00f3. Aquesta activitat forma part del programa de formaci\u00f3 del Doctorat en Traducci\u00f3 i Estudis Interculturals i \u00e9s obligat\u00f2ria per al seu alumnat.<\/p>\n<p>L\u2019objectiu d\u2019aquest curs intensiu \u00e9s estimular la recerca de qualitat entre els\/les investigadors\/es que tot just comencen la carrera acad\u00e8mica de recerca i oferir una plataforma perqu\u00e8 alumnat i professorat puguin compartir interessos i experi\u00e8ncies.<\/p>\n<p>L\u2019escola inclou seminaris, tallers i tutories amb professorat de reconegut prestigi internacional i s\u2019adre\u00e7a a estudiants de postgrau de qualsevol pa\u00eds, tant de m\u00e0ster com de doctorat, com tamb\u00e9 investigadors\/es postdoctorals.<\/p>\n<p><strong>Dates del curs:<\/strong> del 6 al 9 de juliol de 2026<br \/>\n<strong>Lleng\u00fces del curs: <\/strong>castell\u00e0 i angl\u00e8s<br \/>\n<strong>Persones de contacte: <\/strong>Dra. Almudena Nevado Llopis (<a href=\"mailto:Almudena.Nevado@uab.cat\">Almudena.Nevado@uab.cat<\/a>) i<br \/>\nDr. Pau Joan Hern\u00e1ndez de Fuenmayor (<a href=\"mailto:PauJoan.Hernandez@uab.cat\">PauJoan.Hernandez@uab.cat<\/a>)<\/p>\n","protected":false},"excerpt":{"rendered":"<p>L&#8217;Escola d\u2019Estiu de Doctorat \u00e9s una iniciativa del Departament de Traducci\u00f3 i d&#8217;Interpretaci\u00f3 i d&#8217;Estudis de l&#8217;\u00c0sia Oriental de la Universitat Aut\u00f2noma de Barcelona que aquest any arriba a la dissetena edici\u00f3. Aquesta activitat forma part del programa de formaci\u00f3 del Doctorat en Traducci\u00f3 i Estudis Interculturals i \u00e9s obligat\u00f2ria per al seu alumnat. L\u2019objectiu [&hellip;]<\/p>\n","protected":false},"author":20,"featured_media":0,"parent":0,"menu_order":0,"comment_status":"closed","ping_status":"closed","template":"","meta":{"footnotes":""},"class_list":["post-19","page","type-page","status-publish","hentry"],"_links":{"self":[{"href":"https:\/\/webs.uab.cat\/escola-doctorat\/wp-json\/wp\/v2\/pages\/19","targetHints":{"allow":["GET"]}}],"collection":[{"href":"https:\/\/webs.uab.cat\/escola-doctorat\/wp-json\/wp\/v2\/pages"}],"about":[{"href":"https:\/\/webs.uab.cat\/escola-doctorat\/wp-json\/wp\/v2\/types\/page"}],"author":[{"embeddable":true,"href":"https:\/\/webs.uab.cat\/escola-doctorat\/wp-json\/wp\/v2\/users\/20"}],"replies":[{"embeddable":true,"href":"https:\/\/webs.uab.cat\/escola-doctorat\/wp-json\/wp\/v2\/comments?post=19"}],"version-history":[{"count":8,"href":"https:\/\/webs.uab.cat\/escola-doctorat\/wp-json\/wp\/v2\/pages\/19\/revisions"}],"predecessor-version":[{"id":2065,"href":"https:\/\/webs.uab.cat\/escola-doctorat\/wp-json\/wp\/v2\/pages\/19\/revisions\/2065"}],"wp:attachment":[{"href":"https:\/\/webs.uab.cat\/escola-doctorat\/wp-json\/wp\/v2\/media?parent=19"}],"curies":[{"name":"wp","href":"https:\/\/api.w.org\/{rel}","templated":true}]}}

<p>L&#8217;Escola d’Estiu de Doctorat és una iniciativa del Departament de Traducció i d&#8217;Interpretació i d&#8217;Estudis de l&#8217;Àsia Oriental de la Universitat Autònoma de Barcelona que aquest any arriba a la dissetena edició. Aquesta activitat forma part del programa de formació del Doctorat en Traducció i Estudis Interculturals i és obligatòria per al seu alumnat.</p>
<p>L’objectiu d’aquest curs intensiu és estimular la recerca de qualitat entre els/les investigadors/es que tot just comencen la carrera acadèmica de recerca i oferir una plataforma perquè alumnat i professorat puguin compartir interessos i experiències.</p>
<p>L’escola inclou seminaris, tallers i tutories amb professorat de reconegut prestigi internacional i s’adreça a estudiants de postgrau de qualsevol país, tant de màster com de doctorat, com també investigadors/es postdoctorals.</p>
<p><strong>Dates del curs:</strong> del 6 al 9 de juliol de 2026<br />
<strong>Llengües del curs: </strong>castellà i anglès<br />
<strong>Persones de contacte: </strong>Dra. Almudena Nevado Llopis (<a href="mailto:Almudena.Nevado@uab.cat">Almudena.Nevado@uab.cat</a>) i<br />
Dr. Pau Joan Hernández de Fuenmayor (<a href="mailto:PauJoan.Hernandez@uab.cat">PauJoan.Hernandez@uab.cat</a>)</p>

<p>L&#8217;Escola d’Estiu de Doctorat és una iniciativa del Departament de Traducció i d&#8217;Interpretació i d&#8217;Estudis de l&#8217;Àsia Oriental de la Universitat Autònoma de Barcelona que aquest any arriba a la dissetena edició. Aquesta activitat forma part del programa de formació del Doctorat en Traducció i Estudis Interculturals i és obligatòria per al seu alumnat. L’objectiu [&hellip;]</p>
