{"id":399,"date":"2015-02-03T12:54:00","date_gmt":"2015-02-03T12:54:00","guid":{"rendered":"https:\/\/webs.uab.cat\/escola-doctorat\/programa-i-horaris\/"},"modified":"2026-03-09T11:00:31","modified_gmt":"2026-03-09T11:00:31","slug":"programa-i-horaris","status":"publish","type":"page","link":"https:\/\/webs.uab.cat\/escola-doctorat\/programa-i-horaris\/","title":{"rendered":"Programa i horaris"},"content":{"rendered":"\n<p>L\u2019alumnat ha d&#8217;assistir a:<\/p>\n\n\n\n<ul class=\"wp-block-list\">\n<li>De dilluns a dijous al mat\u00ed: dos dels quatre seminaris oferts.<\/li>\n\n\n\n<li>De dilluns a dijous a la tarda: un taller cada tarda.<\/li>\n\n\n\n<li>Divendres (tot el dia): confer\u00e8ncia plen\u00e0ria i participaci\u00f3 activa en les sessions de presentaci\u00f3 de la recerca realitzades en el XVI Simposi Internacional d&#8217;Investigaci\u00f3 Jove en Traducci\u00f3, Interpretaci\u00f3, Estudis Interculturals i Estudis d&#8217;\u00c0sia Oriental.<\/li>\n<\/ul>\n\n\n\n<p>Durant la setmana de l&#8217;Escola d&#8217;Estiu de Doctorat l\u2019alumnat podr\u00e0 fer tutories individuals amb el professorat convidat, sempre que s&#8217;hagi demanat cita pr\u00e8via al\/la professor\/a responsable del Departament abans del 26 de juny de 2026.<\/p>\n\n\n\n<p>Vegeu m\u00e9s informaci\u00f3 sobre els seminaris, els tallers i els professors a l&#8217;apartat de <a href=\"https:\/\/webs.uab.cat\/escola-doctorat\/professors-convidats\/\"><strong>Professorat convidat<\/strong><\/a>.<\/p>\n\n\n\n<p>PROGRAMA <\/p>\n\n\n\n<p>Pr\u00f2ximament<\/p>\n\n\n\n<p>L&#8217;assist\u00e8ncia al XVI Simposi Internacional de Joves Investigadors en Traducci\u00f3, Interpretaci\u00f3, Estudis Interculturals i Estudis d&#8217;\u00c0sia Oriental forma part de l&#8217;Escola d&#8217;Estiu de Doctorat i \u00e9s obligat\u00f2ria. Es lliurar\u00e0 un certificat addicional acreditatiu el dia del Simposi.<\/p>\n\n\n\n<p>\u00c9s necessari formalitzar la<strong>&nbsp;<a href=\"http:\/\/webs.uab.cat\/simposi\/\">inscripci\u00f3<\/a><\/strong>&nbsp;(gratu\u00efta per a qui estigui matriculat a l\u2019Escola d\u2019Estiu) a la web.<\/p>\n","protected":false},"excerpt":{"rendered":"<p>L\u2019alumnat ha d&#8217;assistir a: Durant la setmana de l&#8217;Escola d&#8217;Estiu de Doctorat l\u2019alumnat podr\u00e0 fer tutories individuals amb el professorat convidat, sempre que s&#8217;hagi demanat cita pr\u00e8via al\/la professor\/a responsable del Departament abans del 26 de juny de 2026. Vegeu m\u00e9s informaci\u00f3 sobre els seminaris, els tallers i els professors a l&#8217;apartat de Professorat convidat. [&hellip;]<\/p>\n","protected":false},"author":20,"featured_media":0,"parent":0,"menu_order":0,"comment_status":"closed","ping_status":"closed","template":"","meta":{"footnotes":""},"class_list":["post-399","page","type-page","status-publish","hentry"],"_links":{"self":[{"href":"https:\/\/webs.uab.cat\/escola-doctorat\/wp-json\/wp\/v2\/pages\/399","targetHints":{"allow":["GET"]}}],"collection":[{"href":"https:\/\/webs.uab.cat\/escola-doctorat\/wp-json\/wp\/v2\/pages"}],"about":[{"href":"https:\/\/webs.uab.cat\/escola-doctorat\/wp-json\/wp\/v2\/types\/page"}],"author":[{"embeddable":true,"href":"https:\/\/webs.uab.cat\/escola-doctorat\/wp-json\/wp\/v2\/users\/20"}],"replies":[{"embeddable":true,"href":"https:\/\/webs.uab.cat\/escola-doctorat\/wp-json\/wp\/v2\/comments?post=399"}],"version-history":[{"count":23,"href":"https:\/\/webs.uab.cat\/escola-doctorat\/wp-json\/wp\/v2\/pages\/399\/revisions"}],"predecessor-version":[{"id":2075,"href":"https:\/\/webs.uab.cat\/escola-doctorat\/wp-json\/wp\/v2\/pages\/399\/revisions\/2075"}],"wp:attachment":[{"href":"https:\/\/webs.uab.cat\/escola-doctorat\/wp-json\/wp\/v2\/media?parent=399"}],"curies":[{"name":"wp","href":"https:\/\/api.w.org\/{rel}","templated":true}]}}

<p>L’alumnat ha d&#8217;assistir a:</p>



<ul class="wp-block-list">
<li>De dilluns a dijous al matí: dos dels quatre seminaris oferts.</li>



<li>De dilluns a dijous a la tarda: un taller cada tarda.</li>



<li>Divendres (tot el dia): conferència plenària i participació activa en les sessions de presentació de la recerca realitzades en el XVI Simposi Internacional d&#8217;Investigació Jove en Traducció, Interpretació, Estudis Interculturals i Estudis d&#8217;Àsia Oriental.</li>
</ul>



<p>Durant la setmana de l&#8217;Escola d&#8217;Estiu de Doctorat l’alumnat podrà fer tutories individuals amb el professorat convidat, sempre que s&#8217;hagi demanat cita prèvia al/la professor/a responsable del Departament abans del 26 de juny de 2026.</p>



<p>Vegeu més informació sobre els seminaris, els tallers i els professors a l&#8217;apartat de <a href="https://webs.uab.cat/escola-doctorat/professors-convidats/"><strong>Professorat convidat</strong></a>.</p>



<p>PROGRAMA </p>



<p>Pròximament</p>



<p>L&#8217;assistència al XVI Simposi Internacional de Joves Investigadors en Traducció, Interpretació, Estudis Interculturals i Estudis d&#8217;Àsia Oriental forma part de l&#8217;Escola d&#8217;Estiu de Doctorat i és obligatòria. Es lliurarà un certificat addicional acreditatiu el dia del Simposi.</p>



<p>És necessari formalitzar la<strong>&nbsp;<a href="http://webs.uab.cat/simposi/">inscripció</a></strong>&nbsp;(gratuïta per a qui estigui matriculat a l’Escola d’Estiu) a la web.</p>

<p>L’alumnat ha d&#8217;assistir a: Durant la setmana de l&#8217;Escola d&#8217;Estiu de Doctorat l’alumnat podrà fer tutories individuals amb el professorat convidat, sempre que s&#8217;hagi demanat cita prèvia al/la professor/a responsable del Departament abans del 26 de juny de 2026. Vegeu més informació sobre els seminaris, els tallers i els professors a l&#8217;apartat de Professorat convidat. [&hellip;]</p>
