{"id":568,"date":"2025-03-19T11:09:51","date_gmt":"2025-03-19T09:09:51","guid":{"rendered":"https:\/\/webs.uab.cat\/esid\/?page_id=568"},"modified":"2026-01-16T11:19:30","modified_gmt":"2026-01-16T09:19:30","slug":"prestec-dinstruments-davaluacio-psicologica","status":"publish","type":"page","link":"https:\/\/webs.uab.cat\/esid\/prestec-dinstruments-davaluacio-psicologica\/","title":{"rendered":"Pr\u00e9stec d\u00b4Instruments d\u00b4Avaluaci\u00f3 Logop\u00e8dica i Psicol\u00f2gica"},"content":{"rendered":"\n<p><\/p>\n\n\n\n<figure class=\"wp-block-gallery has-nested-images columns-default is-cropped wp-block-gallery-1 is-layout-flex wp-block-gallery-is-layout-flex\">\n<figure class=\"wp-block-image size-large\"><img loading=\"lazy\" decoding=\"async\" width=\"1024\" height=\"391\" data-id=\"572\" src=\"https:\/\/webs.uab.cat\/esid\/wp-content\/uploads\/sites\/349\/2025\/03\/1690544441788-1024x391.jpg\" alt=\"\" class=\"wp-image-572\" srcset=\"https:\/\/webs.uab.cat\/esid\/wp-content\/uploads\/sites\/349\/2025\/03\/1690544441788-1024x391.jpg 1024w, https:\/\/webs.uab.cat\/esid\/wp-content\/uploads\/sites\/349\/2025\/03\/1690544441788-300x114.jpg 300w, https:\/\/webs.uab.cat\/esid\/wp-content\/uploads\/sites\/349\/2025\/03\/1690544441788-768x293.jpg 768w, https:\/\/webs.uab.cat\/esid\/wp-content\/uploads\/sites\/349\/2025\/03\/1690544441788.jpg 1169w\" sizes=\"auto, (max-width: 1024px) 100vw, 1024px\" \/><\/figure>\n<\/figure>\n\n\n\n<p class=\"has-text-align-center has-negre-eben-color has-groc-caputxina-background-color has-text-color has-background has-link-color wp-elements-96b2acdf7ce9a42aad64b45deef36ee9\">Disposem d&#8217;una col\u00b7lecci\u00f3 d&#8217;Instruments d\u2019Avaluaci\u00f3 tals com d\u00b4<strong>Intel\u00b7lig\u00e8ncia<\/strong>, <strong>Desenvolupament<\/strong>, <strong>Personalitat<\/strong>, <strong>Neuropsicologia<\/strong>, <strong>Lectoescriptura<\/strong> i <strong>Llenguatge<\/strong>, <strong>Ansietat<\/strong> i <strong>Depressi\u00f3<\/strong>, <strong>Mem\u00f2ria<\/strong> i <strong>Psicopatologia<\/strong>, etc&#8230; disponible per a TOTS els membres de la Facultat de Psicologia i de Logop\u00e8dia.<\/p>\n\n\n\n<div class=\"wp-block-group has-gris-londres-color has-text-color has-link-color wp-elements-2d77063e2565c3d6ea6e6b817ebf8c65 is-vertical is-layout-flex wp-container-core-group-is-layout-8cf370e7 wp-block-group-is-layout-flex\">\n<p class=\"has-text-align-left has-negre-eben-color has-text-color has-link-color wp-elements-8e6100c87153d9640c5b7cb323bd8672\"><a href=\"http:\/\/psicovirtual.uab.cat\/piap\" data-type=\"link\" data-id=\"psicovirtual.uab.cat\/piap\" target=\"_blank\" rel=\"noreferrer noopener\"><strong>Acc\u00e9s al cat\u00e0leg online<\/strong><\/a> (si est\u00e0s dintre del Campus)<\/p>\n\n\n\n<p class=\"has-text-align-center has-negre-eben-color has-text-color has-link-color wp-elements-5c3884f23c20c6911bdbc082fb5fd341\"><strong><a href=\"https:\/\/webs.uab.cat\/esid\/wp-content\/uploads\/sites\/349\/2026\/01\/SPT.-Cataleg-Curs-2025-26.pdf\" data-type=\"link\" data-id=\"https:\/\/webs.uab.cat\/esid\/wp-content\/uploads\/sites\/349\/2026\/01\/SPT.-Cataleg-Curs-2025-26.pdf\" target=\"_blank\" rel=\"noreferrer noopener\">Acc\u00e9s al cat\u00e0leg PDF<\/a><\/strong> (si est\u00e0s fora del Campus)<\/p>\n<\/div>\n\n\n\n<p class=\"has-text-align-center\">Si necessites proves d\u2019Avaluaci\u00f3 Psicol\u00f2gica i Logop\u00e8dica, corregir un test, consultar <strong>manuals PIR<\/strong> o material pel teu <strong>TFG<\/strong> o <strong>TFM<\/strong>, aquest \u00e9s el teu espai!<\/p>\n\n\n\n<p class=\"has-text-align-center has-background\" style=\"background:linear-gradient(135deg,rgb(255,245,203) 0%,rgb(182,227,212) 100%,rgb(51,167,181) 100%)\">L&#8217;espai del PIALP \u00e9s al final del passad\u00eds de les aules d&#8217;inform\u00e0tica de la Facultat de Psicologia i de Logop\u00e8dia. Si tens algun dubte sobre el servei de pr\u00e9stec, pots contactar amb el personal a trav\u00e9s del correu electr\u00f2nic <strong>piap@uab.cat<\/strong> o trucant al <strong>93 581 28 73.<\/strong><\/p>\n\n\n\n<p class=\"has-text-align-center has-small-font-size\">El servei est\u00e0 subjecte a una normativa espec\u00edfica que podeu consultar detalladament <a href=\"https:\/\/webs.uab.cat\/esid\/wp-content\/uploads\/sites\/349\/2017\/07\/Normativa-PIAP.pdf\" target=\"_blank\" rel=\"noreferrer noopener\">aqu\u00ed<\/a>.<\/p>\n\n\n\n<p><\/p>\n","protected":false},"excerpt":{"rendered":"<p>Disposem d&#8217;una col\u00b7lecci\u00f3 d&#8217;Instruments d\u2019Avaluaci\u00f3 tals com d\u00b4Intel\u00b7lig\u00e8ncia, Desenvolupament, Personalitat, Neuropsicologia, Lectoescriptura i Llenguatge, Ansietat i Depressi\u00f3, Mem\u00f2ria i Psicopatologia, etc&#8230; disponible per a TOTS els membres de la Facultat de Psicologia i de Logop\u00e8dia. Acc\u00e9s al cat\u00e0leg online (si est\u00e0s dintre del Campus) Acc\u00e9s al cat\u00e0leg PDF (si est\u00e0s fora del Campus) Si necessites [&hellip;]<\/p>\n","protected":false},"author":950,"featured_media":0,"parent":0,"menu_order":0,"comment_status":"closed","ping_status":"closed","template":"","meta":{"footnotes":""},"class_list":["post-568","page","type-page","status-publish","hentry"],"_links":{"self":[{"href":"https:\/\/webs.uab.cat\/esid\/wp-json\/wp\/v2\/pages\/568","targetHints":{"allow":["GET"]}}],"collection":[{"href":"https:\/\/webs.uab.cat\/esid\/wp-json\/wp\/v2\/pages"}],"about":[{"href":"https:\/\/webs.uab.cat\/esid\/wp-json\/wp\/v2\/types\/page"}],"author":[{"embeddable":true,"href":"https:\/\/webs.uab.cat\/esid\/wp-json\/wp\/v2\/users\/950"}],"replies":[{"embeddable":true,"href":"https:\/\/webs.uab.cat\/esid\/wp-json\/wp\/v2\/comments?post=568"}],"version-history":[{"count":24,"href":"https:\/\/webs.uab.cat\/esid\/wp-json\/wp\/v2\/pages\/568\/revisions"}],"predecessor-version":[{"id":660,"href":"https:\/\/webs.uab.cat\/esid\/wp-json\/wp\/v2\/pages\/568\/revisions\/660"}],"wp:attachment":[{"href":"https:\/\/webs.uab.cat\/esid\/wp-json\/wp\/v2\/media?parent=568"}],"curies":[{"name":"wp","href":"https:\/\/api.w.org\/{rel}","templated":true}]}}

Préstec d´Instruments d´Avaluació Logopèdica i Psicològica

<p></p>



<figure class="wp-block-gallery has-nested-images columns-default is-cropped wp-block-gallery-1 is-layout-flex wp-block-gallery-is-layout-flex">
<figure class="wp-block-image size-large"><img loading="lazy" decoding="async" width="1024" height="391" data-id="572" src="https://webs.uab.cat/esid/wp-content/uploads/sites/349/2025/03/1690544441788-1024x391.jpg" alt="" class="wp-image-572" srcset="https://webs.uab.cat/esid/wp-content/uploads/sites/349/2025/03/1690544441788-1024x391.jpg 1024w, https://webs.uab.cat/esid/wp-content/uploads/sites/349/2025/03/1690544441788-300x114.jpg 300w, https://webs.uab.cat/esid/wp-content/uploads/sites/349/2025/03/1690544441788-768x293.jpg 768w, https://webs.uab.cat/esid/wp-content/uploads/sites/349/2025/03/1690544441788.jpg 1169w" sizes="auto, (max-width: 1024px) 100vw, 1024px" /></figure>
</figure>



<p class="has-text-align-center has-negre-eben-color has-groc-caputxina-background-color has-text-color has-background has-link-color wp-elements-96b2acdf7ce9a42aad64b45deef36ee9">Disposem d&#8217;una col·lecció d&#8217;Instruments d’Avaluació tals com d´<strong>Intel·ligència</strong>, <strong>Desenvolupament</strong>, <strong>Personalitat</strong>, <strong>Neuropsicologia</strong>, <strong>Lectoescriptura</strong> i <strong>Llenguatge</strong>, <strong>Ansietat</strong> i <strong>Depressió</strong>, <strong>Memòria</strong> i <strong>Psicopatologia</strong>, etc&#8230; disponible per a TOTS els membres de la Facultat de Psicologia i de Logopèdia.</p>



<div class="wp-block-group has-gris-londres-color has-text-color has-link-color wp-elements-2d77063e2565c3d6ea6e6b817ebf8c65 is-vertical is-layout-flex wp-container-core-group-is-layout-8cf370e7 wp-block-group-is-layout-flex">
<p class="has-text-align-left has-negre-eben-color has-text-color has-link-color wp-elements-8e6100c87153d9640c5b7cb323bd8672"><a href="http://psicovirtual.uab.cat/piap" data-type="link" data-id="psicovirtual.uab.cat/piap" target="_blank" rel="noreferrer noopener"><strong>Accés al catàleg online</strong></a> (si estàs dintre del Campus)</p>



<p class="has-text-align-center has-negre-eben-color has-text-color has-link-color wp-elements-5c3884f23c20c6911bdbc082fb5fd341"><strong><a href="https://webs.uab.cat/esid/wp-content/uploads/sites/349/2026/01/SPT.-Cataleg-Curs-2025-26.pdf" data-type="link" data-id="https://webs.uab.cat/esid/wp-content/uploads/sites/349/2026/01/SPT.-Cataleg-Curs-2025-26.pdf" target="_blank" rel="noreferrer noopener">Accés al catàleg PDF</a></strong> (si estàs fora del Campus)</p>
</div>



<p class="has-text-align-center">Si necessites proves d’Avaluació Psicològica i Logopèdica, corregir un test, consultar <strong>manuals PIR</strong> o material pel teu <strong>TFG</strong> o <strong>TFM</strong>, aquest és el teu espai!</p>



<p class="has-text-align-center has-background" style="background:linear-gradient(135deg,rgb(255,245,203) 0%,rgb(182,227,212) 100%,rgb(51,167,181) 100%)">L&#8217;espai del PIALP és al final del passadís de les aules d&#8217;informàtica de la Facultat de Psicologia i de Logopèdia. Si tens algun dubte sobre el servei de préstec, pots contactar amb el personal a través del correu electrònic <strong>piap@uab.cat</strong> o trucant al <strong>93 581 28 73.</strong></p>



<p class="has-text-align-center has-small-font-size">El servei està subjecte a una normativa específica que podeu consultar detalladament <a href="https://webs.uab.cat/esid/wp-content/uploads/sites/349/2017/07/Normativa-PIAP.pdf" target="_blank" rel="noreferrer noopener">aquí</a>.</p>



<p></p>

<p>Disposem d&#8217;una col·lecció d&#8217;Instruments d’Avaluació tals com d´Intel·ligència, Desenvolupament, Personalitat, Neuropsicologia, Lectoescriptura i Llenguatge, Ansietat i Depressió, Memòria i Psicopatologia, etc&#8230; disponible per a TOTS els membres de la Facultat de Psicologia i de Logopèdia. Accés al catàleg online (si estàs dintre del Campus) Accés al catàleg PDF (si estàs fora del Campus) Si necessites [&hellip;]</p>
