{"id":86,"date":"2011-03-14T12:07:09","date_gmt":"2011-03-14T10:07:09","guid":{"rendered":"https:\/\/webs.uab.cat\/esid\/crearvisualitzar-una-carpeta\/"},"modified":"2011-03-14T12:07:09","modified_gmt":"2011-03-14T10:07:09","slug":"crearvisualitzar-una-carpeta","status":"publish","type":"page","link":"https:\/\/webs.uab.cat\/esid\/crearvisualitzar-una-carpeta\/","title":{"rendered":"Crear\/visualitzar una carpeta"},"content":{"rendered":"<p style=\"text-align: justify;\">El m\u00f2dul de <strong>carpeta<\/strong> permet al professorat mostrar un nombre de fitxers relacionats dins d&#8217;una sola carpeta, cosa que redueix el despla\u00e7ament per la p\u00e0gina del curs. Un fitxer comprimit es pot carregar i descomprimir per a la seva visualitzaci\u00f3, o crear una carpeta buida i enviar els fitxers a ella.<\/p>\n<p style=\"text-align: justify;\">Una carpeta pot utilitzar-se per a una s\u00e8rie de fitxers d&#8217;un tema, per exemple, un conjunt d&#8217;ex\u00e0mens d&#8217;anys anteriors en format pdf o una col\u00b7lecci\u00f3 de fitxers d&#8217;imatge perqu\u00e8 l&#8217;alumnat els empri en els seus projectes per a oferir un espai compartit de c\u00e0rrega de fitxers per al professorat en la p\u00e0gina del curs (manteniment la carpeta oculta perqu\u00e8 nom\u00e9s el professorat ho pugui veure).<\/p>\n","protected":false},"excerpt":{"rendered":"<p>El m\u00f2dul de carpeta permet al professorat mostrar un nombre de fitxers relacionats dins d&#8217;una sola carpeta, cosa que redueix el despla\u00e7ament per la p\u00e0gina del curs. Un fitxer comprimit es pot carregar i descomprimir per a la seva visualitzaci\u00f3, o crear una carpeta buida i enviar els fitxers a ella. Una carpeta pot utilitzar-se [&hellip;]<\/p>\n","protected":false},"author":20,"featured_media":0,"parent":0,"menu_order":0,"comment_status":"closed","ping_status":"closed","template":"","meta":{"footnotes":""},"class_list":["post-86","page","type-page","status-publish","hentry"],"_links":{"self":[{"href":"https:\/\/webs.uab.cat\/esid\/wp-json\/wp\/v2\/pages\/86","targetHints":{"allow":["GET"]}}],"collection":[{"href":"https:\/\/webs.uab.cat\/esid\/wp-json\/wp\/v2\/pages"}],"about":[{"href":"https:\/\/webs.uab.cat\/esid\/wp-json\/wp\/v2\/types\/page"}],"author":[{"embeddable":true,"href":"https:\/\/webs.uab.cat\/esid\/wp-json\/wp\/v2\/users\/20"}],"replies":[{"embeddable":true,"href":"https:\/\/webs.uab.cat\/esid\/wp-json\/wp\/v2\/comments?post=86"}],"version-history":[{"count":0,"href":"https:\/\/webs.uab.cat\/esid\/wp-json\/wp\/v2\/pages\/86\/revisions"}],"wp:attachment":[{"href":"https:\/\/webs.uab.cat\/esid\/wp-json\/wp\/v2\/media?parent=86"}],"curies":[{"name":"wp","href":"https:\/\/api.w.org\/{rel}","templated":true}]}}