{"id":22,"date":"2021-08-08T14:27:39","date_gmt":"2021-08-08T12:27:39","guid":{"rendered":"https:\/\/blogs.uab.cat\/abcd\/?page_id=22"},"modified":"2025-11-06T15:33:58","modified_gmt":"2025-11-06T13:33:58","slug":"equip-i-context","status":"publish","type":"page","link":"https:\/\/webs.uab.cat\/estudiabcd\/equip-i-context\/","title":{"rendered":"Equip i context"},"content":{"rendered":"\n<p>L&#8217;estudi ABCD est\u00e0 liderat pel grup de recerca <strong>Laboratori Hum\u00e0<\/strong>.<\/p>\n\n\n\n<p>L&#8217;equip est\u00e0 format principalment per investigadores i investigadors de la <strong>Universitat Aut\u00f2noma de Barcelona (UAB)<\/strong> que pertanyen a:<\/p>\n\n\n\n<ul class=\"wp-block-list\">\n<li>L&#8217;Institut de Neuroci\u00e8ncies.<\/li>\n\n\n\n<li>Departament de Psiquiatria i de Medicina Legal (Facultat de Medicina)<\/li>\n\n\n\n<li>Departament de Psicobiologia i de Metodologia en les Ci\u00e8ncies de la Salut (Facultat de Psicologia).<\/li>\n<\/ul>\n\n\n\n<p>Compten amb la col\u00b7laboraci\u00f3 de l&#8217;<strong>Hospital Parc Taul\u00ed <\/strong>de Sabadell (<a href=\"https:\/\/www.tauli.cat\/salutmental\/salut-mental-infants-joves\" data-type=\"link\" data-id=\"https:\/\/www.tauli.cat\/salutmental\/salut-mental-infants-joves\"><strong>Servei de Salut Mental Infanto-Juvenil<\/strong><\/a>), i d&#8217;investigadores i investigadors d&#8217;altres Universitats (Santiago de Compostela).<\/p>\n\n\n\n<p>Algunes persones del grup som part del <a href=\"https:\/\/www.cibersam.es\/\"><strong>CIBERSAM<\/strong> <\/a>(Centre d&#8217;Investigaci\u00f3 Biom\u00e8dica en Salut Mental), del <a href=\"https:\/\/tecsam.org\/\"><strong>TECSAM<\/strong><\/a> (Xarxa d&#8217;innovaci\u00f3 i recerca en Salut Mental i Tecnologies), de la <a href=\"https:\/\/www.uab.cat\/web\/investigar\/cores-uab\/core-en-salut-mental\/la-xarxa-core-en-salut-mental-1345696629751.html\"><strong>CORE en Salut Mental de la UAB<\/strong> <\/a>i de la <a href=\"https:\/\/www.uab.cat\/core-educacio\/\"><strong>CORE en Educaci\u00f3 i Ocupabilitat de la UAB<\/strong><\/a>.<\/p>\n\n\n\n<p>Com a part de la UAB pertanyen al <a href=\"https:\/\/www.clustersalutmental.com\/\"><strong>Cluster de Salut Mental de Catalunya<\/strong><\/a> i a la <strong><a href=\"https:\/\/www.ruia.es\/\">Red de Universidades por la Infancia y Adolescencia<\/a>.<\/strong><\/p>\n\n\n\n<div class=\"wp-block-buttons is-layout-flex wp-block-buttons-is-layout-flex\">\n<div class=\"wp-block-button\"><a class=\"wp-block-button__link wp-element-button\" href=\"https:\/\/webs.uab.cat\/estudiabcd\/equip-i-context\/membres\/\">Membres de l&#8217;equip<\/a><\/div>\n\n\n\n<div class=\"wp-block-button\"><a class=\"wp-block-button__link wp-element-button\" href=\"https:\/\/webs.uab.cat\/estudiabcd\/equip-i-context\/collaboradors\/\">col\u00b7laboradors\/es<\/a><\/div>\n<\/div>\n\n\n<div class=\"wp-block-image\">\n<figure class=\"aligncenter size-full\"><img loading=\"lazy\" decoding=\"async\" width=\"1280\" height=\"720\" src=\"https:\/\/webs.uab.cat\/estudiabcd\/wp-content\/uploads\/sites\/244\/2025\/10\/Diapositiva1.png\" alt=\"\" class=\"wp-image-2553\" srcset=\"https:\/\/webs.uab.cat\/estudiabcd\/wp-content\/uploads\/sites\/244\/2025\/10\/Diapositiva1.png 1280w, https:\/\/webs.uab.cat\/estudiabcd\/wp-content\/uploads\/sites\/244\/2025\/10\/Diapositiva1-300x169.png 300w, https:\/\/webs.uab.cat\/estudiabcd\/wp-content\/uploads\/sites\/244\/2025\/10\/Diapositiva1-1024x576.png 1024w, https:\/\/webs.uab.cat\/estudiabcd\/wp-content\/uploads\/sites\/244\/2025\/10\/Diapositiva1-768x432.png 768w, https:\/\/webs.uab.cat\/estudiabcd\/wp-content\/uploads\/sites\/244\/2025\/10\/Diapositiva1-1200x675.png 1200w\" sizes=\"auto, (max-width: 1280px) 100vw, 1280px\" \/><\/figure>\n<\/div>","protected":false},"excerpt":{"rendered":"<p>L&#8217;estudi ABCD est\u00e0 liderat pel grup de recerca Laboratori Hum\u00e0. L&#8217;equip est\u00e0 format principalment per investigadores i investigadors de la Universitat Aut\u00f2noma de Barcelona (UAB) que pertanyen a: Compten amb la col\u00b7laboraci\u00f3 de l&#8217;Hospital Parc Taul\u00ed de Sabadell (Servei de Salut Mental Infanto-Juvenil), i d&#8217;investigadores i investigadors d&#8217;altres Universitats (Santiago de Compostela). Algunes persones del [&hellip;]<\/p>\n","protected":false},"author":544,"featured_media":0,"parent":0,"menu_order":2,"comment_status":"closed","ping_status":"closed","template":"","meta":{"footnotes":""},"class_list":["post-22","page","type-page","status-publish","hentry"],"_links":{"self":[{"href":"https:\/\/webs.uab.cat\/estudiabcd\/wp-json\/wp\/v2\/pages\/22","targetHints":{"allow":["GET"]}}],"collection":[{"href":"https:\/\/webs.uab.cat\/estudiabcd\/wp-json\/wp\/v2\/pages"}],"about":[{"href":"https:\/\/webs.uab.cat\/estudiabcd\/wp-json\/wp\/v2\/types\/page"}],"author":[{"embeddable":true,"href":"https:\/\/webs.uab.cat\/estudiabcd\/wp-json\/wp\/v2\/users\/544"}],"replies":[{"embeddable":true,"href":"https:\/\/webs.uab.cat\/estudiabcd\/wp-json\/wp\/v2\/comments?post=22"}],"version-history":[{"count":18,"href":"https:\/\/webs.uab.cat\/estudiabcd\/wp-json\/wp\/v2\/pages\/22\/revisions"}],"predecessor-version":[{"id":2907,"href":"https:\/\/webs.uab.cat\/estudiabcd\/wp-json\/wp\/v2\/pages\/22\/revisions\/2907"}],"wp:attachment":[{"href":"https:\/\/webs.uab.cat\/estudiabcd\/wp-json\/wp\/v2\/media?parent=22"}],"curies":[{"name":"wp","href":"https:\/\/api.w.org\/{rel}","templated":true}]}}