{"id":2241,"date":"2025-04-24T16:56:04","date_gmt":"2025-04-24T14:56:04","guid":{"rendered":"https:\/\/webs.uab.cat\/estudiabcd\/?page_id=2241"},"modified":"2025-11-24T16:32:21","modified_gmt":"2025-11-24T14:32:21","slug":"activitats-de-grup-2025","status":"publish","type":"page","link":"https:\/\/webs.uab.cat\/estudiabcd\/activitats-de-grup-2025\/","title":{"rendered":"2025"},"content":{"rendered":"\n<details class=\"wp-block-mamaduka-toggles wp-block-toggles\"><summary>Jornades de Portes Obertes de l&#8217;Institut de Neuroci\u00e8ncies (INc)<\/summary><div class=\"wp-block-toggles__content\">\n<div class=\"wp-block-media-text is-stacked-on-mobile\" style=\"grid-template-columns:54% auto\"><figure class=\"wp-block-media-text__media\"><img loading=\"lazy\" decoding=\"async\" width=\"1024\" height=\"768\" src=\"https:\/\/webs.uab.cat\/estudiabcd\/wp-content\/uploads\/sites\/244\/2025\/11\/Imatge-de-WhatsApp-2025-11-12-a-les-14.41.00_e19be31d-1024x768.jpg\" alt=\"\" class=\"wp-image-2989 size-full\" srcset=\"https:\/\/webs.uab.cat\/estudiabcd\/wp-content\/uploads\/sites\/244\/2025\/11\/Imatge-de-WhatsApp-2025-11-12-a-les-14.41.00_e19be31d-1024x768.jpg 1024w, https:\/\/webs.uab.cat\/estudiabcd\/wp-content\/uploads\/sites\/244\/2025\/11\/Imatge-de-WhatsApp-2025-11-12-a-les-14.41.00_e19be31d-300x225.jpg 300w, https:\/\/webs.uab.cat\/estudiabcd\/wp-content\/uploads\/sites\/244\/2025\/11\/Imatge-de-WhatsApp-2025-11-12-a-les-14.41.00_e19be31d-768x576.jpg 768w, https:\/\/webs.uab.cat\/estudiabcd\/wp-content\/uploads\/sites\/244\/2025\/11\/Imatge-de-WhatsApp-2025-11-12-a-les-14.41.00_e19be31d-1536x1152.jpg 1536w, https:\/\/webs.uab.cat\/estudiabcd\/wp-content\/uploads\/sites\/244\/2025\/11\/Imatge-de-WhatsApp-2025-11-12-a-les-14.41.00_e19be31d-1200x900.jpg 1200w, https:\/\/webs.uab.cat\/estudiabcd\/wp-content\/uploads\/sites\/244\/2025\/11\/Imatge-de-WhatsApp-2025-11-12-a-les-14.41.00_e19be31d-1980x1485.jpg 1980w, https:\/\/webs.uab.cat\/estudiabcd\/wp-content\/uploads\/sites\/244\/2025\/11\/Imatge-de-WhatsApp-2025-11-12-a-les-14.41.00_e19be31d.jpg 2048w\" sizes=\"auto, (max-width: 1024px) 100vw, 1024px\" \/><\/figure><div class=\"wp-block-media-text__content\">\n<p>Hem rebut a estudiants de batxiller i cicles formatius per a presentar l&#8217;estudi\u00a0ABCD\u00a0i donar a con\u00e8ixer el nostre treball de recerca.<\/p>\n\n\n\n<p>12 de novembre de 2025 (Bellaterra).<\/p>\n<\/div><\/div>\n<\/div><\/details>\n\n\n\n<details class=\"wp-block-mamaduka-toggles wp-block-toggles\"><summary>12\u00aa edici\u00f3 de les Jornades de l&#8217;Institut de Neuroci\u00e8ncies (INc)<\/summary><div class=\"wp-block-toggles__content\">\n<div class=\"wp-block-media-text is-stacked-on-mobile\" style=\"grid-template-columns:58% auto\"><figure class=\"wp-block-media-text__media\"><img loading=\"lazy\" decoding=\"async\" width=\"1024\" height=\"768\" src=\"https:\/\/webs.uab.cat\/estudiabcd\/wp-content\/uploads\/sites\/244\/2025\/11\/photo_2025-11-12_14-35-32-1024x768.jpg\" alt=\"\" class=\"wp-image-2983 size-full\" srcset=\"https:\/\/webs.uab.cat\/estudiabcd\/wp-content\/uploads\/sites\/244\/2025\/11\/photo_2025-11-12_14-35-32-1024x768.jpg 1024w, https:\/\/webs.uab.cat\/estudiabcd\/wp-content\/uploads\/sites\/244\/2025\/11\/photo_2025-11-12_14-35-32-300x225.jpg 300w, https:\/\/webs.uab.cat\/estudiabcd\/wp-content\/uploads\/sites\/244\/2025\/11\/photo_2025-11-12_14-35-32-768x576.jpg 768w, https:\/\/webs.uab.cat\/estudiabcd\/wp-content\/uploads\/sites\/244\/2025\/11\/photo_2025-11-12_14-35-32-1200x900.jpg 1200w, https:\/\/webs.uab.cat\/estudiabcd\/wp-content\/uploads\/sites\/244\/2025\/11\/photo_2025-11-12_14-35-32.jpg 1280w\" sizes=\"auto, (max-width: 1024px) 100vw, 1024px\" \/><\/figure><div class=\"wp-block-media-text__content\">\n<p>Hem assistit a la 12\u00aa edici\u00f3 de les Jornades de l&#8217;INc on els nostres estudiants de doctorat han presentat resultats de la seva recerca.<\/p>\n\n\n\n<p>06 al 08 d&#8217;octubre de 2025 (Sant Feliu de Gu\u00edxols).<\/p>\n<\/div><\/div>\n<\/div><\/details>\n\n\n\n<details class=\"wp-block-mamaduka-toggles wp-block-toggles\"><summary> Annual meeting of the International Society of Psychoneuroendocrinology (ISPNE)<\/summary><div class=\"wp-block-toggles__content\">\n<div class=\"wp-block-media-text is-stacked-on-mobile\" style=\"grid-template-columns:36% auto\"><figure class=\"wp-block-media-text__media\"><img loading=\"lazy\" decoding=\"async\" width=\"768\" height=\"1024\" src=\"https:\/\/webs.uab.cat\/estudiabcd\/wp-content\/uploads\/sites\/244\/2025\/11\/photo_2025-11-12_14-33-20-768x1024.jpg\" alt=\"\" class=\"wp-image-2980 size-full\" srcset=\"https:\/\/webs.uab.cat\/estudiabcd\/wp-content\/uploads\/sites\/244\/2025\/11\/photo_2025-11-12_14-33-20-768x1024.jpg 768w, https:\/\/webs.uab.cat\/estudiabcd\/wp-content\/uploads\/sites\/244\/2025\/11\/photo_2025-11-12_14-33-20-225x300.jpg 225w, https:\/\/webs.uab.cat\/estudiabcd\/wp-content\/uploads\/sites\/244\/2025\/11\/photo_2025-11-12_14-33-20.jpg 960w\" sizes=\"auto, (max-width: 768px) 100vw, 768px\" \/><\/figure><div class=\"wp-block-media-text__content\">\n<p>Hem assistit a la reuni\u00f3 anual de&nbsp;l&#8217;ISPNE,&nbsp;on un dels nostres doctorands ha presentat resultats de la seva recerca cient\u00edfica sobre&nbsp;estr\u00e8s.<\/p>\n\n\n\n<p>03 al 05 de setembre de 2025 (New Orleans). <\/p>\n<\/div><\/div>\n<\/div><\/details>\n\n\n\n<details class=\"wp-block-mamaduka-toggles wp-block-toggles\"><summary>Xerrades de divulgaci\u00f3&nbsp;EscolaLab<\/summary><div class=\"wp-block-toggles__content\">\n<div class=\"wp-block-media-text is-stacked-on-mobile\" style=\"grid-template-columns:60% auto\"><figure class=\"wp-block-media-text__media\"><img loading=\"lazy\" decoding=\"async\" width=\"1024\" height=\"576\" src=\"https:\/\/webs.uab.cat\/estudiabcd\/wp-content\/uploads\/sites\/244\/2025\/04\/image-1-1024x576.png\" alt=\"\" class=\"wp-image-2248 size-full\" srcset=\"https:\/\/webs.uab.cat\/estudiabcd\/wp-content\/uploads\/sites\/244\/2025\/04\/image-1-1024x576.png 1024w, https:\/\/webs.uab.cat\/estudiabcd\/wp-content\/uploads\/sites\/244\/2025\/04\/image-1-300x169.png 300w, https:\/\/webs.uab.cat\/estudiabcd\/wp-content\/uploads\/sites\/244\/2025\/04\/image-1-768x432.png 768w, https:\/\/webs.uab.cat\/estudiabcd\/wp-content\/uploads\/sites\/244\/2025\/04\/image-1.png 1038w\" sizes=\"auto, (max-width: 1024px) 100vw, 1024px\" \/><\/figure><div class=\"wp-block-media-text__content\">\n<p>Durant la setmana del cervell hem realitzat xerrades sobre el cervell, les seves parts i funcions a estudiants de&nbsp;5to&nbsp;de prim\u00e0ria d&#8217;escoles de Barcelona.<\/p>\n\n\n\n<p>12 de mar\u00e7 de 2025 (Barcelona).<\/p>\n<\/div><\/div>\n<\/div><\/details>\n\n\n\n<details class=\"wp-block-mamaduka-toggles wp-block-toggles\"><summary>VII Jornada de Psicopatia  <\/summary><div class=\"wp-block-toggles__content\">\n<div class=\"wp-block-media-text is-stacked-on-mobile\" style=\"grid-template-columns:54% auto\"><figure class=\"wp-block-media-text__media\"><img loading=\"lazy\" decoding=\"async\" width=\"1024\" height=\"768\" src=\"https:\/\/webs.uab.cat\/estudiabcd\/wp-content\/uploads\/sites\/244\/2025\/11\/photo_2025-11-12_14-39-17-1024x768.jpg\" alt=\"\" class=\"wp-image-2995 size-full\" srcset=\"https:\/\/webs.uab.cat\/estudiabcd\/wp-content\/uploads\/sites\/244\/2025\/11\/photo_2025-11-12_14-39-17-1024x768.jpg 1024w, https:\/\/webs.uab.cat\/estudiabcd\/wp-content\/uploads\/sites\/244\/2025\/11\/photo_2025-11-12_14-39-17-300x225.jpg 300w, https:\/\/webs.uab.cat\/estudiabcd\/wp-content\/uploads\/sites\/244\/2025\/11\/photo_2025-11-12_14-39-17-768x576.jpg 768w, https:\/\/webs.uab.cat\/estudiabcd\/wp-content\/uploads\/sites\/244\/2025\/11\/photo_2025-11-12_14-39-17-1200x900.jpg 1200w, https:\/\/webs.uab.cat\/estudiabcd\/wp-content\/uploads\/sites\/244\/2025\/11\/photo_2025-11-12_14-39-17.jpg 1280w\" sizes=\"auto, (max-width: 1024px) 100vw, 1024px\" \/><\/figure><div class=\"wp-block-media-text__content\">\n<p>Hem coorganitzat i participat en la VII Jornada de Psicopatia on els nostres estudiants de doctorat han presentat resultats de la seva recerca cient\u00edfica.<\/p>\n\n\n\n<p>28 de febrer de 2025 (Lleida).<\/p>\n<\/div><\/div>\n<\/div><\/details>\n\n\n\n<p class=\"has-text-align-center\"><\/p>\n\n\n\n<p class=\"has-text-align-center\"><\/p>\n\n\n\n<p><\/p>\n","protected":false},"excerpt":{"rendered":"","protected":false},"author":2986,"featured_media":0,"parent":0,"menu_order":0,"comment_status":"closed","ping_status":"closed","template":"","meta":{"footnotes":""},"class_list":["post-2241","page","type-page","status-publish","hentry"],"_links":{"self":[{"href":"https:\/\/webs.uab.cat\/estudiabcd\/wp-json\/wp\/v2\/pages\/2241","targetHints":{"allow":["GET"]}}],"collection":[{"href":"https:\/\/webs.uab.cat\/estudiabcd\/wp-json\/wp\/v2\/pages"}],"about":[{"href":"https:\/\/webs.uab.cat\/estudiabcd\/wp-json\/wp\/v2\/types\/page"}],"author":[{"embeddable":true,"href":"https:\/\/webs.uab.cat\/estudiabcd\/wp-json\/wp\/v2\/users\/2986"}],"replies":[{"embeddable":true,"href":"https:\/\/webs.uab.cat\/estudiabcd\/wp-json\/wp\/v2\/comments?post=2241"}],"version-history":[{"count":7,"href":"https:\/\/webs.uab.cat\/estudiabcd\/wp-json\/wp\/v2\/pages\/2241\/revisions"}],"predecessor-version":[{"id":3311,"href":"https:\/\/webs.uab.cat\/estudiabcd\/wp-json\/wp\/v2\/pages\/2241\/revisions\/3311"}],"wp:attachment":[{"href":"https:\/\/webs.uab.cat\/estudiabcd\/wp-json\/wp\/v2\/media?parent=2241"}],"curies":[{"name":"wp","href":"https:\/\/api.w.org\/{rel}","templated":true}]}}

<details class="wp-block-mamaduka-toggles wp-block-toggles"><summary>Jornades de Portes Obertes de l&#8217;Institut de Neurociències (INc)</summary><div class="wp-block-toggles__content">
<div class="wp-block-media-text is-stacked-on-mobile" style="grid-template-columns:54% auto"><figure class="wp-block-media-text__media"><img loading="lazy" decoding="async" width="1024" height="768" src="https://webs.uab.cat/estudiabcd/wp-content/uploads/sites/244/2025/11/Imatge-de-WhatsApp-2025-11-12-a-les-14.41.00_e19be31d-1024x768.jpg" alt="" class="wp-image-2989 size-full" srcset="https://webs.uab.cat/estudiabcd/wp-content/uploads/sites/244/2025/11/Imatge-de-WhatsApp-2025-11-12-a-les-14.41.00_e19be31d-1024x768.jpg 1024w, https://webs.uab.cat/estudiabcd/wp-content/uploads/sites/244/2025/11/Imatge-de-WhatsApp-2025-11-12-a-les-14.41.00_e19be31d-300x225.jpg 300w, https://webs.uab.cat/estudiabcd/wp-content/uploads/sites/244/2025/11/Imatge-de-WhatsApp-2025-11-12-a-les-14.41.00_e19be31d-768x576.jpg 768w, https://webs.uab.cat/estudiabcd/wp-content/uploads/sites/244/2025/11/Imatge-de-WhatsApp-2025-11-12-a-les-14.41.00_e19be31d-1536x1152.jpg 1536w, https://webs.uab.cat/estudiabcd/wp-content/uploads/sites/244/2025/11/Imatge-de-WhatsApp-2025-11-12-a-les-14.41.00_e19be31d-1200x900.jpg 1200w, https://webs.uab.cat/estudiabcd/wp-content/uploads/sites/244/2025/11/Imatge-de-WhatsApp-2025-11-12-a-les-14.41.00_e19be31d-1980x1485.jpg 1980w, https://webs.uab.cat/estudiabcd/wp-content/uploads/sites/244/2025/11/Imatge-de-WhatsApp-2025-11-12-a-les-14.41.00_e19be31d.jpg 2048w" sizes="auto, (max-width: 1024px) 100vw, 1024px" /></figure><div class="wp-block-media-text__content">
<p>Hem rebut a estudiants de batxiller i cicles formatius per a presentar l&#8217;estudi ABCD i donar a conèixer el nostre treball de recerca.</p>



<p>12 de novembre de 2025 (Bellaterra).</p>
</div></div>
</div></details>



<details class="wp-block-mamaduka-toggles wp-block-toggles"><summary>12ª edició de les Jornades de l&#8217;Institut de Neurociències (INc)</summary><div class="wp-block-toggles__content">
<div class="wp-block-media-text is-stacked-on-mobile" style="grid-template-columns:58% auto"><figure class="wp-block-media-text__media"><img loading="lazy" decoding="async" width="1024" height="768" src="https://webs.uab.cat/estudiabcd/wp-content/uploads/sites/244/2025/11/photo_2025-11-12_14-35-32-1024x768.jpg" alt="" class="wp-image-2983 size-full" srcset="https://webs.uab.cat/estudiabcd/wp-content/uploads/sites/244/2025/11/photo_2025-11-12_14-35-32-1024x768.jpg 1024w, https://webs.uab.cat/estudiabcd/wp-content/uploads/sites/244/2025/11/photo_2025-11-12_14-35-32-300x225.jpg 300w, https://webs.uab.cat/estudiabcd/wp-content/uploads/sites/244/2025/11/photo_2025-11-12_14-35-32-768x576.jpg 768w, https://webs.uab.cat/estudiabcd/wp-content/uploads/sites/244/2025/11/photo_2025-11-12_14-35-32-1200x900.jpg 1200w, https://webs.uab.cat/estudiabcd/wp-content/uploads/sites/244/2025/11/photo_2025-11-12_14-35-32.jpg 1280w" sizes="auto, (max-width: 1024px) 100vw, 1024px" /></figure><div class="wp-block-media-text__content">
<p>Hem assistit a la 12ª edició de les Jornades de l&#8217;INc on els nostres estudiants de doctorat han presentat resultats de la seva recerca.</p>



<p>06 al 08 d&#8217;octubre de 2025 (Sant Feliu de Guíxols).</p>
</div></div>
</div></details>



<details class="wp-block-mamaduka-toggles wp-block-toggles"><summary> Annual meeting of the International Society of Psychoneuroendocrinology (ISPNE)</summary><div class="wp-block-toggles__content">
<div class="wp-block-media-text is-stacked-on-mobile" style="grid-template-columns:36% auto"><figure class="wp-block-media-text__media"><img loading="lazy" decoding="async" width="768" height="1024" src="https://webs.uab.cat/estudiabcd/wp-content/uploads/sites/244/2025/11/photo_2025-11-12_14-33-20-768x1024.jpg" alt="" class="wp-image-2980 size-full" srcset="https://webs.uab.cat/estudiabcd/wp-content/uploads/sites/244/2025/11/photo_2025-11-12_14-33-20-768x1024.jpg 768w, https://webs.uab.cat/estudiabcd/wp-content/uploads/sites/244/2025/11/photo_2025-11-12_14-33-20-225x300.jpg 225w, https://webs.uab.cat/estudiabcd/wp-content/uploads/sites/244/2025/11/photo_2025-11-12_14-33-20.jpg 960w" sizes="auto, (max-width: 768px) 100vw, 768px" /></figure><div class="wp-block-media-text__content">
<p>Hem assistit a la reunió anual de&nbsp;l&#8217;ISPNE,&nbsp;on un dels nostres doctorands ha presentat resultats de la seva recerca científica sobre&nbsp;estrès.</p>



<p>03 al 05 de setembre de 2025 (New Orleans). </p>
</div></div>
</div></details>



<details class="wp-block-mamaduka-toggles wp-block-toggles"><summary>Xerrades de divulgació&nbsp;EscolaLab</summary><div class="wp-block-toggles__content">
<div class="wp-block-media-text is-stacked-on-mobile" style="grid-template-columns:60% auto"><figure class="wp-block-media-text__media"><img loading="lazy" decoding="async" width="1024" height="576" src="https://webs.uab.cat/estudiabcd/wp-content/uploads/sites/244/2025/04/image-1-1024x576.png" alt="" class="wp-image-2248 size-full" srcset="https://webs.uab.cat/estudiabcd/wp-content/uploads/sites/244/2025/04/image-1-1024x576.png 1024w, https://webs.uab.cat/estudiabcd/wp-content/uploads/sites/244/2025/04/image-1-300x169.png 300w, https://webs.uab.cat/estudiabcd/wp-content/uploads/sites/244/2025/04/image-1-768x432.png 768w, https://webs.uab.cat/estudiabcd/wp-content/uploads/sites/244/2025/04/image-1.png 1038w" sizes="auto, (max-width: 1024px) 100vw, 1024px" /></figure><div class="wp-block-media-text__content">
<p>Durant la setmana del cervell hem realitzat xerrades sobre el cervell, les seves parts i funcions a estudiants de&nbsp;5to&nbsp;de primària d&#8217;escoles de Barcelona.</p>



<p>12 de març de 2025 (Barcelona).</p>
</div></div>
</div></details>



<details class="wp-block-mamaduka-toggles wp-block-toggles"><summary>VII Jornada de Psicopatia  </summary><div class="wp-block-toggles__content">
<div class="wp-block-media-text is-stacked-on-mobile" style="grid-template-columns:54% auto"><figure class="wp-block-media-text__media"><img loading="lazy" decoding="async" width="1024" height="768" src="https://webs.uab.cat/estudiabcd/wp-content/uploads/sites/244/2025/11/photo_2025-11-12_14-39-17-1024x768.jpg" alt="" class="wp-image-2995 size-full" srcset="https://webs.uab.cat/estudiabcd/wp-content/uploads/sites/244/2025/11/photo_2025-11-12_14-39-17-1024x768.jpg 1024w, https://webs.uab.cat/estudiabcd/wp-content/uploads/sites/244/2025/11/photo_2025-11-12_14-39-17-300x225.jpg 300w, https://webs.uab.cat/estudiabcd/wp-content/uploads/sites/244/2025/11/photo_2025-11-12_14-39-17-768x576.jpg 768w, https://webs.uab.cat/estudiabcd/wp-content/uploads/sites/244/2025/11/photo_2025-11-12_14-39-17-1200x900.jpg 1200w, https://webs.uab.cat/estudiabcd/wp-content/uploads/sites/244/2025/11/photo_2025-11-12_14-39-17.jpg 1280w" sizes="auto, (max-width: 1024px) 100vw, 1024px" /></figure><div class="wp-block-media-text__content">
<p>Hem coorganitzat i participat en la VII Jornada de Psicopatia on els nostres estudiants de doctorat han presentat resultats de la seva recerca científica.</p>



<p>28 de febrer de 2025 (Lleida).</p>
</div></div>
</div></details>



<p class="has-text-align-center"></p>



<p class="has-text-align-center"></p>



<p></p>
