{"id":24,"date":"2021-08-08T14:28:02","date_gmt":"2021-08-08T12:28:02","guid":{"rendered":"https:\/\/blogs.uab.cat\/abcd\/?page_id=24"},"modified":"2025-11-24T15:35:01","modified_gmt":"2025-11-24T13:35:01","slug":"contacte","status":"publish","type":"page","link":"https:\/\/webs.uab.cat\/estudiabcd\/contacte\/","title":{"rendered":"Contacte"},"content":{"rendered":"\n<div class=\"wp-block-columns alignwide is-layout-flex wp-container-core-columns-is-layout-9d6595d7 wp-block-columns-is-layout-flex\">\n<div class=\"wp-block-column is-layout-flow wp-block-column-is-layout-flow\">\n<div class=\"wp-block-group has-background\" style=\"background-color:#ffffff\"><div class=\"wp-block-group__inner-container is-layout-flow wp-block-group-is-layout-flow\">\n<h2 class=\"wp-block-heading has-text-align-center\">Fases comunit\u00e0ries<\/h2>\n\n\n\n<p class=\"has-text-align-center\">Fases 1, 2, 3 i 4<\/p>\n\n\n\n<details class=\"wp-block-mamaduka-toggles wp-block-toggles\"><summary>Responsable <\/summary><div class=\"wp-block-toggles__content\">\n<p>Dra. Beatriz Molinuevo <\/p>\n<\/div><\/details>\n\n\n\n<details class=\"wp-block-mamaduka-toggles wp-block-toggles\"><summary>Correu electr\u00f2nic <\/summary><div class=\"wp-block-toggles__content\">\n<p><strong>gr.abcd@uab.cat<\/strong><\/p>\n<\/div><\/details>\n\n\n\n<details class=\"wp-block-mamaduka-toggles wp-block-toggles\"><summary>WhatsApp<\/summary><div class=\"wp-block-toggles__content\">\n<p><strong>+<\/strong> <strong>34 650 035 001<\/strong><\/p>\n\n\n\n<p>Horari d\u2019atenci\u00f3: de dilluns a divendres, de 9 a 18 h.<\/p>\n\n\n\n<p>Segons les&nbsp;<a href=\"https:\/\/www.whatsapp.com\/legal\/\" target=\"_blank\" rel=\"noreferrer noopener\">condicions legals de WhatsApp<\/a>, en utilitzar aquest servei de missatgeria instant\u00e0nia, s\u2019ent\u00e9n que els usuaris accepten les condicions legals indicades.<\/p>\n\n\n\n<p><\/p>\n<\/div><\/details>\n<\/div><\/div>\n<\/div>\n\n\n\n<div class=\"wp-block-column is-layout-flow wp-block-column-is-layout-flow\">\n<div class=\"wp-block-group has-background\" style=\"background-color:#ffffff\"><div class=\"wp-block-group__inner-container is-layout-flow wp-block-group-is-layout-flow\">\n<h2 class=\"wp-block-heading has-text-align-center\">Laboratoris<\/h2>\n\n\n\n<p class=\"has-text-align-center\">Laboratori 2, 3 i 4<\/p>\n\n\n\n<details class=\"wp-block-mamaduka-toggles wp-block-toggles\"><summary>Responsable<\/summary><div class=\"wp-block-toggles__content\">\n<p>Dra. Roser Nadal<\/p>\n<\/div><\/details>\n\n\n\n<details class=\"wp-block-mamaduka-toggles wp-block-toggles\"><summary>Correu electr\u00f2nic <\/summary><div class=\"wp-block-toggles__content\">\n<p><strong>pr.emocions.conducta@uab.cat<\/strong><\/p>\n<\/div><\/details>\n\n\n\n<details class=\"wp-block-mamaduka-toggles wp-block-toggles\"><summary>WhatsApp<\/summary><div class=\"wp-block-toggles__content\">\n<p><strong>+34 696 517 413<\/strong><\/p>\n\n\n\n<p>Horari d\u2019atenci\u00f3: de dilluns a divendres, de 9 a 18 h.<\/p>\n\n\n\n<p>Segons les&nbsp;<a href=\"https:\/\/www.whatsapp.com\/legal\/\" target=\"_blank\" rel=\"noreferrer noopener\">condicions legals de WhatsApp<\/a>, el sistema pot accedir peri\u00f2dicament a la llista de possibles contactes del tel\u00e8fon utilitzat pel grup Laboratori Hum\u00e0. En utilitzar aquest servei de missatgeria instant\u00e0nia, s\u2019ent\u00e9n que els usuaris accepten les condicions legals indicades.<\/p>\n<\/div><\/details>\n<\/div><\/div>\n<\/div>\n<\/div>\n\n\n\n<div class=\"wp-block-columns alignwide is-layout-flex wp-container-core-columns-is-layout-9d6595d7 wp-block-columns-is-layout-flex\">\n<div class=\"wp-block-column is-layout-flow wp-block-column-is-layout-flow\">\n<div class=\"wp-block-group has-background\" style=\"background-color:#ffffff\"><div class=\"wp-block-group__inner-container is-layout-flow wp-block-group-is-layout-flow\">\n<h2 class=\"wp-block-heading has-text-align-center\">Canal de difusi\u00f3 a WhatsApp<\/h2>\n\n\n\n<p class=\"has-text-align-center\">Tenim un canal de difusi\u00f3 a WhatsApp per mantenir-nos en contacte d&#8217;una manera \u00e0gil i directa. En aquest espai no es compartir\u00e0 informaci\u00f3 personal ni confidencial.<\/p>\n\n\n\n<div class=\"wp-block-buttons is-content-justification-center is-layout-flex wp-container-core-buttons-is-layout-16018d1d wp-block-buttons-is-layout-flex\">\n<div class=\"wp-block-button is-style-outline is-style-outline--1\"><a class=\"wp-block-button__link wp-element-button\" href=\"https:\/\/www.whatsapp.com\/channel\/0029VbBAPQXJJhzOgQqLSu3o\">uneix-te<\/a><\/div>\n<\/div>\n\n\n\n<p><br>Tamb\u00e9 podreu unir-vos llegint amb el vostre m\u00f2bil el seg\u00fcent&nbsp;QR: <\/p>\n\n\n\n<figure class=\"wp-block-image size-full is-resized\"><img loading=\"lazy\" decoding=\"async\" width=\"262\" height=\"261\" src=\"https:\/\/webs.uab.cat\/estudiabcd\/wp-content\/uploads\/sites\/244\/2025\/11\/image.png\" alt=\"\" class=\"wp-image-2940\" style=\"width:117px;height:auto\" srcset=\"https:\/\/webs.uab.cat\/estudiabcd\/wp-content\/uploads\/sites\/244\/2025\/11\/image.png 262w, https:\/\/webs.uab.cat\/estudiabcd\/wp-content\/uploads\/sites\/244\/2025\/11\/image-150x150.png 150w\" sizes=\"auto, (max-width: 262px) 100vw, 262px\" \/><\/figure>\n<\/div><\/div>\n<\/div>\n\n\n\n<div class=\"wp-block-column is-layout-flow wp-block-column-is-layout-flow\">\n<div class=\"wp-block-group has-background\" style=\"background-color:#ffffff\"><div class=\"wp-block-group__inner-container is-layout-flow wp-block-group-is-layout-flow\">\n<h2 class=\"wp-block-heading has-text-align-center\">Bullet\u00ed <\/h2>\n\n\n\n<p class=\"has-text-align-center\">Pr\u00f2ximament podreu accedir a informaci\u00f3 actualitzada sobre l&#8217;estudi a trav\u00e9s del nostre butllet\u00ed<\/p>\n\n\n\n<div class=\"wp-block-buttons is-content-justification-center is-layout-flex wp-container-core-buttons-is-layout-16018d1d wp-block-buttons-is-layout-flex\">\n<div class=\"wp-block-button is-style-outline is-style-outline--2\"><a class=\"wp-block-button__link wp-element-button\">uneix-te (pr\u00f2ximament)<\/a><\/div>\n<\/div>\n<\/div><\/div>\n<\/div>\n<\/div>\n\n\n\n<p><br><\/p>\n\n\n\n<!--more-->\n","protected":false},"excerpt":{"rendered":"<p>Fases comunit\u00e0ries Fases 1, 2, 3 i 4 Laboratoris Laboratori 2, 3 i 4 Canal de difusi\u00f3 a WhatsApp Tenim un canal de difusi\u00f3 a WhatsApp per mantenir-nos en contacte d&#8217;una manera \u00e0gil i directa. En aquest espai no es compartir\u00e0 informaci\u00f3 personal ni confidencial. Tamb\u00e9 podreu unir-vos llegint amb el vostre m\u00f2bil el seg\u00fcent&nbsp;QR: [&hellip;]<\/p>\n","protected":false},"author":544,"featured_media":0,"parent":0,"menu_order":5,"comment_status":"closed","ping_status":"closed","template":"","meta":{"footnotes":""},"class_list":["post-24","page","type-page","status-publish","hentry"],"_links":{"self":[{"href":"https:\/\/webs.uab.cat\/estudiabcd\/wp-json\/wp\/v2\/pages\/24","targetHints":{"allow":["GET"]}}],"collection":[{"href":"https:\/\/webs.uab.cat\/estudiabcd\/wp-json\/wp\/v2\/pages"}],"about":[{"href":"https:\/\/webs.uab.cat\/estudiabcd\/wp-json\/wp\/v2\/types\/page"}],"author":[{"embeddable":true,"href":"https:\/\/webs.uab.cat\/estudiabcd\/wp-json\/wp\/v2\/users\/544"}],"replies":[{"embeddable":true,"href":"https:\/\/webs.uab.cat\/estudiabcd\/wp-json\/wp\/v2\/comments?post=24"}],"version-history":[{"count":30,"href":"https:\/\/webs.uab.cat\/estudiabcd\/wp-json\/wp\/v2\/pages\/24\/revisions"}],"predecessor-version":[{"id":3138,"href":"https:\/\/webs.uab.cat\/estudiabcd\/wp-json\/wp\/v2\/pages\/24\/revisions\/3138"}],"wp:attachment":[{"href":"https:\/\/webs.uab.cat\/estudiabcd\/wp-json\/wp\/v2\/media?parent=24"}],"curies":[{"name":"wp","href":"https:\/\/api.w.org\/{rel}","templated":true}]}}