{"id":3191,"date":"2026-01-27T15:29:15","date_gmt":"2026-01-27T13:29:15","guid":{"rendered":"https:\/\/webs.uab.cat\/estudiabcd\/?page_id=3191"},"modified":"2026-01-29T16:26:49","modified_gmt":"2026-01-29T14:26:49","slug":"fase-4","status":"publish","type":"page","link":"https:\/\/webs.uab.cat\/estudiabcd\/fase-4\/","title":{"rendered":"Fase 4"},"content":{"rendered":"\n<p>Benvingut, professorat, a la Fase 4 de l\u2019estudi ABCD!<\/p>\n\n\n\n<p>La Fase 4 de l\u2019Estudi ABCD es dur\u00e0 a terme durant l\u2019\u00faltim trimestre del curs 2025-2026. Aquesta fase inclour\u00e0 el seguiment de l\u2019alumnat de&nbsp;<strong>quart de prim\u00e0ria<\/strong>&nbsp;que ja ha participat en edicions anteriors, i la participaci\u00f3 estar\u00e0 oberta a&nbsp;<strong>totes les fam\u00edlies de quart<\/strong>, tant si han pres part en fases pr\u00e8vies com si s\u2019hi incorporen per primera vegada.<\/p>\n\n\n\n<p><strong><span style=\"text-decoration: underline\">Documentaci\u00f3 <\/span><\/strong><\/p>\n\n\n\n<ul class=\"wp-block-list\">\n<li><strong>Full d\u2019informaci\u00f3 pel professorat\u00a0<\/strong><\/li>\n<\/ul>\n\n\n\n<div data-wp-interactive=\"core\/file\" class=\"wp-block-file\"><object data-wp-bind--hidden=\"!state.hasPdfPreview\" hidden class=\"wp-block-file__embed\" data=\"https:\/\/webs.uab.cat\/estudiabcd\/wp-content\/uploads\/sites\/244\/2026\/01\/3c_ABCD_Fase4_FullInfo_TUT_CAT_DEF.pdf\" type=\"application\/pdf\" style=\"width:100%;height:600px\" aria-label=\"Incrustaci\u00f3 del fitxer Full_informaci\u00f3_Fase_4.\"><\/object><a id=\"wp-block-file--media-cd3b968c-0250-47af-adcd-64abf31b2518\" href=\"https:\/\/webs.uab.cat\/estudiabcd\/wp-content\/uploads\/sites\/244\/2026\/01\/3c_ABCD_Fase4_FullInfo_TUT_CAT_DEF.pdf\">Full_informaci\u00f3_Fase_4<\/a><a href=\"https:\/\/webs.uab.cat\/estudiabcd\/wp-content\/uploads\/sites\/244\/2026\/01\/3c_ABCD_Fase4_FullInfo_TUT_CAT_DEF.pdf\" class=\"wp-block-file__button wp-element-button\" download aria-describedby=\"wp-block-file--media-cd3b968c-0250-47af-adcd-64abf31b2518\">Baixa<\/a><\/div>\n\n\n\n<p><\/p>\n","protected":false},"excerpt":{"rendered":"<p>Benvingut, professorat, a la Fase 4 de l\u2019estudi ABCD! La Fase 4 de l\u2019Estudi ABCD es dur\u00e0 a terme durant l\u2019\u00faltim trimestre del curs 2025-2026. Aquesta fase inclour\u00e0 el seguiment de l\u2019alumnat de&nbsp;quart de prim\u00e0ria&nbsp;que ja ha participat en edicions anteriors, i la participaci\u00f3 estar\u00e0 oberta a&nbsp;totes les fam\u00edlies de quart, tant si han pres [&hellip;]<\/p>\n","protected":false},"author":3109,"featured_media":0,"parent":0,"menu_order":0,"comment_status":"closed","ping_status":"closed","template":"","meta":{"footnotes":""},"class_list":["post-3191","page","type-page","status-publish","hentry"],"_links":{"self":[{"href":"https:\/\/webs.uab.cat\/estudiabcd\/wp-json\/wp\/v2\/pages\/3191","targetHints":{"allow":["GET"]}}],"collection":[{"href":"https:\/\/webs.uab.cat\/estudiabcd\/wp-json\/wp\/v2\/pages"}],"about":[{"href":"https:\/\/webs.uab.cat\/estudiabcd\/wp-json\/wp\/v2\/types\/page"}],"author":[{"embeddable":true,"href":"https:\/\/webs.uab.cat\/estudiabcd\/wp-json\/wp\/v2\/users\/3109"}],"replies":[{"embeddable":true,"href":"https:\/\/webs.uab.cat\/estudiabcd\/wp-json\/wp\/v2\/comments?post=3191"}],"version-history":[{"count":3,"href":"https:\/\/webs.uab.cat\/estudiabcd\/wp-json\/wp\/v2\/pages\/3191\/revisions"}],"predecessor-version":[{"id":3231,"href":"https:\/\/webs.uab.cat\/estudiabcd\/wp-json\/wp\/v2\/pages\/3191\/revisions\/3231"}],"wp:attachment":[{"href":"https:\/\/webs.uab.cat\/estudiabcd\/wp-json\/wp\/v2\/media?parent=3191"}],"curies":[{"name":"wp","href":"https:\/\/api.w.org\/{rel}","templated":true}]}}

<p>Benvingut, professorat, a la Fase 4 de l’estudi ABCD!</p>



<p>La Fase 4 de l’Estudi ABCD es durà a terme durant l’últim trimestre del curs 2025-2026. Aquesta fase inclourà el seguiment de l’alumnat de&nbsp;<strong>quart de primària</strong>&nbsp;que ja ha participat en edicions anteriors, i la participació estarà oberta a&nbsp;<strong>totes les famílies de quart</strong>, tant si han pres part en fases prèvies com si s’hi incorporen per primera vegada.</p>



<p><strong><span style="text-decoration: underline">Documentació </span></strong></p>



<ul class="wp-block-list">
<li><strong>Full d’informació pel professorat </strong></li>
</ul>



<div data-wp-interactive="core/file" class="wp-block-file"><object data-wp-bind--hidden="!state.hasPdfPreview" hidden class="wp-block-file__embed" data="https://webs.uab.cat/estudiabcd/wp-content/uploads/sites/244/2026/01/3c_ABCD_Fase4_FullInfo_TUT_CAT_DEF.pdf" type="application/pdf" style="width:100%;height:600px" aria-label="Incrustació del fitxer Full_informació_Fase_4."></object><a id="wp-block-file--media-cd3b968c-0250-47af-adcd-64abf31b2518" href="https://webs.uab.cat/estudiabcd/wp-content/uploads/sites/244/2026/01/3c_ABCD_Fase4_FullInfo_TUT_CAT_DEF.pdf">Full_informació_Fase_4</a><a href="https://webs.uab.cat/estudiabcd/wp-content/uploads/sites/244/2026/01/3c_ABCD_Fase4_FullInfo_TUT_CAT_DEF.pdf" class="wp-block-file__button wp-element-button" download aria-describedby="wp-block-file--media-cd3b968c-0250-47af-adcd-64abf31b2518">Baixa</a></div>



<p></p>

<p>Benvingut, professorat, a la Fase 4 de l’estudi ABCD! La Fase 4 de l’Estudi ABCD es durà a terme durant l’últim trimestre del curs 2025-2026. Aquesta fase inclourà el seguiment de l’alumnat de&nbsp;quart de primària&nbsp;que ja ha participat en edicions anteriors, i la participació estarà oberta a&nbsp;totes les famílies de quart, tant si han pres [&hellip;]</p>
