{"id":3196,"date":"2026-01-27T15:29:15","date_gmt":"2026-01-27T13:29:15","guid":{"rendered":"https:\/\/webs.uab.cat\/estudiabcd\/?page_id=3196"},"modified":"2026-01-29T16:27:42","modified_gmt":"2026-01-29T14:27:42","slug":"fase-4","status":"publish","type":"page","link":"https:\/\/webs.uab.cat\/estudiabcd\/fase-4\/?lang=es","title":{"rendered":"Fase 4"},"content":{"rendered":"\n<p>La Fase 4 del Estudio&nbsp;ABCD&nbsp;se llevar\u00e1 a cabo durante el \u00faltimo trimestre del curso 2025-2026. Esta fase incluir\u00e1 el seguimiento del alumnado de <strong>cuarto de primaria<\/strong> que ya ha participado en ediciones anteriores, y la participaci\u00f3n estar\u00e1 abierta a <strong>todas las familias de cuarto<\/strong>, tanto si han tomado parte en fases previas como si se incorporan por primera vez.<\/p>\n\n\n\n<p><\/p>\n\n\n\n<p><\/p>\n","protected":false},"excerpt":{"rendered":"<p>La Fase 4 del Estudio&nbsp;ABCD&nbsp;se llevar\u00e1 a cabo durante el \u00faltimo trimestre del curso 2025-2026. Esta fase incluir\u00e1 el seguimiento del alumnado de cuarto de primaria que ya ha participado en ediciones anteriores, y la participaci\u00f3n estar\u00e1 abierta a todas las familias de cuarto, tanto si han tomado parte en fases previas como si se [&hellip;]<\/p>\n","protected":false},"author":3109,"featured_media":0,"parent":0,"menu_order":0,"comment_status":"closed","ping_status":"closed","template":"","meta":{"footnotes":""},"class_list":["post-3196","page","type-page","status-publish","hentry"],"_links":{"self":[{"href":"https:\/\/webs.uab.cat\/estudiabcd\/wp-json\/wp\/v2\/pages\/3196","targetHints":{"allow":["GET"]}}],"collection":[{"href":"https:\/\/webs.uab.cat\/estudiabcd\/wp-json\/wp\/v2\/pages"}],"about":[{"href":"https:\/\/webs.uab.cat\/estudiabcd\/wp-json\/wp\/v2\/types\/page"}],"author":[{"embeddable":true,"href":"https:\/\/webs.uab.cat\/estudiabcd\/wp-json\/wp\/v2\/users\/3109"}],"replies":[{"embeddable":true,"href":"https:\/\/webs.uab.cat\/estudiabcd\/wp-json\/wp\/v2\/comments?post=3196"}],"version-history":[{"count":3,"href":"https:\/\/webs.uab.cat\/estudiabcd\/wp-json\/wp\/v2\/pages\/3196\/revisions"}],"predecessor-version":[{"id":3232,"href":"https:\/\/webs.uab.cat\/estudiabcd\/wp-json\/wp\/v2\/pages\/3196\/revisions\/3232"}],"wp:attachment":[{"href":"https:\/\/webs.uab.cat\/estudiabcd\/wp-json\/wp\/v2\/media?parent=3196"}],"curies":[{"name":"wp","href":"https:\/\/api.w.org\/{rel}","templated":true}]}}