{"id":3213,"date":"2026-01-16T16:19:33","date_gmt":"2026-01-16T14:19:33","guid":{"rendered":"https:\/\/webs.uab.cat\/estudiabcd\/?page_id=3213"},"modified":"2026-04-15T16:45:48","modified_gmt":"2026-04-15T14:45:48","slug":"como-reconocemos-las-emociones-a-traves-de-la-mirada","status":"publish","type":"page","link":"https:\/\/webs.uab.cat\/estudiabcd\/como-reconocemos-las-emociones-a-traves-de-la-mirada\/?lang=es","title":{"rendered":"Reconocimiento de emociones"},"content":{"rendered":"\n<h2 class=\"wp-block-heading\">\u00bfC\u00f3mo lo estudiamos?<\/h2>\n\n\n\n<div class=\"wp-block-media-text alignfull is-stacked-on-mobile\" style=\"grid-template-columns:20% auto\"><figure class=\"wp-block-media-text__media\"><img loading=\"lazy\" decoding=\"async\" width=\"886\" height=\"886\" src=\"https:\/\/webs.uab.cat\/estudiabcd\/wp-content\/uploads\/sites\/244\/2026\/01\/image-1.png\" alt=\"\" class=\"wp-image-3185 size-full\" srcset=\"https:\/\/webs.uab.cat\/estudiabcd\/wp-content\/uploads\/sites\/244\/2026\/01\/image-1.png 886w, https:\/\/webs.uab.cat\/estudiabcd\/wp-content\/uploads\/sites\/244\/2026\/01\/image-1-300x300.png 300w, https:\/\/webs.uab.cat\/estudiabcd\/wp-content\/uploads\/sites\/244\/2026\/01\/image-1-150x150.png 150w, https:\/\/webs.uab.cat\/estudiabcd\/wp-content\/uploads\/sites\/244\/2026\/01\/image-1-768x768.png 768w\" sizes=\"auto, (max-width: 886px) 100vw, 886px\" \/><\/figure><div class=\"wp-block-media-text__content\">\n<p class=\"wp-block-paragraph\">Con una actividad que permite estudiar c\u00f3mo las ni\u00f1as y los ni\u00f1os detectan e identifican emociones a trav\u00e9s de expresiones faciales humanas y c\u00f3mo reaccionan el cerebro y el cuerpo.<\/p>\n\n\n\n<p class=\"wp-block-paragraph\">Durante la prueba, las ni\u00f1as y los ni\u00f1os ven im\u00e1genes de expresiones faciales humanas \u2013caras\u2013 con diferentes emociones b\u00e1sicas o expresiones neutras y deben decir qu\u00e9 emoci\u00f3n creen que expresa cada cara.<\/p>\n\n\n\n<p class=\"wp-block-paragraph\">La actividad se realiza con un dispositivo llamado <em><strong>eye-tracker<\/strong>,<\/em> que ayuda a estudiar la conducta visual registrando los movimientos de los ojos, lo que permite medir a qu\u00e9 parte de la cara se est\u00e1 mirando. Analizar este comportamiento ayuda a comprender mejor el proceso de reconocimiento de emociones. Por otro lado, el aparato tambi\u00e9n permite estudiar la pupilometr\u00eda, que es la medici\u00f3n de los cambios en el tama\u00f1o de la pupila mientras la ni\u00f1a o el ni\u00f1o observa las im\u00e1genes. La pupila es una parte del ojo que muestra cambios cuando var\u00edan nuestros estados emocionales y cuando detectamos emociones en los dem\u00e1s.<\/p>\n<\/div><\/div>\n\n\n\n<h2 class=\"wp-block-heading\">Fases de la actividad<\/h2>\n\n\n\n<p class=\"wp-block-paragraph\">1. <span style=\"text-decoration: underline\">Revisi\u00f3n y preparaci\u00f3n visual<\/span>: Se comprueba que la visi\u00f3n y la respuesta de la pupila sean adecuadas. Esto asegura que el aparato recoja los datos correctamente.<\/p>\n\n\n\n<p class=\"wp-block-paragraph\">2. <span style=\"text-decoration: underline\">Calibraci\u00f3n<\/span>: La ni\u00f1a o el ni\u00f1o sigue con los ojos una peque\u00f1a bola que se mueve por la pantalla. Esto permite ajustar el aparato para detectar con precisi\u00f3n hacia d\u00f3nde mira en cada momento.<\/p>\n\n\n\n<p class=\"wp-block-paragraph\">3. <span style=\"text-decoration: underline\">Fase de pr\u00e1ctica<\/span>: El infante ve algunas caras de ejemplo y practica diciendo qu\u00e9 emoci\u00f3n cree que expresan. Sirve para entender el funcionamiento de la actividad.<\/p>\n\n\n\n<p class=\"wp-block-paragraph\">4. <span style=\"text-decoration: underline\">Tarea de reconocimiento emocional<\/span>: Aparecen caras muy brevemente en la pantalla, y el infante debe decir qu\u00e9 emoci\u00f3n expresa cada una. Mientras tanto, el dispositivo registra a qu\u00e9 parte de la pantalla fija la mirada y c\u00f3mo cambia el tama\u00f1o de la pupila.<\/p>\n\n\n\n<h2 class=\"wp-block-heading\">\u00bfQu\u00e9 eval\u00faa esta actividad?<\/h2>\n\n\n\n<p class=\"wp-block-paragraph\"><span style=\"text-decoration: underline\">Reconocimiento emocional<\/span>: c\u00f3mo identifican las emociones b\u00e1sicas en las caras.<\/p>\n\n\n\n<p class=\"wp-block-paragraph\"><span style=\"text-decoration: underline\">Atenci\u00f3n visual<\/span>: qu\u00e9 partes de la cara observan para comprender una emoci\u00f3n.<\/p>\n\n\n\n<p class=\"wp-block-paragraph\"><span style=\"text-decoration: underline\">Pupilometr\u00eda<\/span>: el grado de activaci\u00f3n o inter\u00e9s emocional ante cada imagen.<\/p>\n\n\n\n<h2 class=\"wp-block-heading\"><strong>\u00bfPor qu\u00e9 es importante participar?<\/strong><\/h2>\n\n\n\n<p class=\"wp-block-paragraph\">Esta tarea nos ayuda a entender mejor c\u00f3mo los ni\u00f1os perciben y comprenden las emociones de los dem\u00e1s, una capacidad fundamental para el desarrollo social, emocional, emp\u00e1tico y cognitivo.<\/p>\n\n\n\n<p class=\"wp-block-paragraph\"><\/p>\n","protected":false},"excerpt":{"rendered":"<p>\u00bfC\u00f3mo lo estudiamos? Con una actividad que permite estudiar c\u00f3mo las ni\u00f1as y los ni\u00f1os detectan e identifican emociones a trav\u00e9s de expresiones faciales humanas y c\u00f3mo reaccionan el cerebro y el cuerpo. Durante la prueba, las ni\u00f1as y los ni\u00f1os ven im\u00e1genes de expresiones faciales humanas \u2013caras\u2013 con diferentes emociones b\u00e1sicas o expresiones neutras [&hellip;]<\/p>\n","protected":false},"author":3109,"featured_media":0,"parent":0,"menu_order":0,"comment_status":"closed","ping_status":"closed","template":"","meta":{"footnotes":""},"class_list":["post-3213","page","type-page","status-publish","hentry"],"_links":{"self":[{"href":"https:\/\/webs.uab.cat\/estudiabcd\/wp-json\/wp\/v2\/pages\/3213","targetHints":{"allow":["GET"]}}],"collection":[{"href":"https:\/\/webs.uab.cat\/estudiabcd\/wp-json\/wp\/v2\/pages"}],"about":[{"href":"https:\/\/webs.uab.cat\/estudiabcd\/wp-json\/wp\/v2\/types\/page"}],"author":[{"embeddable":true,"href":"https:\/\/webs.uab.cat\/estudiabcd\/wp-json\/wp\/v2\/users\/3109"}],"replies":[{"embeddable":true,"href":"https:\/\/webs.uab.cat\/estudiabcd\/wp-json\/wp\/v2\/comments?post=3213"}],"version-history":[{"count":7,"href":"https:\/\/webs.uab.cat\/estudiabcd\/wp-json\/wp\/v2\/pages\/3213\/revisions"}],"predecessor-version":[{"id":3565,"href":"https:\/\/webs.uab.cat\/estudiabcd\/wp-json\/wp\/v2\/pages\/3213\/revisions\/3565"}],"wp:attachment":[{"href":"https:\/\/webs.uab.cat\/estudiabcd\/wp-json\/wp\/v2\/media?parent=3213"}],"curies":[{"name":"wp","href":"https:\/\/api.w.org\/{rel}","templated":true}]}}

<h2 class="wp-block-heading">¿Cómo lo estudiamos?</h2>



<div class="wp-block-media-text alignfull is-stacked-on-mobile" style="grid-template-columns:20% auto"><figure class="wp-block-media-text__media"><img loading="lazy" decoding="async" width="886" height="886" src="https://webs.uab.cat/estudiabcd/wp-content/uploads/sites/244/2026/01/image-1.png" alt="" class="wp-image-3185 size-full" srcset="https://webs.uab.cat/estudiabcd/wp-content/uploads/sites/244/2026/01/image-1.png 886w, https://webs.uab.cat/estudiabcd/wp-content/uploads/sites/244/2026/01/image-1-300x300.png 300w, https://webs.uab.cat/estudiabcd/wp-content/uploads/sites/244/2026/01/image-1-150x150.png 150w, https://webs.uab.cat/estudiabcd/wp-content/uploads/sites/244/2026/01/image-1-768x768.png 768w" sizes="auto, (max-width: 886px) 100vw, 886px" /></figure><div class="wp-block-media-text__content">
<p class="wp-block-paragraph">Con una actividad que permite estudiar cómo las niñas y los niños detectan e identifican emociones a través de expresiones faciales humanas y cómo reaccionan el cerebro y el cuerpo.</p>



<p class="wp-block-paragraph">Durante la prueba, las niñas y los niños ven imágenes de expresiones faciales humanas –caras– con diferentes emociones básicas o expresiones neutras y deben decir qué emoción creen que expresa cada cara.</p>



<p class="wp-block-paragraph">La actividad se realiza con un dispositivo llamado <em><strong>eye-tracker</strong>,</em> que ayuda a estudiar la conducta visual registrando los movimientos de los ojos, lo que permite medir a qué parte de la cara se está mirando. Analizar este comportamiento ayuda a comprender mejor el proceso de reconocimiento de emociones. Por otro lado, el aparato también permite estudiar la pupilometría, que es la medición de los cambios en el tamaño de la pupila mientras la niña o el niño observa las imágenes. La pupila es una parte del ojo que muestra cambios cuando varían nuestros estados emocionales y cuando detectamos emociones en los demás.</p>
</div></div>



<h2 class="wp-block-heading">Fases de la actividad</h2>



<p class="wp-block-paragraph">1. <span style="text-decoration: underline">Revisión y preparación visual</span>: Se comprueba que la visión y la respuesta de la pupila sean adecuadas. Esto asegura que el aparato recoja los datos correctamente.</p>



<p class="wp-block-paragraph">2. <span style="text-decoration: underline">Calibración</span>: La niña o el niño sigue con los ojos una pequeña bola que se mueve por la pantalla. Esto permite ajustar el aparato para detectar con precisión hacia dónde mira en cada momento.</p>



<p class="wp-block-paragraph">3. <span style="text-decoration: underline">Fase de práctica</span>: El infante ve algunas caras de ejemplo y practica diciendo qué emoción cree que expresan. Sirve para entender el funcionamiento de la actividad.</p>



<p class="wp-block-paragraph">4. <span style="text-decoration: underline">Tarea de reconocimiento emocional</span>: Aparecen caras muy brevemente en la pantalla, y el infante debe decir qué emoción expresa cada una. Mientras tanto, el dispositivo registra a qué parte de la pantalla fija la mirada y cómo cambia el tamaño de la pupila.</p>



<h2 class="wp-block-heading">¿Qué evalúa esta actividad?</h2>



<p class="wp-block-paragraph"><span style="text-decoration: underline">Reconocimiento emocional</span>: cómo identifican las emociones básicas en las caras.</p>



<p class="wp-block-paragraph"><span style="text-decoration: underline">Atención visual</span>: qué partes de la cara observan para comprender una emoción.</p>



<p class="wp-block-paragraph"><span style="text-decoration: underline">Pupilometría</span>: el grado de activación o interés emocional ante cada imagen.</p>



<h2 class="wp-block-heading"><strong>¿Por qué es importante participar?</strong></h2>



<p class="wp-block-paragraph">Esta tarea nos ayuda a entender mejor cómo los niños perciben y comprenden las emociones de los demás, una capacidad fundamental para el desarrollo social, emocional, empático y cognitivo.</p>



<p class="wp-block-paragraph"></p>

<p>¿Cómo lo estudiamos? Con una actividad que permite estudiar cómo las niñas y los niños detectan e identifican emociones a través de expresiones faciales humanas y cómo reaccionan el cerebro y el cuerpo. Durante la prueba, las niñas y los niños ven imágenes de expresiones faciales humanas –caras– con diferentes emociones básicas o expresiones neutras [&hellip;]</p>
